000
CXUS51 KOKX 220702
CF6EWR
PRELIMINARY LOCAL CLIMATOLOGICAL DATA (WS FORM: F-6)

                                          STATION:   NEWARK NJ
                                          MONTH:     OCTOBER
                                          YEAR:      2017
                                          LATITUDE:   40 42 N
                                          LONGITUDE:  74 10 W

  TEMPERATURE IN F:       :PCPN:    SNOW:  WIND      :SUNSHINE: SKY     :PK WND
================================================================================
1   2   3   4   5  6A  6B    7    8   9   10  11  12  13   14  15   16   17  18
                                     12Z  AVG MX 2MIN
DY MAX MIN AVG DEP HDD CDD  WTR  SNW DPTH SPD SPD DIR MIN PSBL S-S WX    SPD DR
================================================================================

 1  71  49  60  -2   5   0 0.00  0.0    0  7.5 14  10   M    M   3        20 290
 2  75  47  61  -1   4   0 0.00  0.0    0  4.8 13  20   M    M   1        17 360
 3  70  51  61   0   4   0 0.00  0.0    0  6.3 13 160   M    M   3        18 150
 4  78  50  64   3   1   0 0.00  0.0    0  9.8 20 210   M    M   2        26 230
 5  86  63  75  15   0  10    T  0.0    0 11.6 18 240   M    M   8        26 250
 6  85  68  77  17   0  12 0.00  0.0    0  5.0 15 270   M    M   7        18 260
 7  82  65  74  14   0   9 0.00  0.0    0  6.5 16 180   M    M   7        21 190
 8  79  73  76  17   0  11 0.22  0.0    0 11.3 20 220   M    M  10 13     28 230
 9  77  72  75  16   0  10 0.26  0.0    0  9.8 20 330   M    M  10 1      26 180
10  83  66  75  16   0  10 0.00  0.0    0  8.1 15 290   M    M   5        22 320
11  76  63  70  12   0   5 0.01  0.0    0  8.0 17  80   M    M   8        23  80
12  65  56  61   3   4   0 0.05  0.0    0 12.4 18  50   M    M   8        27  60
13  67  50  59   1   6   0    T  0.0    0  8.9 15  20   M    M   8        21  50
14  74  61  68  11   0   3 0.10  0.0    0  5.6 12 360   M    M  10 1      14 340
15  73  65  69  12   0   4    T  0.0    0 11.2 23 230   M    M   9 1      27 230
16  69  47  58   2   7   0 0.01  0.0    0 14.7 23 320   M    M   7 1      32 310
17  62  40  51  -5  14   0 0.00  0.0    0  7.3 13 200   M    M   1        19 250
18  74  45  60   4   5   0 0.00  0.0    0  6.7 13 230   M    M   0        17 230
19  74  48  61   5   4   0 0.00  0.0    0 10.0 20 240   M    M   2        24 220
20  76  55  66  11   0   1 0.00  0.0    0  9.1 21 330   M    M   2        28 310
21  81  52  67  12   0   2 0.00  0.0    0  3.5 10 230   M    M   5        16 290
================================================================================
SM 1577 1186        54  77  0.65     0.0 178.1          M      116
================================================================================
AV 75.1 56.5                               8.5 FASTST   M    M   6    MAX(MPH)
                                 MISC ---->  # 23 230               # 32  310
================================================================================
NOTES:
# LAST OF SEVERAL OCCURRENCES

COLUMN 17 PEAK WIND IN M.P.H.

PRELIMINARY LOCAL CLIMATOLOGICAL DATA (WS FORM: F-6) , PAGE 2

                                          STATION:  NEWARK NJ
                                          MONTH:    OCTOBER
                                          YEAR:     2017
                                          LATITUDE:   40 42 N
                                          LONGITUDE:  74 10 W

[TEMPERATURE DATA]      [PRECIPITATION DATA]       SYMBOLS USED IN COLUMN 16

AVERAGE MONTHLY: 65.8   TOTAL FOR MONTH:   0.65    1 = FOG OR MIST
DPTR FM NORMAL:   7.5   DPTR FM NORMAL:   -1.80    2 = FOG REDUCING VISIBILITY
HIGHEST:    86 ON  5    GRTST 24HR  0.26 ON  9- 9      TO 1/4 MILE OR LESS
LOWEST:     40 ON 17                               3 = THUNDER
                        SNOW, ICE PELLETS, HAIL    4 = ICE PELLETS
                        TOTAL MONTH:   0.0 INCH    5 = HAIL
                        GRTST 24HR     0.0         6 = FREEZING RAIN OR DRIZZLE
                        GRTST DEPTH:   0           7 = DUSTSTORM OR SANDSTORM:
                                                       VSBY 1/2 MILE OR LESS
                                                   8 = SMOKE OR HAZE
[NO. OF DAYS WITH]      [WEATHER - DAYS WITH]      9 = BLOWING SNOW
                                                   X = TORNADO
MAX 32 OR BELOW:   0    0.01 INCH OR MORE:   6
MAX 90 OR ABOVE:   0    0.10 INCH OR MORE:   3
MIN 32 OR BELOW:   0    0.50 INCH OR MORE:   0
MIN  0 OR BELOW:   0    1.00 INCH OR MORE:   0

[HDD (BASE 65) ]
TOTAL THIS MO.    54    CLEAR  (SCALE 0-3)   8
DPTR FM NORMAL  -102    PTCLDY (SCALE 4-7)   7
TOTAL FM JUL 1    71    CLOUDY (SCALE 8-10)  6
DPTR FM NORMAL  -130

[CDD (BASE 65) ]
TOTAL THIS MO.    77
DPTR FM NORMAL    63    [PRESSURE DATA]
TOTAL FM JAN 1  1307    HIGHEST SLP M ON M
DPTR FM NORMAL   119    LOWEST  SLP 29.79 ON 15

[REMARKS]
