000
CXUS53 KFGF 220915
CF6FAR
PRELIMINARY LOCAL CLIMATOLOGICAL DATA (WS FORM: F-6)

                                          STATION:   FARGO HECTOR INTL AP ND
                                          MONTH:     OCTOBER
                                          YEAR:      2014
                                          LATITUDE:   46 54 N
                                          LONGITUDE:  96 48 W

  TEMPERATURE IN F:       :PCPN:    SNOW:  WIND      :SUNSHINE: SKY     :PK WND
================================================================================
1   2   3   4   5  6A  6B    7    8   9   10  11  12  13   14  15   16   17  18
                                     12Z  AVG MX 2MIN
DY MAX MIN AVG DEP HDD CDD  WTR  SNW DPTH SPD SPD DIR MIN PSBL S-S WX    SPD DR
================================================================================

 1  72  58  65  13   0   0 0.00  0.0    0 14.3 28 160   M    M   6        38 150
 2  70  46  58   6   7   0    T  0.0    0 11.6 29 290   M    M   4        37 310
 3  48  38  43  -8  22   0    T    T    0 24.9 38 310   M    M   9        47 320
 4  48  33  41 -10  24   0 0.00  0.0    0 13.4 23 320   M    M   4        34 310
 5  55  34  45  -5  20   0    T  0.0    0 13.2 28 310   M    M   6        36 300
 6  64  34  49  -1  16   0 0.00  0.0    0 13.8 32 290   M    M   2        42 280
 7  59  41  50   0  15   0 0.00  0.0    0 14.9 31 300   M    M   5        37 290
 8  53  30  42  -7  23   0 0.00  0.0    0  7.2 18 340   M    M   2        24 340
 9  54  25  40  -9  25   0 0.00  0.0    0  6.4 16 330   M    M   0 8      20 330
10  58  24  41  -7  24   0 0.00  0.0    0  3.5 12 290   M    M   0        16 250
11  65  34  50   2  15   0 0.00  0.0    0 16.8 32 170   M    M   0        40 170
12  59  46  53   5  12   0 0.07    M    0 10.6 24 160   M    M   5 1      33 160
13  66  39  53   6  12   0 0.07  0.0    0  8.0 18 350   M    M   3 1      22 350
14  68  33  51   4  14   0 0.00  0.0    0  3.8  9 140   M    M   0        10 150
15  70  37  54   8  11   0 0.00  0.0    0 13.9 24 150   M    M   0        35 130
16  70  50  60  14   5   0 0.07  0.0    0 20.1 29 150   M    M   4 1      41 150
17  50  43  47   2  18   0    T  0.0    0 20.3 35 330   M    M  10        45 340
18  46  42  44  -1  21   0 0.00  0.0    0 10.4 20 170   M    M   8        27 160
19  71  40  56  12   9   0 0.00  0.0    0 10.4 23 350   M    M   0        29 320
20  65  35  50   6  15   0 0.00  0.0    0  5.5 13 110   M    M   0 8      17 130
21  67  43  55  12  10   0 0.00  0.0    0 20.1 32 150   M    M   0        43 150
================================================================================
SM 1278  805       318   0  0.21    T    263.1          M       68
================================================================================
AV 60.9 38.3                              12.5 FASTST   M    M   3    MAX(MPH)
                                 MISC ---->  # 38 310               # 47  320
================================================================================
NOTES:
# LAST OF SEVERAL OCCURRENCES

COLUMN 17 PEAK WIND IN M.P.H.

PRELIMINARY LOCAL CLIMATOLOGICAL DATA (WS FORM: F-6) , PAGE 2

                                          STATION:  FARGO HECTOR INTL AP ND
                                          MONTH:    OCTOBER
                                          YEAR:     2014
                                          LATITUDE:   46 54 N
                                          LONGITUDE:  96 48 W

[TEMPERATURE DATA]      [PRECIPITATION DATA]       SYMBOLS USED IN COLUMN 16

AVERAGE MONTHLY: 49.6   TOTAL FOR MONTH:   0.21    1 = FOG OR MIST
DPTR FM NORMAL:   1.7   DPTR FM NORMAL:   -1.39    2 = FOG REDUCING VISIBILITY
HIGHEST:    72 ON  1    GRTST 24HR  0.14 ON 12-13      TO 1/4 MILE OR LESS
LOWEST:     24 ON 10                               3 = THUNDER
                        SNOW, ICE PELLETS, HAIL    4 = ICE PELLETS
                        TOTAL MONTH:    T          5 = HAIL
                        GRTST 24HR    T  ON  3- 3  6 = FREEZING RAIN OR DRIZZLE
                        GRTST DEPTH:   0           7 = DUSTSTORM OR SANDSTORM:
                                                       VSBY 1/2 MILE OR LESS
                                                   8 = SMOKE OR HAZE
[NO. OF DAYS WITH]      [WEATHER - DAYS WITH]      9 = BLOWING SNOW
                                                   X = TORNADO
MAX 32 OR BELOW:   0    0.01 INCH OR MORE:   3
MAX 90 OR ABOVE:   0    0.10 INCH OR MORE:   0
MIN 32 OR BELOW:   3    0.50 INCH OR MORE:   0
MIN  0 OR BELOW:   0    1.00 INCH OR MORE:   0

[HDD (BASE 65) ]
TOTAL THIS MO.   318    CLEAR  (SCALE 0-3)  10
DPTR FM NORMAL   -44    PTCLDY (SCALE 4-7)   9
TOTAL FM JUL 1   510    CLOUDY (SCALE 8-10)  2
DPTR FM NORMAL  -122

[CDD (BASE 65) ]
TOTAL THIS MO.     0
DPTR FM NORMAL     0    [PRESSURE DATA]
TOTAL FM JAN 1   544    HIGHEST SLP M ON M
DPTR FM NORMAL    -4    LOWEST  SLP 29.35 ON  6

[REMARKS]
