613
CXUS53 KFGF 200915
CF6FAR
PRELIMINARY LOCAL CLIMATOLOGICAL DATA (WS FORM: F-6)

                                          STATION:   FARGO HECTOR INTL AP ND
                                          MONTH:     SEPTEMBER
                                          YEAR:      2017
                                          LATITUDE:   46 54 N
                                          LONGITUDE:  96 48 W

  TEMPERATURE IN F:       :PCPN:    SNOW:  WIND      :SUNSHINE: SKY     :PK WND
================================================================================
1   2   3   4   5  6A  6B    7    8   9   10  11  12  13   14  15   16   17  18
                                     12Z  AVG MX 2MIN
DY MAX MIN AVG DEP HDD CDD  WTR  SNW DPTH SPD SPD DIR MIN PSBL S-S WX    SPD DR
================================================================================

 1  70  60  65   0   0   0 0.12  0.0    0 14.4 24 160   M    M   7 18     33 160
 2  83  56  70   5   0   5 0.00  0.0    0  7.5 18 280   M    M   0 8      22 270
 3  90  57  74  10   0   9 0.00  0.0    0 12.0 29  10   M    M   0        34  10
 4  75  50  63  -1   2   0 0.17  0.0    0 13.1 37 340   M    M   3 3      47 350
 5  70  39  55  -9  10   0 0.00  0.0    0 13.7 26 340   M    M   1        32 320
 6  72  35  54  -9  11   0 0.00  0.0    0  4.2 13 320   M    M   2        19 320
 7  86  47  67   4   0   2 0.00  0.0    0  9.8 22 360   M    M   0        27 360
 8  72  42  57  -5   8   0 0.00  0.0    0  9.4 16 130   M    M   0        22 150
 9  78  54  66   4   0   1 0.00  0.0    0 14.1 22 170   M    M   0        33 170
10  86  66  76  14   0  11 0.00  0.0    0 15.8 26 180   M    M   1        35 190
11  84  56  70   9   0   5 0.00  0.0    0  5.9 15 180   M    M   0        20 190
12  93  59  76  15   0  11 0.00  0.0    0 10.2 18 190   M    M   0        22 190
13  82  63  73  13   0   8 0.00  0.0    0  6.2 12  30   M    M   0        16 170
14  75  57  66   6   0   1    T  0.0    0 11.6 22 350   M    M   6 3      29 360
15  61  52  57  -2   8   0 0.25  0.0    0 13.6 23 340   M    M  10 1      29 340
16  55  49  52  -7  13   0    T  0.0    0  9.6 16 330   M    M   9 1      21  10
17  63  44  54  -4  11   0 0.00  0.0    0  9.2 18 290   M    M   5        22 270
18  73  50  62   4   3   0    T  0.0    0 12.1 22 130   M    M   5        29 150
19  78  60  69  11   0   4 0.45  0.0    0 13.3 29 130   M    M   8 13     39 130
================================================================================
SM 1446  996        66  57  0.99     0.0 205.7          M       57
================================================================================
AV 76.1 52.4                              10.8 FASTST   M    M   3    MAX(MPH)
                                 MISC ---->  # 37 340               # 47  350
================================================================================
NOTES:
# LAST OF SEVERAL OCCURRENCES

COLUMN 17 PEAK WIND IN M.P.H.

PRELIMINARY LOCAL CLIMATOLOGICAL DATA (WS FORM: F-6) , PAGE 2

                                          STATION:  FARGO HECTOR INTL AP ND
                                          MONTH:    SEPTEMBER
                                          YEAR:     2017
                                          LATITUDE:   46 54 N
                                          LONGITUDE:  96 48 W

[TEMPERATURE DATA]      [PRECIPITATION DATA]       SYMBOLS USED IN COLUMN 16

AVERAGE MONTHLY: 64.3   TOTAL FOR MONTH:   0.99    1 = FOG OR MIST
DPTR FM NORMAL:   2.8   DPTR FM NORMAL:   -0.76    2 = FOG REDUCING VISIBILITY
HIGHEST:    93 ON 12    GRTST 24HR  0.45 ON 18-19      TO 1/4 MILE OR LESS
LOWEST:     35 ON  6                               3 = THUNDER
                        SNOW, ICE PELLETS, HAIL    4 = ICE PELLETS
                        TOTAL MONTH:   0.0 INCH    5 = HAIL
                        GRTST 24HR     0.0         6 = FREEZING RAIN OR DRIZZLE
                        GRTST DEPTH:   0           7 = DUSTSTORM OR SANDSTORM:
                                                       VSBY 1/2 MILE OR LESS
                                                   8 = SMOKE OR HAZE
[NO. OF DAYS WITH]      [WEATHER - DAYS WITH]      9 = BLOWING SNOW
                                                   X = TORNADO
MAX 32 OR BELOW:   0    0.01 INCH OR MORE:   4
MAX 90 OR ABOVE:   2    0.10 INCH OR MORE:   4
MIN 32 OR BELOW:   0    0.50 INCH OR MORE:   0
MIN  0 OR BELOW:   0    1.00 INCH OR MORE:   0

[HDD (BASE 65) ]
TOTAL THIS MO.    66    CLEAR  (SCALE 0-3)  12
DPTR FM NORMAL   -37    PTCLDY (SCALE 4-7)   4
TOTAL FM JUL 1    82    CLOUDY (SCALE 8-10)  3
DPTR FM NORMAL   -71

[CDD (BASE 65) ]
TOTAL THIS MO.    57
DPTR FM NORMAL    20    [PRESSURE DATA]
TOTAL FM JAN 1   504    HIGHEST SLP M ON M
DPTR FM NORMAL   -38    LOWEST  SLP 29.38 ON 19

[REMARKS]
