000
CXUS53 KFGF 270915
CF6FAR
PRELIMINARY LOCAL CLIMATOLOGICAL DATA (WS FORM: F-6)

                                          STATION:   FARGO HECTOR INTL AP ND
                                          MONTH:     JULY
                                          YEAR:      2017
                                          LATITUDE:   46 54 N
                                          LONGITUDE:  96 48 W

  TEMPERATURE IN F:       :PCPN:    SNOW:  WIND      :SUNSHINE: SKY     :PK WND
================================================================================
1   2   3   4   5  6A  6B    7    8   9   10  11  12  13   14  15   16   17  18
                                     12Z  AVG MX 2MIN
DY MAX MIN AVG DEP HDD CDD  WTR  SNW DPTH SPD SPD DIR MIN PSBL S-S WX    SPD DR
================================================================================

 1  78  51  65  -5   0   0    T  0.0    0  7.8 18  10   M    M   4        23 360
 2  76  46  61  -9   4   0 0.00  0.0    0  6.5 15 360   M    M   1        18 360
 3  83  56  70   0   0   5 0.00  0.0    0 10.0 18 150   M    M   0        23 150
 4  95  68  82  12   0  17 0.37  0.0    0 14.5 39 330   M    M   0 13     57 320
 5  92  65  79   9   0  14 0.00  0.0    0  6.2 22 140   M    M   0 3      30 140
 6  86  63  75   5   0  10 0.07  0.0    0 13.2 32 330   M    M   1 3      45 320
 7  81  58  70   0   0   5 0.00  0.0    0  8.3 26 340   M    M   0        30 340
 8  88  56  72   1   0   7 0.00  0.0    0  5.8 17 300   M    M   0        21 280
 9  85  66  76   5   0  11 0.05  0.0    0  7.8 18 130   M    M   3        22 130
10  86  61  74   3   0   9 0.00  0.0    0  6.8 10  10   M    M   0        17  20
11  90  67  79   8   0  14    T  0.0    0 12.1 24 170   M    M   1 3      31 170
12  72  60  66  -5   0   1 0.01  0.0    0 13.7 22 330   M    M   8 1      27 340
13  70  53  62  -9   3   0    T  0.0    0  7.0 15  30   M    M   7 1      19  10
14  83  47  65  -6   0   0    T  0.0    0 10.8 23 160   M    M   0 12     30 150
15  82  58  70  -1   0   5 0.00  0.0    0 11.4 22 360   M    M   1        28  10
16  86  50  68  -3   0   3 0.00  0.0    0  9.5 18 150   M    M   0        29 150
17  94  69  82  11   0  17    T  0.0    0 11.1 22 160   M    M   2 3      31 170
18  81  59  70  -1   0   5 0.22  0.0    0  6.0 22 230   M    M   3 13     28 240
19  83  57  70  -1   0   5    T  0.0    0  9.7 26 160   M    M   0        37 170
20  89  60  75   4   0  10 0.00  0.0    0  5.8 14 160   M    M   0 1      18 160
21  94  69  82  11   0  17 0.01  0.0    0  9.6 31 350   M    M   2 3      37 330
22  86  61  74   3   0   9 0.17  0.0    0 11.5 36 330   M    M   1 13     43 340
23  79  57  68  -3   0   3 0.00  0.0    0  6.2 15  20   M    M   5        18  20
24  81  60  71  -1   0   6 0.00  0.0    0 13.6 22 150   M    M   1        31 150
25  81  64  73   1   0   8 0.00  0.0    0  8.7 21 160   M    M   0        28 170
26  84  59  72   1   0   7 0.00  0.0    0  8.3 18 350   M    M   1        22  10
================================================================================
SM 2185 1540         7 188  0.90     0.0 241.9          M       41
================================================================================
AV 84.0 59.2                               9.3 FASTST   M    M   2    MAX(MPH)
                                 MISC ---->  # 39 330               # 57  320
================================================================================
NOTES:
# LAST OF SEVERAL OCCURRENCES

COLUMN 17 PEAK WIND IN M.P.H.

PRELIMINARY LOCAL CLIMATOLOGICAL DATA (WS FORM: F-6) , PAGE 2

                                          STATION:  FARGO HECTOR INTL AP ND
                                          MONTH:    JULY
                                          YEAR:     2017
                                          LATITUDE:   46 54 N
                                          LONGITUDE:  96 48 W

[TEMPERATURE DATA]      [PRECIPITATION DATA]       SYMBOLS USED IN COLUMN 16

AVERAGE MONTHLY: 71.6   TOTAL FOR MONTH:   0.90    1 = FOG OR MIST
DPTR FM NORMAL:   0.8   DPTR FM NORMAL:   -1.53    2 = FOG REDUCING VISIBILITY
HIGHEST:    95 ON  4    GRTST 24HR  0.37 ON  4- 4      TO 1/4 MILE OR LESS
LOWEST:     46 ON  2                               3 = THUNDER
                        SNOW, ICE PELLETS, HAIL    4 = ICE PELLETS
                        TOTAL MONTH:   0.0 INCH    5 = HAIL
                        GRTST 24HR     0.0         6 = FREEZING RAIN OR DRIZZLE
                        GRTST DEPTH:   0           7 = DUSTSTORM OR SANDSTORM:
                                                       VSBY 1/2 MILE OR LESS
                                                   8 = SMOKE OR HAZE
[NO. OF DAYS WITH]      [WEATHER - DAYS WITH]      9 = BLOWING SNOW
                                                   X = TORNADO
MAX 32 OR BELOW:   0    0.01 INCH OR MORE:   7
MAX 90 OR ABOVE:   5    0.10 INCH OR MORE:   3
MIN 32 OR BELOW:   0    0.50 INCH OR MORE:   0
MIN  0 OR BELOW:   0    1.00 INCH OR MORE:   0

[HDD (BASE 65) ]
TOTAL THIS MO.     7    CLEAR  (SCALE 0-3)  21
DPTR FM NORMAL    -5    PTCLDY (SCALE 4-7)   5
TOTAL FM JUL 1     7    CLOUDY (SCALE 8-10)  0
DPTR FM NORMAL    -5

[CDD (BASE 65) ]
TOTAL THIS MO.   188
DPTR FM NORMAL    16    [PRESSURE DATA]
TOTAL FM JAN 1   325    HIGHEST SLP M ON M
DPTR FM NORMAL    15    LOWEST  SLP 29.56 ON 11

[REMARKS]
