000
CXUS53 KFGF 241215
CF6FAR
PRELIMINARY LOCAL CLIMATOLOGICAL DATA (WS FORM: F-6)

                                          STATION:   FARGO HECTOR INTL AP ND
                                          MONTH:     APRIL
                                          YEAR:      2017
                                          LATITUDE:   46 54 N
                                          LONGITUDE:  96 48 W

  TEMPERATURE IN F:       :PCPN:    SNOW:  WIND      :SUNSHINE: SKY     :PK WND
================================================================================
1   2   3   4   5  6A  6B    7    8   9   10  11  12  13   14  15   16   17  18
                                     12Z  AVG MX 2MIN
DY MAX MIN AVG DEP HDD CDD  WTR  SNW DPTH SPD SPD DIR MIN PSBL S-S WX    SPD DR
================================================================================

 1  58  41  50  14  15   0 0.01  0.0    0  6.9 16 160   M    M   6 1      22 150
 2  65  39  52  15  13   0    T  0.0    0 12.2 25 190   M    M   1        31 190
 3  62  34  48  10  17   0 0.00  0.0    0  9.9 21  30   M    M   0 1      26  40
 4  62  35  49  11  16   0    T  0.0    0  7.5 24 350   M    M   3        27 340
 5  52  32  42   3  23   0 0.00  0.0    0 12.3 24 350   M    M   3        30 320
 6  56  26  41   2  24   0 0.00  0.0    0  6.5 13 330   M    M   0        16 320
 7  65  35  50  10  15   0 0.00  0.0    0 19.4 35 160   M    M   0        45 160
 8  70  46  58  18   7   0 0.00  0.0    0 13.0 26 160   M    M   0        36 160
 9  53  27  40  -1  25   0 0.00  0.0    0 17.7 35 360   M    M   3        41 360
10  48  26  37  -4  28   0 0.00  0.0    0 17.8 29  10   M    M   2        36  10
11  57  23  40  -2  25   0 0.00  0.0    0  5.2 16 170   M    M   1        20 160
12  67  36  52  10  13   0 0.00  0.0    0  8.4 15 180   M    M   2        21 190
13  68  38  53  10  12   0 0.00  0.0    0 11.8 28 140   M    M   3 12     34 150
14  76  51  64  20   1   0 0.01  0.0    0 20.2 35 150   M    M   8        43 130
15  68  45  57  13   8   0    T  0.0    0 11.4 24 300   M    M   3        30 300
16  63  33  48   3  17   0 0.00  0.0    0 14.2 31 290   M    M   1        39 290
17  50  30  40  -5  25   0 0.14  0.0    0  7.2 15  30   M    M   6 1      20  40
18  48  36  42  -4  23   0 0.61  0.0    0 13.4 25  30   M    M   8 1      31  90
19  52  31  42  -4  23   0 0.02  0.0    0  5.7 12 100   M    M   3        23  60
20  59  40  50   3  15   0 0.16  0.0    0  9.4 24 350   M    M   8 1      29 340
21  65  33  49   2  16   0 0.00  0.0    0  5.3 12 330   M    M   1 12     34 300
22  71  37  54   6  11   0    T  0.0    0 14.2 30 360   M    M   4        36 360
23  45  33  39  -9  26   0 0.09    T    T 16.9 25  50   M    M   8 1      31  40
================================================================================
SM 1380  807       398   0  1.04    T    266.5          M       74
================================================================================
AV 60.0 35.1                              11.6 FASTST   M    M   3    MAX(MPH)
                                 MISC ---->  # 35 160               # 45  160
================================================================================
NOTES:
# LAST OF SEVERAL OCCURRENCES

COLUMN 17 PEAK WIND IN M.P.H.

PRELIMINARY LOCAL CLIMATOLOGICAL DATA (WS FORM: F-6) , PAGE 2

                                          STATION:  FARGO HECTOR INTL AP ND
                                          MONTH:    APRIL
                                          YEAR:     2017
                                          LATITUDE:   46 54 N
                                          LONGITUDE:  96 48 W

[TEMPERATURE DATA]      [PRECIPITATION DATA]       SYMBOLS USED IN COLUMN 16

AVERAGE MONTHLY: 47.5   TOTAL FOR MONTH:   1.04    1 = FOG OR MIST
DPTR FM NORMAL:   5.1   DPTR FM NORMAL:    0.10    2 = FOG REDUCING VISIBILITY
HIGHEST:    76 ON 14    GRTST 24HR  0.75 ON 17-18      TO 1/4 MILE OR LESS
LOWEST:     23 ON 11                               3 = THUNDER
                        SNOW, ICE PELLETS, HAIL    4 = ICE PELLETS
                        TOTAL MONTH:    T          5 = HAIL
                        GRTST 24HR    T  ON 23-23  6 = FREEZING RAIN OR DRIZZLE
                        GRTST DEPTH:   T           7 = DUSTSTORM OR SANDSTORM:
                                                       VSBY 1/2 MILE OR LESS
                                                   8 = SMOKE OR HAZE
[NO. OF DAYS WITH]      [WEATHER - DAYS WITH]      9 = BLOWING SNOW
                                                   X = TORNADO
MAX 32 OR BELOW:   0    0.01 INCH OR MORE:   7
MAX 90 OR ABOVE:   0    0.10 INCH OR MORE:   3
MIN 32 OR BELOW:   7    0.50 INCH OR MORE:   1
MIN  0 OR BELOW:   0    1.00 INCH OR MORE:   0

[HDD (BASE 65) ]
TOTAL THIS MO.   398    CLEAR  (SCALE 0-3)  12
DPTR FM NORMAL  -122    PTCLDY (SCALE 4-7)   9
TOTAL FM JUL 1  6986    CLOUDY (SCALE 8-10)  2
DPTR FM NORMAL -1364

[CDD (BASE 65) ]
TOTAL THIS MO.     0
DPTR FM NORMAL     0    [PRESSURE DATA]
TOTAL FM JAN 1     0    HIGHEST SLP M ON M
DPTR FM NORMAL     0    LOWEST  SLP 29.44 ON  8

[REMARKS]
