000
CXUS53 KMPX 231000
CF6FCM
PRELIMINARY LOCAL CLIMATOLOGICAL DATA (WS FORM: F-6)

                                          STATION:   MINNEAPOLIS FLYING CLOUD MN
                                          MONTH:     NOVEMBER
                                          YEAR:      2017
                                          LATITUDE:   44 49 N
                                          LONGITUDE:  93 27 W

  TEMPERATURE IN F:       :PCPN:    SNOW:  WIND      :SUNSHINE: SKY     :PK WND
================================================================================
1   2   3   4   5  6A  6B    7    8   9   10  11  12  13   14  15   16   17  18
                                     12Z  AVG MX 2MIN
DY MAX MIN AVG DEP HDD CDD  WTR  SNW DPTH SPD SPD DIR MIN PSBL S-S WX    SPD DR
================================================================================

 1  38  26  32 -10  33   0    M    M    M 10.3 23 130   M    M   9 1      29 130
 2  40  34  37  -5  28   0    M    M    M  7.7 17 330   M    M   9 18     23 300
 3  34  28  31 -10  34   0    M    M    M  6.8 13  60   M    M   6 1      16  60
 4  43  34  39  -1  26   0    M    M    M  7.9 16 150   M    M  10 1      19 100
 5  43  26  35  -5  30   0    M    M    M 10.5 20 300   M    M  10 1      24 320
 6  33  20  27 -12  38   0    M    M    M  3.0 10 240   M    M   4        13 210
 7  36  27  32  -7  33   0    M    M    M  6.8 16 250   M    M   6        21 270
 8  43  25  34  -4  31   0    M    M    M  7.4 17 350   M    M   3        24 350
 9  31  12  22 -16  43   0    M    M    M 13.4 24 320   M    M   3        35 320
10  26  12  19 -18  46   0    M    M    M 13.0 25 150   M    M   6 8      32 150
11  45  26  36  -1  29   0    M    M    M  7.9 16 200   M    M   4 8      22 200
12  37  25  31  -5  34   0    M    M    M  4.9 12 340   M    M   3 18     14 350
13  49  24  37   2  28   0    M    M    M  7.5 21 220   M    M   3 18     26 210
14  46  40  43   8  22   0    M    M    M  6.3 14 180   M    M  10 1      17 190
15  47  27  37   3  28   0    M    M    M 14.9 23 290   M    M  10 18     32 300
16  36  27  32  -2  33   0    M    M    M 10.7 20 140   M    M   9        25 140
17  39  35  37   4  28   0    M    M    M  8.2 22 140   M    M   9 18     26 150
18  37  22  30  -2  35   0    M    M    M 13.4 25 320   M    M   3 1      33 310
19  43  15  29  -3  36   0    M    M    M  7.2 15 200   M    M   1        18 300
20  47  29  38   7  27   0    M    M    M  9.2 20 300   M    M   0        28 280
21  42  19  31   0  34   0    M    M    M 16.2 31 310   M    M   3        42 320
22  33  13  23  -7  42   0    M    M    M  6.9 14 180   M    M   4        18 190
================================================================================
SM  868  546       718   0    M     M    200.1          M      125
================================================================================
AV 39.5 24.8                               9.1 FASTST   M    M   6    MAX(MPH)
                                 MISC ---->  # 31 310               # 42  320
================================================================================
NOTES:
# LAST OF SEVERAL OCCURRENCES

COLUMN 17 PEAK WIND IN M.P.H.

PRELIMINARY LOCAL CLIMATOLOGICAL DATA (WS FORM: F-6) , PAGE 2

                                          STATION:  MINNEAPOLIS FLYING CLOUD MN
                                          MONTH:    NOVEMBER
                                          YEAR:     2017
                                          LATITUDE:   44 49 N
                                          LONGITUDE:  93 27 W

[TEMPERATURE DATA]      [PRECIPITATION DATA]       SYMBOLS USED IN COLUMN 16

AVERAGE MONTHLY: 32.1   TOTAL FOR MONTH:      M    1 = FOG OR MIST
DPTR FM NORMAL:  -4.0   DPTR FM NORMAL:       M    2 = FOG REDUCING VISIBILITY
HIGHEST:    49 ON 13    GRTST 24HR  0.00 ON 31- 1      TO 1/4 MILE OR LESS
LOWEST:     12 ON 10, 9                            3 = THUNDER
                        SNOW, ICE PELLETS, HAIL    4 = ICE PELLETS
                        TOTAL MONTH:    M          5 = HAIL
                        GRTST 24HR    M  ON   M    6 = FREEZING RAIN OR DRIZZLE
                        GRTST DEPTH:  M  ON   M    7 = DUSTSTORM OR SANDSTORM:
                                                       VSBY 1/2 MILE OR LESS
                                                   8 = SMOKE OR HAZE
[NO. OF DAYS WITH]      [WEATHER - DAYS WITH]      9 = BLOWING SNOW
                                                   X = TORNADO
MAX 32 OR BELOW:   2    0.01 INCH OR MORE:   0
MAX 90 OR ABOVE:   0    0.10 INCH OR MORE:   0
MIN 32 OR BELOW:  18    0.50 INCH OR MORE:   0
MIN  0 OR BELOW:   0    1.00 INCH OR MORE:   0

[HDD (BASE 65) ]
TOTAL THIS MO.   718    CLEAR  (SCALE 0-3)   7
DPTR FM NORMAL    85    PTCLDY (SCALE 4-7)   7
TOTAL FM JUL 1  1215    CLOUDY (SCALE 8-10)  8
DPTR FM NORMAL   -94

[CDD (BASE 65) ]
TOTAL THIS MO.     0
DPTR FM NORMAL     0    [PRESSURE DATA]
TOTAL FM JAN 1   783    HIGHEST SLP M ON M
DPTR FM NORMAL    54    LOWEST  SLP 29.46 ON 20

[REMARKS]
