000
CXUS54 KOUN 240800
CF6FDR
PRELIMINARY LOCAL CLIMATOLOGICAL DATA (WS FORM: F-6)

                                          STATION:   FREDERICK MUNICIPAL
                                          MONTH:     JULY
                                          YEAR:      2014
                                          LATITUDE:   34 21 N
                                          LONGITUDE:  98 59 W

  TEMPERATURE IN F:       :PCPN:    SNOW:  WIND      :SUNSHINE: SKY     :PK WND
================================================================================
1   2   3   4   5  6A  6B    7    8   9   10  11  12  13   14  15   16   17  18
                                     12Z  AVG MX 2MIN
DY MAX MIN AVG DEP HDD CDD  WTR  SNW DPTH SPD SPD DIR MIN PSBL S-S WX    SPD DR
================================================================================

 1  95  73  84   1   0  19    T  0.0    0 10.1 28 130   M    M   2 3      33 120
 2  89  71  80  -3   0  15 0.09  0.0    0  9.0 17 100   M    M   3 138    21  90
 3  87  69  78  -5   0  13    T  0.0    0  8.2 13 120   M    M   3        14 120
 4  94  68  81  -2   0  16 0.00  0.0    0  9.8 18 160   M    M   2        23 150
 5  97  70  84   1   0  19 0.00  0.0    0 12.1 20 150   M    M   1        28 160
 6  97  74  86   2   0  21 0.00  0.0    0 13.0 14 170   M    M   0        17 160
 7 102  71  87   3   0  22 0.00  0.0    0 10.3 18 150   M    M   0        25 190
 8 101  73  87   3   0  22 0.00  0.0    0  8.2 18 310   M    M   1        23 290
 9  96  74  85   1   0  20 0.00  0.0    0 14.4 23 120   M    M   0        31 120
10 101  74  88   4   0  23 0.00  0.0    0 12.6 25 180   M    M   0        31 190
11  98  74  86   2   0  21 0.00  0.0    0 14.5 25 190   M    M   1        33 180
12 101  73  87   3   0  22 0.00  0.0    0 13.4 13 170   M    M   0        16 170
13 103  71  87   3   0  22 0.00  0.0    0  9.9 20 270   M    M   0        26 260
14  95  77  86   2   0  21    T  0.0    M  6.3 28 270   M    M   2        32 260
15  89  73  81  -4   0  16 0.00  0.0    0 12.5 21  70   M    M   3 8      28  70
16  79  64  72 -13   0   7 0.31  0.0    0 13.7 25  80   M    M   6 13     31  80
17  72  62  67 -18   0   2 1.49  0.0    0 10.3 15  90   M    M  10 13     18  90
18  76  64  70 -15   0   5 0.00  0.0    0  6.4 12 120   M    M   9 1      15  30
19  86  61  74 -11   0   9 0.00  0.0    0  7.3 14 140   M    M   3 1      18 140
20  96  66  81  -4   0  16 0.00  0.0    0 10.3 14 160   M    M   0 1      18 160
21  98  72  85   0   0  20 0.00  0.0    0 10.2 13 130   M    M   0 18     17 120
22  99  74  87   2   0  22 0.00  0.0    0  8.2 15 140   M    M   0 1      20 150
23 101  74  88   3   0  23 0.00  0.0    0  6.0 18 110   M    M   1 18     22 110
================================================================================
SM 2152 1622         0 396  1.89     0.0 236.7          M       47
================================================================================
AV 93.6 70.5                              10.3 FASTST   M    M   2    MAX(MPH)
                                 MISC ---->  # 28 130               # 33  120
================================================================================
NOTES:
# LAST OF SEVERAL OCCURRENCES

COLUMN 17 PEAK WIND IN M.P.H.

PRELIMINARY LOCAL CLIMATOLOGICAL DATA (WS FORM: F-6) , PAGE 2

                                          STATION:  FREDERICK MUNICIPAL
                                          MONTH:    JULY
                                          YEAR:     2014
                                          LATITUDE:   34 21 N
                                          LONGITUDE:  98 59 W

[TEMPERATURE DATA]      [PRECIPITATION DATA]       SYMBOLS USED IN COLUMN 16

AVERAGE MONTHLY: 82.0   TOTAL FOR MONTH:   1.89    1 = FOG OR MIST
DPTR FM NORMAL:  -2.1   DPTR FM NORMAL:   -0.55    2 = FOG REDUCING VISIBILITY
HIGHEST:   103 ON 13    GRTST 24HR  1.76 ON 16-17      TO 1/4 MILE OR LESS
LOWEST:     61 ON 19                               3 = THUNDER
                        SNOW, ICE PELLETS, HAIL    4 = ICE PELLETS
                        TOTAL MONTH:   0.0 INCH    5 = HAIL
                        GRTST 24HR     0.0         6 = FREEZING RAIN OR DRIZZLE
                        GRTST DEPTH:   0           7 = DUSTSTORM OR SANDSTORM:
                                                       VSBY 1/2 MILE OR LESS
                                                   8 = SMOKE OR HAZE
[NO. OF DAYS WITH]      [WEATHER - DAYS WITH]      9 = BLOWING SNOW
                                                   X = TORNADO
MAX 32 OR BELOW:   0    0.01 INCH OR MORE:   3
MAX 90 OR ABOVE:  16    0.10 INCH OR MORE:   2
MIN 32 OR BELOW:   0    0.50 INCH OR MORE:   1
MIN  0 OR BELOW:   0    1.00 INCH OR MORE:   1

[HDD (BASE 65) ]
TOTAL THIS MO.     0    CLEAR  (SCALE 0-3)  19
DPTR FM NORMAL     0    PTCLDY (SCALE 4-7)   2
TOTAL FM JUL 1     0    CLOUDY (SCALE 8-10)  2
DPTR FM NORMAL     0

[CDD (BASE 65) ]
TOTAL THIS MO.   396
DPTR FM NORMAL   -46    [PRESSURE DATA]
TOTAL FM JAN 1  1305    HIGHEST SLP M ON M
DPTR FM NORMAL    85    LOWEST  SLP 29.78 ON  1

[REMARKS]
