000
CXUS53 KLMK 280800
CF6FFT
PRELIMINARY LOCAL CLIMATOLOGICAL DATA (WS FORM: F-6)

                                          STATION:   FRANKFORT KY
                                          MONTH:     AUGUST
                                          YEAR:      2014
                                          LATITUDE:   38 10 N
                                          LONGITUDE:  84 54 W

  TEMPERATURE IN F:       :PCPN:    SNOW:  WIND      :SUNSHINE: SKY     :PK WND
================================================================================
1   2   3   4   5  6A  6B    7    8   9   10  11  12  13   14  15   16   17  18
                                     12Z  AVG MX 2MIN
DY MAX MIN AVG DEP HDD CDD  WTR  SNW DPTH SPD SPD DIR MIN PSBL S-S WX    SPD DR
================================================================================

 1  86  58  72  -4   0   7 0.00    M    M  2.1  8 340   M    M   2 1      11  70
 2  84  60  72  -4   0   7 0.21    M    M  2.5 17 340   M    M   3 13     25 260
 3  85  55  70  -6   0   5 0.00    M    M  2.5 10 350   M    M   3 12     16  30
 4  86  59  73  -3   0   8 0.00    M    M  2.3 10  70   M    M   3 18     13  90
 5  85  61  73  -3   0   8 0.00    M    M  2.6 10 220   M    M   3 18     14 220
 6  87  63  75  -1   0  10 0.00    M    M  4.7 15 340   M    M   2 18     21 330
 7  84  67  76   0   0  11 0.00    M    M  6.8 15  60   M    M   0        18  70
 8  74  67  71  -5   0   6 0.17    M    M  6.3 12  70   M    M   9 1      15  70
 9  81  70  76   0   0  11 0.14    M    M  4.6 10  80   M    M   9 1      13  50
10  84  71  78   2   0  13 0.30    M    M  3.0 15 200   M    M   7 13     19 190
11  85  69  77   1   0  12 0.00    M    M  6.1 15 210   M    M   5 1      21 230
12  80  63  72  -4   0   7 0.00    M    M  6.9 17 240   M    M   5 18     24 290
13  79  58  69  -7   0   4 0.00    M    M  5.0 14 340   M    M   3        18 280
14  83  56  70  -6   0   5 0.20    M    M  3.3 22 330   M    M   3 18     29 340
15  81  58  70  -6   0   5 0.00    M    M  3.3 13 320   M    M   1 1      17 340
16  82  55  69  -7   0   4 0.01    M    M  3.2 13 200   M    M   3 1      15 210
17  74  68  71  -4   0   6 0.79    M    M  6.0 14 200   M    M   9 1      18 150
18  81  70  76   1   0  11 0.02    M    M  4.2 12 230   M    M   8 1      15 240
19  86  69  78   3   0  13    T    M    M  4.7 13 230   M    M   4 1238   16 230
20  88  68  78   3   0  13 0.16    M    M  5.6 22 320   M    M   4 13     34 340
21  87  68  78   3   0  13 0.02    M    M  5.8 13 230   M    M   2 3      18 250
22  89  71  80   5   0  15 0.16    M    M  6.0 16 220   M    M   3 13     20 210
23  89  68  79   4   0  14 2.02    M    M  2.4 14 330   M    M   4 138    17 330
24  90  71  81   6   0  16 0.03    M    M  3.1  8  70   M    M   5 1      11 100
25  90  68  79   5   0  14 0.00    M    M  2.7 13 100   M    M   1 1      17 100
26  90  67  79   5   0  14 0.00    M    M  2.8  9 110   M    M   1 1      12 100
27  91  67  79   5   0  14 0.92    M    M  1.7 18 150   M    M   1 13     27 300
================================================================================
SM 2281 1745         0 266  5.15    M    110.2          M      103
================================================================================
AV 84.5 64.6                               4.1 FASTST   M    M   4    MAX(MPH)
                                 MISC ---->  # 22 330               # 34  340
================================================================================
NOTES:
# LAST OF SEVERAL OCCURRENCES

COLUMN 17 PEAK WIND IN M.P.H.

PRELIMINARY LOCAL CLIMATOLOGICAL DATA (WS FORM: F-6) , PAGE 2

                                          STATION:  FRANKFORT KY
                                          MONTH:    AUGUST
                                          YEAR:     2014
                                          LATITUDE:   38 10 N
                                          LONGITUDE:  84 54 W

[TEMPERATURE DATA]      [PRECIPITATION DATA]       SYMBOLS USED IN COLUMN 16

AVERAGE MONTHLY: 74.6   TOTAL FOR MONTH:   5.15    1 = FOG OR MIST
DPTR FM NORMAL:  -0.9   DPTR FM NORMAL:    2.25    2 = FOG REDUCING VISIBILITY
HIGHEST:    91 ON 27    GRTST 24HR  2.05 ON 23-24      TO 1/4 MILE OR LESS
LOWEST:     55 ON 16, 3                            3 = THUNDER
                        SNOW, ICE PELLETS, HAIL    4 = ICE PELLETS
                        TOTAL MONTH:    M          5 = HAIL
                        GRTST 24HR    M  ON   M    6 = FREEZING RAIN OR DRIZZLE
                        GRTST DEPTH:  M  ON   M    7 = DUSTSTORM OR SANDSTORM:
                                                       VSBY 1/2 MILE OR LESS
                                                   8 = SMOKE OR HAZE
[NO. OF DAYS WITH]      [WEATHER - DAYS WITH]      9 = BLOWING SNOW
                                                   X = TORNADO
MAX 32 OR BELOW:   0    0.01 INCH OR MORE:  14
MAX 90 OR ABOVE:   4    0.10 INCH OR MORE:  10
MIN 32 OR BELOW:   0    0.50 INCH OR MORE:   3
MIN  0 OR BELOW:   0    1.00 INCH OR MORE:   1

[HDD (BASE 65) ]
TOTAL THIS MO.     0    CLEAR  (SCALE 0-3)  13
DPTR FM NORMAL     0    PTCLDY (SCALE 4-7)  11
TOTAL FM JUL 1     3    CLOUDY (SCALE 8-10)  3
DPTR FM NORMAL     3

[CDD (BASE 65) ]
TOTAL THIS MO.   266
DPTR FM NORMAL   -17    [PRESSURE DATA]
TOTAL FM JAN 1   878    HIGHEST SLP M ON M
DPTR FM NORMAL   -90    LOWEST  SLP 29.78 ON 18

[REMARKS]
