000
CXUS53 KFGF 290915
CF6FGF
PRELIMINARY LOCAL CLIMATOLOGICAL DATA (WS FORM: F-6)

                                          STATION:   GRAND FORKS UNIV. (NWS) ND
                                          MONTH:     JUNE
                                          YEAR:      2015
                                          LATITUDE:   47 55 N
                                          LONGITUDE:  97  6 W

  TEMPERATURE IN F:       :PCPN:    SNOW:  WIND      :SUNSHINE: SKY     :PK WND
================================================================================
1   2   3   4   5  6A  6B    7    8   9   10  11  12  13   14  15   16   17  18
                                     12Z  AVG MX 2MIN
DY MAX MIN AVG DEP HDD CDD  WTR  SNW DPTH SPD SPD DIR MIN PSBL S-S WX    SPD DR
================================================================================

 1  74  49  62   1   3   0    T  0.0    0   M   M   M   M    M   M         M  M
 2  70  55  63   2   2   0 0.72  0.0    0   M   M   M   M    M   M         M  M
 3  63  53  58  -4   7   0 0.13  0.0    0   M   M   M   M    M   M         M  M
 4  75  48  62   0   3   0 0.00  0.0    0   M   M   M   M    M   M         M  M
 5  76  60  68   6   0   3 0.00  0.0    0   M   M   M   M    M   M         M  M
 6  71  57  64   1   1   0 0.22  0.0    0   M   M   M   M    M   M         M  M
 7  84  56  70   7   0   5 0.18  0.0    0   M   M   M   M    M   M         M  M
 8  86  54  70   7   0   5 0.12  0.0    0   M   M   M   M    M   M         M  M
 9  86  62  74  10   0   9    T  0.0    0   M   M   M   M    M   M         M  M
10  74  54  64   0   1   0 0.00  0.0    0   M   M   M   M    M   M         M  M
11  81  62  72   8   0   7 0.00  0.0    0   M   M   M   M    M   M         M  M
12  83  59  71   7   0   6 0.00  0.0    0   M   M   M   M    M   M         M  M
13  83  62  73   8   0   8    T  0.0    0   M   M   M   M    M   M         M  M
14  74  59  67   2   0   2 0.10  0.0    0   M   M   M   M    M   M         M  M
15  67  48  58  -7   7   0 0.00  0.0    0   M   M   M   M    M   M         M  M
16  62  44  53 -13  12   0 0.01  0.0    0   M   M   M   M    M   M         M  M
17  76  46  61  -5   4   0 0.01  0.0    0   M   M   M   M    M   M         M  M
18  69  50  60  -6   5   0 0.03  0.0    0   M   M   M   M    M   M         M  M
19  83  52  68   2   0   3 0.19  0.0    0   M   M   M   M    M   M         M  M
20  70  57  64  -3   1   0    T  0.0    0   M   M   M   M    M   M         M  M
21  84  57  71   4   0   6 0.25  0.0    0   M   M   M   M    M   M         M  M
22  73  58  66  -1   0   1 0.11  0.0    0   M   M   M   M    M   M         M  M
23  85  56  71   4   0   6    T  0.0    0   M   M   M   M    M   M         M  M
24  80  61  71   3   0   6 0.14  0.0    0   M   M   M   M    M   M         M  M
25  83  56  70   2   0   5 0.00  0.0    0   M   M   M   M    M   M         M  M
26  85  58  72   4   0   7 0.00  0.0    0   M   M   M   M    M   M         M  M
27  85  63  74   6   0   9 0.11  0.1    0   M   M   M   M    M   M         M  M
28  81  60  71   3   0   6 0.00  0.0    0   M   M   M   M    M   M         M  M
================================================================================
SM 2163 1556        46  94  2.32     0.1     M          M        M
================================================================================
AV 77.2 55.6                                 M FASTST   M    M   3    MAX(MPH)
                                 MISC ---->     M   M                  M    M
================================================================================
NOTES:
# LAST OF SEVERAL OCCURRENCES

COLUMN 17 PEAK WIND IN M.P.H.

PRELIMINARY LOCAL CLIMATOLOGICAL DATA (WS FORM: F-6) , PAGE 2

                                          STATION:  GRAND FORKS UNIV. (NWS) ND
                                          MONTH:    JUNE
                                          YEAR:     2015
                                          LATITUDE:   47 55 N
                                          LONGITUDE:  97  6 W

[TEMPERATURE DATA]      [PRECIPITATION DATA]       SYMBOLS USED IN COLUMN 16

AVERAGE MONTHLY: 66.4   TOTAL FOR MONTH:   2.32    1 = FOG OR MIST
DPTR FM NORMAL:   1.4   DPTR FM NORMAL:   -1.17    2 = FOG REDUCING VISIBILITY
HIGHEST:    86 ON  9, 8 GRTST 24HR  0.72 ON  2- 2      TO 1/4 MILE OR LESS
LOWEST:     44 ON 16                               3 = THUNDER
                        SNOW, ICE PELLETS, HAIL    4 = ICE PELLETS
                        TOTAL MONTH:   0.1 INCH    5 = HAIL
                        GRTST 24HR   0.1 ON   M    6 = FREEZING RAIN OR DRIZZLE
                        GRTST DEPTH:   0           7 = DUSTSTORM OR SANDSTORM:
                                                       VSBY 1/2 MILE OR LESS
                                                   8 = SMOKE OR HAZE
[NO. OF DAYS WITH]      [WEATHER - DAYS WITH]      9 = BLOWING SNOW
                                                   X = TORNADO
MAX 32 OR BELOW:   0    0.01 INCH OR MORE:  14
MAX 90 OR ABOVE:   0    0.10 INCH OR MORE:  11
MIN 32 OR BELOW:   0    0.50 INCH OR MORE:   1
MIN  0 OR BELOW:   0    1.00 INCH OR MORE:   0

[HDD (BASE 65) ]
TOTAL THIS MO.    46    CLEAR  (SCALE 0-3)   0
DPTR FM NORMAL   -34    PTCLDY (SCALE 4-7)   0
TOTAL FM JUL 1  8845    CLOUDY (SCALE 8-10)  0
DPTR FM NORMAL  -360

[CDD (BASE 65) ]
TOTAL THIS MO.    94
DPTR FM NORMAL    13    [PRESSURE DATA]
TOTAL FM JAN 1   105    HIGHEST SLP M ON M
DPTR FM NORMAL    -2    LOWEST  SLP M ON M

[REMARKS]
