000
CXUS53 KFGF 200915
CF6FGF
PRELIMINARY LOCAL CLIMATOLOGICAL DATA (WS FORM: F-6)

                                          STATION:   GRAND FORKS UNIV. (NWS) ND
                                          MONTH:     NOVEMBER
                                          YEAR:      2014
                                          LATITUDE:   47 55 N
                                          LONGITUDE:  97  6 W

  TEMPERATURE IN F:       :PCPN:    SNOW:  WIND      :SUNSHINE: SKY     :PK WND
================================================================================
1   2   3   4   5  6A  6B    7    8   9   10  11  12  13   14  15   16   17  18
                                     12Z  AVG MX 2MIN
DY MAX MIN AVG DEP HDD CDD  WTR  SNW DPTH SPD SPD DIR MIN PSBL S-S WX    SPD DR
================================================================================

 1  48  30  39   3  26   0 0.00  0.0    0   M   M   M   M    M   M         M  M
 2  54  37  46  11  19   0 0.00  0.0    0   M   M   M   M    M   M         M  M
 3  51  39  45  11  20   0    T  0.0    0   M   M   M   M    M   M         M  M
 4  42  29  36   2  29   0 0.00  0.0    0   M   M   M   M    M   M         M  M
 5  38  28  33   0  32   0 0.06  0.6    0   M   M   M   M    M   M         M  M
 6  44  26  35   2  30   0    T  0.0    0   M   M   M   M    M   M         M  M
 7  52  33  43  11  22   0 0.08  0.0    0   M   M   M   M    M   M         M  M
 8  38  28  33   1  32   0 0.04  0.2    0   M   M   M   M    M   M         M  M
 9  30  18  24  -7  41   0 0.00  0.0    T   M   M   M   M    M   M         M  M
10  21  17  19 -11  46   0    T    T    T   M   M   M   M    M   M         M  M
11  23  15  19 -11  46   0    T    T    T   M   M   M   M    M   M         M  M
12  24  18  21  -8  44   0 0.01  0.4    T   M   M   M   M    M   M         M  M
13  20   7  14 -14  51   0 0.00  0.0    T   M   M   M   M    M   M         M  M
14  21   4  13 -15  52   0 0.00  0.0    T   M   M   M   M    M   M         M  M
15  23   3  13 -14  52   0 0.00  0.0    T   M   M   M   M    M   M         M  M
16  21   8  15 -12  50   0 0.02  1.2    T   M   M   M   M    M   M         M  M
17  15   7  11 -15  54   0    T  0.1    1   M   M   M   M    M   M         M  M
18  22   8  15 -10  50   0    T  0.1    1   M   M   M   M    M   M         M  M
19  25   6  16  -9  49   0    T    T    1   M   M   M   M    M   M         M  M
================================================================================
SM  612  361       745   0  0.21     2.6     M          M        M
================================================================================
AV 32.2 19.0                                 M FASTST   M    M   6    MAX(MPH)
                                 MISC ---->     M   M                  M    M
================================================================================
NOTES:
# LAST OF SEVERAL OCCURRENCES

COLUMN 17 PEAK WIND IN M.P.H.

PRELIMINARY LOCAL CLIMATOLOGICAL DATA (WS FORM: F-6) , PAGE 2

                                          STATION:  GRAND FORKS UNIV. (NWS) ND
                                          MONTH:    NOVEMBER
                                          YEAR:     2014
                                          LATITUDE:   47 55 N
                                          LONGITUDE:  97  6 W

[TEMPERATURE DATA]      [PRECIPITATION DATA]       SYMBOLS USED IN COLUMN 16

AVERAGE MONTHLY: 25.6   TOTAL FOR MONTH:   0.21    1 = FOG OR MIST
DPTR FM NORMAL:  -4.7   DPTR FM NORMAL:   -0.43    2 = FOG REDUCING VISIBILITY
HIGHEST:    54 ON  2    GRTST 24HR  0.08 ON  7- 7      TO 1/4 MILE OR LESS
LOWEST:      3 ON 15                               3 = THUNDER
                        SNOW, ICE PELLETS, HAIL    4 = ICE PELLETS
                        TOTAL MONTH:   2.6 INCHES  5 = HAIL
                        GRTST 24HR   1.2 ON   M    6 = FREEZING RAIN OR DRIZZLE
                        GRTST DEPTH:   1 ON 19,18  7 = DUSTSTORM OR SANDSTORM:
                                                       VSBY 1/2 MILE OR LESS
                                                   8 = SMOKE OR HAZE
[NO. OF DAYS WITH]      [WEATHER - DAYS WITH]      9 = BLOWING SNOW
                                                   X = TORNADO
MAX 32 OR BELOW:  11    0.01 INCH OR MORE:   5
MAX 90 OR ABOVE:   0    0.10 INCH OR MORE:   0
MIN 32 OR BELOW:  16    0.50 INCH OR MORE:   0
MIN  0 OR BELOW:   0    1.00 INCH OR MORE:   0

[HDD (BASE 65) ]
TOTAL THIS MO.   745    CLEAR  (SCALE 0-3)   0
DPTR FM NORMAL    85    PTCLDY (SCALE 4-7)   0
TOTAL FM JUL 1  1553    CLOUDY (SCALE 8-10)  0
DPTR FM NORMAL   -61

[CDD (BASE 65) ]
TOTAL THIS MO.     0
DPTR FM NORMAL     0    [PRESSURE DATA]
TOTAL FM JAN 1   395    HIGHEST SLP M ON M
DPTR FM NORMAL   -68    LOWEST  SLP M ON M

[REMARKS]
