000
CXUS52 KILM 241000
CF6FLO
PRELIMINARY LOCAL CLIMATOLOGICAL DATA (WS FORM: F-6)

                                          STATION:   FLORENCE SOUTH  CAROLINA
                                          MONTH:     APRIL
                                          YEAR:      2017
                                          LATITUDE:   34 10 N
                                          LONGITUDE:  79 43 W

  TEMPERATURE IN F:       :PCPN:    SNOW:  WIND      :SUNSHINE: SKY     :PK WND
================================================================================
1   2   3   4   5  6A  6B    7    8   9   10  11  12  13   14  15   16   17  18
                                     12Z  AVG MX 2MIN
DY MAX MIN AVG DEP HDD CDD  WTR  SNW DPTH SPD SPD DIR MIN PSBL S-S WX    SPD DR
================================================================================

 1  80  50  65   5   0   0 0.00    M    M  5.3 15 310   M    M   0        20 310
 2  75  51  63   3   2   0 0.00    M    M  8.0 18 160   M    M   0        23 140
 3  82  54  68   8   0   3 0.69    M    M 10.6 26 160   M    M   6 13     36 150
 4  85  62  74  14   0   9 0.00    M    M 11.1 24 250   M    M   2        31 250
 5  75  61  68   7   0   3 2.06    M    M  7.7 36 250   M    M   5 123    49 260
 6  69  52  61   0   4   0 0.00    M    M 19.6 35 250   M    M   4 3      51 240
 7  66  43  55  -6  10   0 0.00    M    M 12.0 26 300   M    M   0        38 310
 8  68  35  52  -9  13   0 0.00    M    M  3.6 14 320   M    M   0        19 340
 9  75  39  57  -5   8   0 0.00    M    M  3.9 15 160   M    M   0        19 160
10  78  46  62   0   3   0 0.00    M    M  4.9 16 200   M    M   0        20 200
11  81  50  66   4   0   1 0.00    M    M  5.0 15 160   M    M   0        19 210
12  82  51  67   5   0   2 0.00    M    M  4.0 13 260   M    M   0        25  40
13  83  57  70   7   0   5    T    M    M  3.4 17 340   M    M   4 3      23 350
14  81  57  69   6   0   4 0.00    M    M  4.2 10 220   M    M   3 12     13 210
15  83  55  69   6   0   4 0.00    M    M  5.2 13 180   M    M   1        18 210
16  83  56  70   7   0   5 0.00    M    M  8.3 16 220   M    M   0 1      27 230
17  85  57  71   7   0   6 0.00    M    M  7.6 16 210   M    M   2 1      21 260
18  76  60  68   4   0   3 0.06    M    M  8.0 17  70   M    M   8 13     21  60
19  80  61  71   7   0   6 0.00    M    M  4.7 13 140   M    M   6 1      18  20
20  85  60  73   9   0   8 0.00    M    M  5.2 13 250   M    M   4 128    22 220
21  89  64  77  12   0  12 0.00    M    M  9.5 18 200   M    M   0        23 230
22  88  64  76  11   0  11 0.00    M    M 10.2 21 220   M    M   2        27 220
23  71  60  66   1   0   1 0.02    M    M 11.8 18  80   M    M   9 1      24  80
================================================================================
SM 1820 1245        40  83  2.83    M    173.8          M       56
================================================================================
AV 79.1 54.1                               7.6 FASTST   M    M   2    MAX(MPH)
                                 MISC ---->  # 36 250               # 51  240
================================================================================
NOTES:
# LAST OF SEVERAL OCCURRENCES

COLUMN 17 PEAK WIND IN M.P.H.

PRELIMINARY LOCAL CLIMATOLOGICAL DATA (WS FORM: F-6) , PAGE 2

                                          STATION:  FLORENCE SOUTH  CAROLINA
                                          MONTH:    APRIL
                                          YEAR:     2017
                                          LATITUDE:   34 10 N
                                          LONGITUDE:  79 43 W

[TEMPERATURE DATA]      [PRECIPITATION DATA]       SYMBOLS USED IN COLUMN 16

AVERAGE MONTHLY: 66.6   TOTAL FOR MONTH:   2.83    1 = FOG OR MIST
DPTR FM NORMAL:   4.2   DPTR FM NORMAL:    0.82    2 = FOG REDUCING VISIBILITY
HIGHEST:    89 ON 21    GRTST 24HR  2.06 ON  5- 5      TO 1/4 MILE OR LESS
LOWEST:     35 ON  8                               3 = THUNDER
                        SNOW, ICE PELLETS, HAIL    4 = ICE PELLETS
                        TOTAL MONTH:    M          5 = HAIL
                        GRTST 24HR    M  ON   M    6 = FREEZING RAIN OR DRIZZLE
                        GRTST DEPTH:  M  ON   M    7 = DUSTSTORM OR SANDSTORM:
                                                       VSBY 1/2 MILE OR LESS
                                                   8 = SMOKE OR HAZE
[NO. OF DAYS WITH]      [WEATHER - DAYS WITH]      9 = BLOWING SNOW
                                                   X = TORNADO
MAX 32 OR BELOW:   0    0.01 INCH OR MORE:   4
MAX 90 OR ABOVE:   0    0.10 INCH OR MORE:   2
MIN 32 OR BELOW:   0    0.50 INCH OR MORE:   2
MIN  0 OR BELOW:   0    1.00 INCH OR MORE:   1

[HDD (BASE 65) ]
TOTAL THIS MO.    40    CLEAR  (SCALE 0-3)  15
DPTR FM NORMAL   -67    PTCLDY (SCALE 4-7)   6
TOTAL FM JUL 1  1816    CLOUDY (SCALE 8-10)  2
DPTR FM NORMAL  -667

[CDD (BASE 65) ]
TOTAL THIS MO.    83
DPTR FM NORMAL    36    [PRESSURE DATA]
TOTAL FM JAN 1   136    HIGHEST SLP M ON M
DPTR FM NORMAL    65    LOWEST  SLP 29.55 ON  6

[REMARKS]
