000
CXUS52 KILM 191000
CF6FLO
PRELIMINARY LOCAL CLIMATOLOGICAL DATA (WS FORM: F-6)

                                          STATION:   FLORENCE SC
                                          MONTH:     DECEMBER
                                          YEAR:      2014
                                          LATITUDE:   34 10 N
                                          LONGITUDE:  79 43 W

  TEMPERATURE IN F:       :PCPN:    SNOW:  WIND      :SUNSHINE: SKY     :PK WND
================================================================================
1   2   3   4   5  6A  6B    7    8   9   10  11  12  13   14  15   16   17  18
                                     12Z  AVG MX 2MIN
DY MAX MIN AVG DEP HDD CDD  WTR  SNW DPTH SPD SPD DIR MIN PSBL S-S WX    SPD DR
================================================================================

 1  74  42  58   7   7   0 0.00    M    M  5.1 16 260   M    M   0 12     18 220
 2  69  42  56   6   9   0 0.01    M    M  5.2 15  50   M    M   5 12     19  60
 3  62  51  57   7   8   0 0.00    M    M  2.4  8  60   M    M   8 128    10 290
 4  60  49  55   5  10   0 0.00    M    M  5.9 13 120   M    M   8 128    16  50
 5  61  47  54   4  11   0 0.00    M    M  6.2 10  70   M    M   6        13  70
 6  68  50  59  10   6   0 0.06    M    M  5.2 17 340   M    M   9 1      25 330
 7  58  42  50   1  15   0    T    M    M 15.3 26  30   M    M   5        37  30
 8  47  40  44  -5  21   0 0.04    M    M 10.4 18  40   M    M   9 18     23  20
 9  55  40  48   0  17   0 0.00    M    M  8.3 15 350   M    M   9 1      20 350
10  56  35  46  -2  19   0 0.00    M    M  8.5 20 330   M    M   2        26 340
11  53  27  40  -8  25   0 0.00    M    M  2.8 13 270   M    M   0 18     18 270
12  61  28  45  -3  20   0 0.00    M    M  5.2 13 260   M    M   0 18     16 280
13  64  29  47  -1  18   0 0.00    M    M  2.9 10 290   M    M   0 8      14 310
14  63  29  46  -1  19   0 0.00    M    M  1.8 10  20   M    M   0 8      12  30
15  66  31  49   2  16   0 0.00    M    M  3.5  9 130   M    M   0 128    12 140
16  69  36  53   6  12   0 0.03    M    M  7.2 17 290   M    M   5 12     24 290
17  63  38  51   4  14   0 0.00    M    M  4.2 13 250   M    M   0 18     19 270
18  59  36  48   2  17   0 0.00    M    M  2.2 13  60   M    M   1 18     16  70
================================================================================
SM 1108  692       264   0  0.14    M    102.3          M       67
================================================================================
AV 61.6 38.4                               5.7 FASTST   M    M   4    MAX(MPH)
                                 MISC ---->  # 26  30               # 37   30
================================================================================
NOTES:
# LAST OF SEVERAL OCCURRENCES

COLUMN 17 PEAK WIND IN M.P.H.

PRELIMINARY LOCAL CLIMATOLOGICAL DATA (WS FORM: F-6) , PAGE 2

                                          STATION:  FLORENCE SC
                                          MONTH:    DECEMBER
                                          YEAR:     2014
                                          LATITUDE:   34 10 N
                                          LONGITUDE:  79 43 W

[TEMPERATURE DATA]      [PRECIPITATION DATA]       SYMBOLS USED IN COLUMN 16

AVERAGE MONTHLY: 50.0   TOTAL FOR MONTH:   0.14    1 = FOG OR MIST
DPTR FM NORMAL:   1.6   DPTR FM NORMAL:   -1.54    2 = FOG REDUCING VISIBILITY
HIGHEST:    74 ON  1    GRTST 24HR  0.06 ON  5- 6      TO 1/4 MILE OR LESS
LOWEST:     27 ON 11                               3 = THUNDER
                        SNOW, ICE PELLETS, HAIL    4 = ICE PELLETS
                        TOTAL MONTH:    M          5 = HAIL
                        GRTST 24HR    M  ON   M    6 = FREEZING RAIN OR DRIZZLE
                        GRTST DEPTH:  M  ON   M    7 = DUSTSTORM OR SANDSTORM:
                                                       VSBY 1/2 MILE OR LESS
                                                   8 = SMOKE OR HAZE
[NO. OF DAYS WITH]      [WEATHER - DAYS WITH]      9 = BLOWING SNOW
                                                   X = TORNADO
MAX 32 OR BELOW:   0    0.01 INCH OR MORE:   4
MAX 90 OR ABOVE:   0    0.10 INCH OR MORE:   0
MIN 32 OR BELOW:   5    0.50 INCH OR MORE:   0
MIN  0 OR BELOW:   0    1.00 INCH OR MORE:   0

[HDD (BASE 65) ]
TOTAL THIS MO.   264    CLEAR  (SCALE 0-3)   9
DPTR FM NORMAL   -37    PTCLDY (SCALE 4-7)   4
TOTAL FM JUL 1   764    CLOUDY (SCALE 8-10)  5
DPTR FM NORMAL    41

[CDD (BASE 65) ]
TOTAL THIS MO.     0
DPTR FM NORMAL     0    [PRESSURE DATA]
TOTAL FM JAN 1  2282    HIGHEST SLP M ON M
DPTR FM NORMAL   223    LOWEST  SLP 29.87 ON  9

[REMARKS]
