000
CXUS54 KLZK 261130
CF6FLP
PRELIMINARY LOCAL CLIMATOLOGICAL DATA (WS FORM: F-6)

                                          STATION:   Flippin
                                          MONTH:     MARCH
                                          YEAR:      2017
                                          LATITUDE:   36 17 N
                                          LONGITUDE:  92 28 W

  TEMPERATURE IN F:       :PCPN:    SNOW:  WIND      :SUNSHINE: SKY     :PK WND
================================================================================
1   2   3   4   5  6A  6B    7    8   9   10  11  12  13   14  15   16   17  18
                                     12Z  AVG MX 2MIN
DY MAX MIN AVG DEP HDD CDD  WTR  SNW DPTH SPD SPD DIR MIN PSBL S-S WX    SPD DR
================================================================================

 1  73  36  55   M  10   0 0.02    M    0 13.2 27 290   M    M   1 3      35 300
 2  61  28  45   M  20   0 0.00  0.0    0  5.3 15 300   M    M   0        22 300
 3  61  30  46   M  19   0 0.00  0.0    0  4.3  8 140   M    M   0        16 160
 4  70  36  53   M  12   0 0.00  0.0    0  6.3 18 200   M    M   2        23 200
 5  59  52  56   M   9   0 0.00  0.0    0  7.6 12 170   M    M   9        22 170
 6  73  55  64   M   1   0 0.00  0.0    0 10.8 21 210   M    M   9        36 200
 7  72  41  57   M   8   0 0.67    M    0  8.5 17 320   M    M   3 3      28 280
 8  70  30  50   M  15   0 0.00  0.0    0  4.3 14 210   M    M   0        21 180
 9  81  39  60   M   5   0 0.44    M    0  5.9 14 240   M    M   2 3      23 200
10  57  39  48   M  17   0 0.00  0.0    0  8.1 13  30   M    M   1        21 350
11  43  28  36   M  29   0 0.25    M    0  5.2 12 110   M    M  10        16  60
12  43  21  32   M  33   0 0.40    M    0  3.1  8 120   M    M   3         M  M
13  45  32  39   M  26   0 0.22    M    0  8.1 23 320   M    M  10        30 320
14  36  28  32   M  33   0 0.01    M    0  6.3 10  10   M    M   9         M  M
15  43  25  34   M  31   0 0.00  0.0    0  2.7  7 260   M    M   3         M  M
16  52  39  46   M  19   0 0.00  0.0    0  5.8  9 160   M    M  10        16 160
17  70  48  59   M   6   0 0.00  0.0    0  5.8 13 230   M    M   9        17 230
18  73  48  61   M   4   0 0.00  0.0    0  4.4  9 310   M    M   0         M  M
19  75  45  60   M   5   0 0.00  0.0    0  5.9 10 120   M    M   4        17 160
20  91  46  69   M   0   4 0.00  0.0    0  5.7 16 240   M    M   2        21 200
21  72  52  62   M   3   0 0.04  0.0    0  6.5 15  50   M    M   5 3      22  60
22  57  45  51   M  14   0 0.42    M    0  6.7 10 120   M    M   9 3       M  M
23  79  45  62   M   3   0 0.00  0.0    0  6.0 15 160   M    M   2        22 170
24  75  55  65   M   0   0 1.34  0.0    0 10.7 17 190   M    M   5        35 180
25  64  52  58   M   7   0 0.27  0.0    0  8.4 22 240   M    M   9 3      31 240
================================================================================
SM 1595  995       329   4  4.08     0.0 165.6          M      117
================================================================================
AV 63.8 39.8                               6.6 FASTST   M    M   5    MAX(MPH)
                                 MISC ---->  # 27 290                 36    M
================================================================================
NOTES:
# LAST OF SEVERAL OCCURRENCES

COLUMN 17 PEAK WIND IN M.P.H.

PRELIMINARY LOCAL CLIMATOLOGICAL DATA (WS FORM: F-6) , PAGE 2

                                          STATION:  Flippin
                                          MONTH:    MARCH
                                          YEAR:     2017
                                          LATITUDE:   36 17 N
                                          LONGITUDE:  92 28 W

[TEMPERATURE DATA]      [PRECIPITATION DATA]       SYMBOLS USED IN COLUMN 16

AVERAGE MONTHLY: 51.8   TOTAL FOR MONTH:   4.08    1 = FOG OR MIST
DPTR FM NORMAL:     M   DPTR FM NORMAL:       M    2 = FOG REDUCING VISIBILITY
HIGHEST:    91 ON 20    GRTST 24HR  1.34 ON 24-24      TO 1/4 MILE OR LESS
LOWEST:     21 ON 12                               3 = THUNDER
                        SNOW, ICE PELLETS, HAIL    4 = ICE PELLETS
                        TOTAL MONTH:   0.0 INCH    5 = HAIL
                        GRTST 24HR     0.0         6 = FREEZING RAIN OR DRIZZLE
                        GRTST DEPTH:   0           7 = DUSTSTORM OR SANDSTORM:
                                                       VSBY 1/2 MILE OR LESS
                                                   8 = SMOKE OR HAZE
[NO. OF DAYS WITH]      [WEATHER - DAYS WITH]      9 = BLOWING SNOW
                                                   X = TORNADO
MAX 32 OR BELOW:   0    0.01 INCH OR MORE:  11
MAX 90 OR ABOVE:   1    0.10 INCH OR MORE:   8
MIN 32 OR BELOW:   8    0.50 INCH OR MORE:   2
MIN  0 OR BELOW:   0    1.00 INCH OR MORE:   1

[HDD (BASE 65) ]
TOTAL THIS MO.   329    CLEAR  (SCALE 0-3)  12
DPTR FM NORMAL     M    PTCLDY (SCALE 4-7)   4
TOTAL FM JUL 1  2690    CLOUDY (SCALE 8-10)  9
DPTR FM NORMAL     M

[CDD (BASE 65) ]
TOTAL THIS MO.     4
DPTR FM NORMAL     M    [PRESSURE DATA]
TOTAL FM JAN 1    10    HIGHEST SLP M ON M
DPTR FM NORMAL     M    LOWEST  SLP M ON M

[REMARKS]
