000
CXUS55 KTBW 281810
CF6FMY
PRELIMINARY LOCAL CLIMATOLOGICAL DATA (WS FORM: F-6)

                                          STATION:   Fort Myers
                                          MONTH:     DECEMBER
                                          YEAR:      2014
                                          LATITUDE:   26 34 N
                                          LONGITUDE:  81 52 W

  TEMPERATURE IN F:       :PCPN:    SNOW:  WIND      :SUNSHINE: SKY     :PK WND
================================================================================
1   2   3   4   5  6A  6B    7    8   9   10  11  12  13   14  15   16   17  18
                                     12Z  AVG MX 2MIN
DY MAX MIN AVG DEP HDD CDD  WTR  SNW DPTH SPD SPD DIR MIN PSBL S-S WX    SPD DR
================================================================================

 1  82  60  71   2   0   6 0.01  0.0    0  9.8 18  90   M    M   4 1      24 100
 2  80  64  72   3   0   7    T  0.0    0  7.7 16 100   M    M   2        21 110
 3  83  64  74   5   0   9 0.00  0.0    0  8.2 16  70   M    M   1        21  70
 4  83  64  74   6   0   9 0.00  0.0    0  9.2 18  80   M    M   3        24  80
 5  83  66  75   7   0  10 0.00  0.0    0  6.8 15  90   M    M   5        20  80
 6  84  68  76   8   0  11    T  0.0    0  4.6 13 320   M    M   6        15 330
 7  73  64  69   1   0   4 0.00  0.0    0  6.0 14 360   M    M   6 128    16  30
 8  74  58  66  -2   0   1 0.00  0.0    0  7.6 13 340   M    M   5        16 280
 9  66  54  60  -8   5   0    T  0.0    0 10.7 18 320   M    M   6 1      22 320
10  68  49  59  -8   6   0 0.00  0.0    0  6.3 17 340   M    M   0        21 360
11  68  47  58  -9   7   0 0.00  0.0    0  4.3 14 310   M    M   2 1      18 300
12  62  51  57 -10   8   0 0.00  0.0    0  6.4 14  10   M    M   1        18  10
13  73  47  60  -7   5   0 0.00  0.0    0  5.8 12 330   M    M   0        19 360
14  74  46  60  -7   5   0 0.00  0.0    0  4.5 12 320   M    M   0        14 340
15  74  46  60  -7   5   0 0.00  0.0    0  2.2 10 260   M    M   0        12 250
16  75  49  62  -4   3   0 0.00  0.0    0  2.3 10 260   M    M   0 18     14 250
17  77  52  65  -1   0   0 0.00  0.0    0  3.4 12 260   M    M   0        17 230
18  73  51  62  -4   3   0 0.00  0.0    0  4.6 13 330   M    M   2        15 320
19  78  49  64  -2   1   0 0.00  0.0    0  2.6  8  50   M    M   0 1      10  50
20  81  54  68   2   0   3 0.00  0.0    0  3.3 12 230   M    M   0        16 210
21  80  60  70   4   0   5 0.03  0.0    0  4.1 13 210   M    M   4 1      18 150
22  81  68  75   9   0  10    T  0.0    0  6.9 17 210   M    M   2 1      23 200
23  85  68  77  12   0  12 0.00  0.0    0  8.0 15 150   M    M   5 12     21 160
24  83  68  76  11   0  11    T  0.0    0 11.9 23 290   M    M   5 1      30 200
25  73  61  67   2   0   2 0.01  0.0    0  7.5 17 330   M    M   7 1      22 340
26  74  56  65   0   0   0    T  0.0    0  7.8 13  40   M    M   7        16  40
27  80  68  74   9   0   9 0.00  0.0    0  2.9  8 170   M    M   6 1      12 120
================================================================================
SM 2067 1552        48 109  0.05     0.0 165.4          M       79
================================================================================
AV 76.6 57.5                               6.1 FASTST   M    M   3    MAX(MPH)
                                 MISC ---->  # 23 290               # 30  200
================================================================================
NOTES:
# LAST OF SEVERAL OCCURRENCES

COLUMN 17 PEAK WIND IN M.P.H.

PRELIMINARY LOCAL CLIMATOLOGICAL DATA (WS FORM: F-6) , PAGE 2

                                          STATION:  Fort Myers
                                          MONTH:    DECEMBER
                                          YEAR:     2014
                                          LATITUDE:   26 34 N
                                          LONGITUDE:  81 52 W

[TEMPERATURE DATA]      [PRECIPITATION DATA]       SYMBOLS USED IN COLUMN 16

AVERAGE MONTHLY: 67.0   TOTAL FOR MONTH:   0.05    1 = FOG OR MIST
DPTR FM NORMAL:   0.2   DPTR FM NORMAL:   -1.42    2 = FOG REDUCING VISIBILITY
HIGHEST:    85 ON 23    GRTST 24HR  0.03 ON 21-21      TO 1/4 MILE OR LESS
LOWEST:     46 ON 15,14                            3 = THUNDER
                        SNOW, ICE PELLETS, HAIL    4 = ICE PELLETS
                        TOTAL MONTH:   0.0 INCH    5 = HAIL
                        GRTST 24HR     0.0         6 = FREEZING RAIN OR DRIZZLE
                        GRTST DEPTH:   0           7 = DUSTSTORM OR SANDSTORM:
                                                       VSBY 1/2 MILE OR LESS
                                                   8 = SMOKE OR HAZE
[NO. OF DAYS WITH]      [WEATHER - DAYS WITH]      9 = BLOWING SNOW
                                                   X = TORNADO
MAX 32 OR BELOW:   0    0.01 INCH OR MORE:   3
MAX 90 OR ABOVE:   0    0.10 INCH OR MORE:   0
MIN 32 OR BELOW:   0    0.50 INCH OR MORE:   0
MIN  0 OR BELOW:   0    1.00 INCH OR MORE:   0

[HDD (BASE 65) ]
TOTAL THIS MO.    48    CLEAR  (SCALE 0-3)  15
DPTR FM NORMAL   -11    PTCLDY (SCALE 4-7)  12
TOTAL FM JUL 1    89    CLOUDY (SCALE 8-10)  0
DPTR FM NORMAL    12

[CDD (BASE 65) ]
TOTAL THIS MO.   109
DPTR FM NORMAL     0    [PRESSURE DATA]
TOTAL FM JAN 1  4036    HIGHEST SLP M ON M
DPTR FM NORMAL    64    LOWEST  SLP 29.80 ON 24

[REMARKS]
