000
CXUS52 KMLB 310641
CF6FPR
PRELIMINARY LOCAL CLIMATOLOGICAL DATA (WS FORM: F-6)

                                          STATION:   FORT PIERCE
                                          MONTH:     AUGUST
                                          YEAR:      2015
                                          LATITUDE:   27 30 N
                                          LONGITUDE:  80 22 W

  TEMPERATURE IN F:       :PCPN:    SNOW:  WIND      :SUNSHINE: SKY     :PK WND
================================================================================
1   2   3   4   5  6A  6B    7    8   9   10  11  12  13   14  15   16   17  18
                                     12Z  AVG MX 2MIN
DY MAX MIN AVG DEP HDD CDD  WTR  SNW DPTH SPD SPD DIR MIN PSBL S-S WX    SPD DR
================================================================================

 1  88  72  80  -2   0  15 0.84  0.0    0  6.1 24 250   M    M   5 1      34 240
 2  90  72  81  -1   0  16 0.46  0.0    0  5.8 21 180   M    M   3 18     29 200
 3  91  73  82   0   0  17 0.00  0.0    0  6.9 18 280   M    M   1        24 280
 4  92  70  81  -1   0  16 0.00  0.0    0  5.3 16 130   M    M   0 1      18 100
 5  91  73  82   0   0  17 0.62  0.0    0  3.8 25 190   M    M   0 1      31 190
 6  92  73  83   1   0  18 0.00  0.0    0  4.3 17 130   M    M   1        21 130
 7  95  75  85   3   0  20    T  0.0    0  6.1 14 320   M    M   2        19 320
 8  91  74  83   1   0  18 0.20  0.0    0  5.5 18 320   M    M   3 1      25 320
 9  89  73  81  -1   0  16 0.00  0.0    0  4.1 10  70   M    M   2 1      14  80
10  90  73  82   0   0  17 0.00  0.0    0  4.6 13 120   M    M   2 12     17  90
11  94  71  83   1   0  18 0.00  0.0    0  5.0 20 130   M    M   2 1      23 130
12  95  74  85   3   0  20 0.03  0.0    0  3.6 28 290   M    M   1 1      36 290
13  93  71  82   0   0  17 0.33  0.0    0  4.5 18 300   M    M   2 1      25 300
14  86  70  78  -4   0  13 0.00  0.0    0  4.0 16 140   M    M   1 18     20 130
15  90  74  82   0   0  17    T  0.0    0  5.3 17 110   M    M   2        22 110
16  90  73  82   0   0  17 0.46  0.0    0  6.3 20 130   M    M   1 1      27 110
17  90  75  83   1   0  18 0.00  0.0    0  7.7 17 120   M    M   2        22 120
18  90  75  83   1   0  18 0.00  0.0    0  5.7 14 130   M    M   1        17 130
19  91  76  84   2   0  19    T  0.0    0  3.6 15 100   M    M   2 1      18 110
20  92  73  83   1   0  18 0.00  0.0    0  5.3 15 130   M    M   1 1      18 140
21  93  74  84   2   0  19 0.00  0.0    0  2.8 14 100   M    M   1 1      18 100
22  93  72  83   1   0  18 0.00  0.0    0  3.6 12  80   M    M   0 1      16  80
23  92  76  84   2   0  19 0.00  0.0    0  3.3 12  20   M    M   1 1      17  60
24  93  74  84   2   0  19 0.00  0.0    0  4.5 14 110   M    M   2 1      18 100
25  93  74  84   2   0  19 0.00  0.0    0  4.3 17 160   M    M   3        21 170
26  93  73  83   1   0  18 0.05  0.0    0  4.4 14 180   M    M   2 1      19 180
27  90  73  82   0   0  17 0.12  0.0    0  4.6 18 100   M    M   4 1      23  90
28  89  71  80  -1   0  15 0.24  0.0    0  3.7 15 100   M    M   5 1      21 100
29  91  75  83   2   0  18 0.47  0.0    0  6.3 25 110   M    M   4 138    30 120
30  85  76  81   0   0  16 1.26  0.0    0  6.8 25 140   M    M   7 1      35 130
================================================================================
SM 2732 2198         0 523  5.08     0.0 147.8          M       63
================================================================================
AV 91.1 73.3                               4.9 FASTST   M    M   2    MAX(MPH)
                                 MISC ---->  # 28 290               # 36  290
================================================================================
NOTES:
# LAST OF SEVERAL OCCURRENCES

COLUMN 17 PEAK WIND IN M.P.H.

PRELIMINARY LOCAL CLIMATOLOGICAL DATA (WS FORM: F-6) , PAGE 2

                                          STATION:  FORT PIERCE
                                          MONTH:    AUGUST
                                          YEAR:     2015
                                          LATITUDE:   27 30 N
                                          LONGITUDE:  80 22 W

[TEMPERATURE DATA]      [PRECIPITATION DATA]       SYMBOLS USED IN COLUMN 16

AVERAGE MONTHLY: 82.2   TOTAL FOR MONTH:   5.08    1 = FOG OR MIST
DPTR FM NORMAL:   0.3   DPTR FM NORMAL:   -2.00    2 = FOG REDUCING VISIBILITY
HIGHEST:    95 ON 12, 7 GRTST 24HR  1.71 ON 29-30      TO 1/4 MILE OR LESS
LOWEST:     70 ON 14, 4                            3 = THUNDER
                        SNOW, ICE PELLETS, HAIL    4 = ICE PELLETS
                        TOTAL MONTH:   0.0 INCH    5 = HAIL
                        GRTST 24HR     0.0         6 = FREEZING RAIN OR DRIZZLE
                        GRTST DEPTH:   0           7 = DUSTSTORM OR SANDSTORM:
                                                       VSBY 1/2 MILE OR LESS
                                                   8 = SMOKE OR HAZE
[NO. OF DAYS WITH]      [WEATHER - DAYS WITH]      9 = BLOWING SNOW
                                                   X = TORNADO
MAX 32 OR BELOW:   0    0.01 INCH OR MORE:  12
MAX 90 OR ABOVE:  25    0.10 INCH OR MORE:  10
MIN 32 OR BELOW:   0    0.50 INCH OR MORE:   3
MIN  0 OR BELOW:   0    1.00 INCH OR MORE:   1

[HDD (BASE 65) ]
TOTAL THIS MO.     0    CLEAR  (SCALE 0-3)  25
DPTR FM NORMAL     0    PTCLDY (SCALE 4-7)   5
TOTAL FM JUL 1     0    CLOUDY (SCALE 8-10)  0
DPTR FM NORMAL     0

[CDD (BASE 65) ]
TOTAL THIS MO.   523
DPTR FM NORMAL    17    [PRESSURE DATA]
TOTAL FM JAN 1  2608    HIGHEST SLP M ON M
DPTR FM NORMAL   351    LOWEST  SLP 29.85 ON  8

[REMARKS]
