000
CXUS55 KFSD 220021
CF6FSD
PRELIMINARY LOCAL CLIMATOLOGICAL DATA (WS FORM: F-6)

                                          STATION:   SIOUX FALLS
                                          MONTH:     FEBRUARY
                                          YEAR:      2018
                                          LATITUDE:   43 34 N
                                          LONGITUDE:  96 44 W

  TEMPERATURE IN F:       :PCPN:    SNOW:  WIND      :SUNSHINE: SKY     :PK WND
================================================================================
1   2   3   4   5  6A  6B    7    8   9   10  11  12  13   14  15   16   17  18
                                     12Z  AVG MX 2MIN
DY MAX MIN AVG DEP HDD CDD  WTR  SNW DPTH SPD SPD DIR MIN PSBL S-S WX    SPD DR
================================================================================

 1  13   2   8 -10  57   0    T    T    T 11.3 22 320   M    M   2        27 320
 2  31   0  16  -2  49   0 0.00  0.0    T  8.1 18 180   M    M   7        25 180
 3  41   5  23   5  42   0    T    T    T 10.6 26 350   M    M   9 9      31 360
 4  10  -2   4 -14  61   0    T    T    T 13.7 30 360   M    M   3        36 360
 5  17  -7   5 -14  60   0 0.14  2.3    T 11.2 22 340   M    M   5 1      25 360
 6   8 -13  -2 -21  67   0    T    T    2  7.4 17 180   M    M   7        20 180
 7  12  -1   6 -13  59   0 0.03  0.5    2  8.1 20 330   M    M   6 1      24 320
 8  16  -4   6 -13  59   0 0.23  2.9    2  7.3 18  50   M    M   8 12     23  60
 9   9   1   5 -15  60   0 0.01  0.1    4 10.1 21  40   M    M   9 1      24  30
10   6 -10  -2 -22  67   0 0.00  0.0    4  5.5 12 270   M    M   4        16 280
11  20  -6   7 -13  58   0 0.00  0.0    4  5.2 14 290   M    M   2        17 300
12  13 -10   2 -18  63   0 0.01  0.1    4  8.6 20 110   M    M   8 1      24 110
13  29  12  21   0  44   0 0.00  0.0    3 11.1 24 200   M    M   3        29 190
14  48   9  29   8  36   0 0.00  0.0    3  5.6 15 230   M    M   1 1      21 220
15  34   9  22   1  43   0    T  0.1    1 12.4 30 340   M    M   6 19     35 340
16  25   1  13  -9  52   0 0.00  0.0    T 11.9 24 190   M    M   2        29 200
17  33  13  23   1  42   0 0.11  1.3    1  9.0 20 300   M    M   7 1      25 290
18  44  19  32  10  33   0 0.00  0.0    1 16.7 30 160   M    M   7        37 180
19  19  14  17  -6  48   0 0.01  0.2    T 15.9 25  10   M    M  10 16     34  20
20  14   1   8 -15  57   0 0.16  2.5    2 13.6 28 310   M    M   6 129    32 310
================================================================================
SM  442   33      1057   0  0.70    10.0 203.3          M      112
================================================================================
AV 22.1  1.7                              10.2 FASTST   M    M   6    MAX(MPH)
                                 MISC ---->  # 30 360               # 37  180
================================================================================
NOTES:
# LAST OF SEVERAL OCCURRENCES

COLUMN 17 PEAK WIND IN M.P.H.

PRELIMINARY LOCAL CLIMATOLOGICAL DATA (WS FORM: F-6) , PAGE 2

                                          STATION:  SIOUX FALLS
                                          MONTH:    FEBRUARY
                                          YEAR:     2018
                                          LATITUDE:   43 34 N
                                          LONGITUDE:  96 44 W

[TEMPERATURE DATA]      [PRECIPITATION DATA]       SYMBOLS USED IN COLUMN 16

AVERAGE MONTHLY: 11.9   TOTAL FOR MONTH:   0.70    1 = FOG OR MIST
DPTR FM NORMAL:  -8.3   DPTR FM NORMAL:    0.32    2 = FOG REDUCING VISIBILITY
HIGHEST:    48 ON 14    GRTST 24HR  0.23 ON  8- 8      TO 1/4 MILE OR LESS
LOWEST:    -13 ON  6                               3 = THUNDER
                        SNOW, ICE PELLETS, HAIL    4 = ICE PELLETS
                        TOTAL MONTH:  10.0 INCHES  5 = HAIL
                        GRTST 24HR   2.9 ON  8- 8  6 = FREEZING RAIN OR DRIZZLE
                        GRTST DEPTH:   4 ON 12,11  7 = DUSTSTORM OR SANDSTORM:
                                                       VSBY 1/2 MILE OR LESS
                                                   8 = SMOKE OR HAZE
[NO. OF DAYS WITH]      [WEATHER - DAYS WITH]      9 = BLOWING SNOW
                                                   X = TORNADO
MAX 32 OR BELOW:  15    0.01 INCH OR MORE:   8
MAX 90 OR ABOVE:   0    0.10 INCH OR MORE:   4
MIN 32 OR BELOW:  20    0.50 INCH OR MORE:   0
MIN  0 OR BELOW:   9    1.00 INCH OR MORE:   0

[HDD (BASE 65) ]
TOTAL THIS MO.  1057    CLEAR  (SCALE 0-3)   6
DPTR FM NORMAL   160    PTCLDY (SCALE 4-7)  11
TOTAL FM JUL 1  5287    CLOUDY (SCALE 8-10)  3
DPTR FM NORMAL  -242

[CDD (BASE 65) ]
TOTAL THIS MO.     0
DPTR FM NORMAL     0    [PRESSURE DATA]
TOTAL FM JAN 1     0    HIGHEST SLP M ON M
DPTR FM NORMAL     0    LOWEST  SLP 29.52 ON 18

[REMARKS]
