000
CXUS54 KTSA 291131
CF6FSM
PRELIMINARY LOCAL CLIMATOLOGICAL DATA (WS FORM: F-6)

                                          STATION:   FORT SMITH ARKANSAS
                                          MONTH:     SEPTEMBER
                                          YEAR:      2016
                                          LATITUDE:   35 19 N
                                          LONGITUDE:  94 22 W

  TEMPERATURE IN F:       :PCPN:    SNOW:  WIND      :SUNSHINE: SKY     :PK WND
================================================================================
1   2   3   4   5  6A  6B    7    8   9   10  11  12  13   14  15   16   17  18
                                     12Z  AVG MX 2MIN
DY MAX MIN AVG DEP HDD CDD  WTR  SNW DPTH SPD SPD DIR MIN PSBL S-S WX    SPD DR
================================================================================

 1  82  71  77  -2   0  12 1.12  0.0    0  4.2 13  60   M    M   4 13     15  80
 2  84  65  75  -4   0  10 0.00  0.0    0  5.9 12  70   M    M   0        16  50
 3  84  61  73  -6   0   8 0.00  0.0    0  4.3 12  60   M    M   0        16  90
 4  89  62  76  -2   0  11 0.00  0.0    0  4.7 10  70   M    M   0        14 120
 5  93  69  81   3   0  16 0.00  0.0    0  5.2 14 210   M    M   1        21 200
 6  92  74  83   5   0  18 0.00  0.0    0  5.1 14 210   M    M   2        19 220
 7  94  73  84   7   0  19 0.00  0.0    0  4.9 16 200   M    M   1 1      21 200
 8  95  73  84   7   0  19 0.00  0.0    0  6.2 16 190   M    M   1        20 170
 9  95  74  85   8   0  20 0.00  0.0    0  5.0 18 200   M    M   1        24 190
10  84  61  73  -3   0   8 0.01  0.0    0  8.9 31 360   M    M   3 3      39 330
11  85  55  70  -6   0   5 0.00  0.0    0  4.2  9  90   M    M   0        14 110
12  90  60  75   0   0  10 0.00  0.0    0  5.4 13 160   M    M   0        20 160
13  91  69  80   5   0  15 0.00  0.0    0  4.6 10 100   M    M   1        13  50
14  90  70  80   5   0  15    T  0.0    0  3.8 16  10   M    M   0 3      19  10
15  93  70  82   8   0  17    T  0.0    0  4.5 21 140   M    M   1 3      26 140
16  93  70  82   8   0  17 0.26  0.0    0  7.3 31 330   M    M   4 13     40 290
17  90  67  79   6   0  14 0.03  0.0    0  2.6 15 280   M    M   2 13     19 280
18  89  70  80   7   0  15 0.37  0.0    0  5.0 26 280   M    M   1 13     33 280
19  93  68  81   9   0  16 0.00  0.0    0  5.2 12  60   M    M   2        15  50
20  93  72  83  11   0  18 0.00  0.0    0  5.3 13  70   M    M   1        16  70
21  93  68  81   9   0  16 0.00  0.0    0  3.7  7 110   M    M   0 1       9 120
22  93  68  81  10   0  16 0.00  0.0    0  4.1  9 250   M    M   0 1      13 190
23  93  66  80   9   0  15 0.00  0.0    0  5.3 12 160   M    M   1 1      16 150
24  94  71  83  13   0  18 0.00  0.0    0  6.5 14 150   M    M   2        20 140
25  93  70  82  12   0  17    T  0.0    0  5.9 18 350   M    M   2        22 340
26  81  60  71   1   0   6    T  0.0    0  6.7 14  30   M    M   4        19  30
27  83  50  67  -2   0   2 0.00  0.0    0  1.7  8 250   M    M   0 8      10  10
28  90  51  71   2   0   6 0.00  0.0    0  8.3 18 340   M    M   0        25 360
================================================================================
SM 2519 1858         0 379  1.79     0.0 144.5          M       34
================================================================================
AV 90.0 66.4                               5.2 FASTST   M    M   1    MAX(MPH)
                                 MISC ---->  # 31 360               # 40  290
================================================================================
NOTES:
# LAST OF SEVERAL OCCURRENCES

COLUMN 17 PEAK WIND IN M.P.H.

PRELIMINARY LOCAL CLIMATOLOGICAL DATA (WS FORM: F-6) , PAGE 2

                                          STATION:  FORT SMITH ARKANSAS
                                          MONTH:    SEPTEMBER
                                          YEAR:     2016
                                          LATITUDE:   35 19 N
                                          LONGITUDE:  94 22 W

[TEMPERATURE DATA]      [PRECIPITATION DATA]       SYMBOLS USED IN COLUMN 16

AVERAGE MONTHLY: 78.2   TOTAL FOR MONTH:   1.79    1 = FOG OR MIST
DPTR FM NORMAL:   3.9   DPTR FM NORMAL:   -1.99    2 = FOG REDUCING VISIBILITY
HIGHEST:    95 ON  9, 8 GRTST 24HR  1.12 ON  1- 1      TO 1/4 MILE OR LESS
LOWEST:     50 ON 27                               3 = THUNDER
                        SNOW, ICE PELLETS, HAIL    4 = ICE PELLETS
                        TOTAL MONTH:   0.0 INCH    5 = HAIL
                        GRTST 24HR     0.0         6 = FREEZING RAIN OR DRIZZLE
                        GRTST DEPTH:   0           7 = DUSTSTORM OR SANDSTORM:
                                                       VSBY 1/2 MILE OR LESS
                                                   8 = SMOKE OR HAZE
[NO. OF DAYS WITH]      [WEATHER - DAYS WITH]      9 = BLOWING SNOW
                                                   X = TORNADO
MAX 32 OR BELOW:   0    0.01 INCH OR MORE:   5
MAX 90 OR ABOVE:  19    0.10 INCH OR MORE:   3
MIN 32 OR BELOW:   0    0.50 INCH OR MORE:   1
MIN  0 OR BELOW:   0    1.00 INCH OR MORE:   1

[HDD (BASE 65) ]
TOTAL THIS MO.     0    CLEAR  (SCALE 0-3)  24
DPTR FM NORMAL   -13    PTCLDY (SCALE 4-7)   4
TOTAL FM JUL 1     0    CLOUDY (SCALE 8-10)  0
DPTR FM NORMAL   -13

[CDD (BASE 65) ]
TOTAL THIS MO.   379
DPTR FM NORMAL   108    [PRESSURE DATA]
TOTAL FM JAN 1  2230    HIGHEST SLP M ON M
DPTR FM NORMAL   264    LOWEST  SLP 29.82 ON  9

[REMARKS]
