000
CXUS52 KFFC 261110
CF6FTY
PRELIMINARY LOCAL CLIMATOLOGICAL DATA (WS FORM: F-6)

                                          STATION:   FULTON COUNTY AIRPORT
                                          MONTH:     JULY
                                          YEAR:      2016
                                          LATITUDE:   33 46 N
                                          LONGITUDE:  84 31 W

  TEMPERATURE IN F:       :PCPN:    SNOW:  WIND      :SUNSHINE: SKY     :PK WND
================================================================================
1   2   3   4   5  6A  6B    7    8   9   10  11  12  13   14  15   16   17  18
                                     12Z  AVG MX 2MIN
DY MAX MIN AVG DEP HDD CDD  WTR  SNW DPTH SPD SPD DIR MIN PSBL S-S WX    SPD DR
================================================================================

 1  94  73  84   5   0  19 0.00    M    M  5.8 14 340   M    M   3        18 320
 2  97  69  83   4   0  18 0.00    M    M  2.7 15 290   M    M   1        19 320
 3  98  70  84   5   0  19 0.15    M    M  2.8 21 290   M    M   1 13     26 290
 4  95  74  85   6   0  20 0.03    M    M  6.5 22 210   M    M   1 13     27 210
 5  88  74  81   2   0  16 0.45    M    M  6.7 21 280   M    M   3 138    27 280
 6  88  70  79  -1   0  14 0.58    M    M  5.0 28 300   M    M   2 138    44 300
 7  94  71  83   3   0  18 0.00  0.0    M  7.2 17 280   M    M   4        24 250
 8  96  77  87   7   0  22 0.00  0.0    M  6.7 16 270   M    M   2 3      24 290
 9  93  75  84   4   0  19 0.00    M    M  6.2 20 310   M    M   1        27 320
10  92  72  82   2   0  17 0.00    M    M  3.7 14 230   M    M   1        19 230
11  91  72  82   2   0  17 0.16  0.0    M  4.5 20 220   M    M   2 38     28 230
12  92  68  80   0   0  15 0.00  0.0    M  4.1 20 210   M    M   2        29 220
13  93  71  82   2   0  17 0.00    M    M  4.1 13 280   M    M   0        16 290
14  94  70  82   2   0  17    T    M    M  4.5 15 330   M    M   2 3      20 330
15  92  70  81   1   0  16 0.00    M    M  3.8 14 280   M    M   2        19 330
16  90  71  81   1   0  16    T    M    M  4.8 20  70   M    M   1 3      28  70
17  93  69  81   1   0  16    T    M    M  3.4 14  80   M    M   2 3      19  80
18  93  72  83   3   0  18 0.01    M    M  3.5 13 140   M    M   2 3      16 140
19  98  73  86   6   0  21 0.26    M    M  3.9 15 210   M    M   2 3      21 200
20  96  70  83   3   0  18 0.00    M    M  3.1 10 110   M    M   0 3      15 130
21  95  73  84   4   0  19    T    M    M  4.0 23 240   M    M   1 3      31 240
22  93  70  82   2   0  17 0.00  0.0    M  4.0 12 170   M    M   1 3      18 200
23  92  73  83   3   0  18 0.00  0.0    M  3.3 15  50   M    M   1        20 210
24  96  72  84   4   0  19    T  0.0    M  2.5 14 340   M    M   1 13     19 190
25  97  72  85   5   0  20 0.25    M    M  2.8 17 210   M    M   4 3      23 210
================================================================================
SM 2340 1791         0 446  1.89     0.0 109.6          M       42
================================================================================
AV 93.6 71.6                               4.4 FASTST   M    M   2    MAX(MPH)
                                 MISC ---->  # 28 300               # 44  300
================================================================================
NOTES:
# LAST OF SEVERAL OCCURRENCES

COLUMN 17 PEAK WIND IN M.P.H.

PRELIMINARY LOCAL CLIMATOLOGICAL DATA (WS FORM: F-6) , PAGE 2

                                          STATION:  FULTON COUNTY AIRPORT
                                          MONTH:    JULY
                                          YEAR:     2016
                                          LATITUDE:   33 46 N
                                          LONGITUDE:  84 31 W

[TEMPERATURE DATA]      [PRECIPITATION DATA]       SYMBOLS USED IN COLUMN 16

AVERAGE MONTHLY: 82.6   TOTAL FOR MONTH:   1.89    1 = FOG OR MIST
DPTR FM NORMAL:   2.8   DPTR FM NORMAL:   -2.51    2 = FOG REDUCING VISIBILITY
HIGHEST:    98 ON 19, 3 GRTST 24HR  0.74 ON  5- 6      TO 1/4 MILE OR LESS
LOWEST:     68 ON 12                               3 = THUNDER
                        SNOW, ICE PELLETS, HAIL    4 = ICE PELLETS
                        TOTAL MONTH:   0.0 INCH    5 = HAIL
                        GRTST 24HR     0.0         6 = FREEZING RAIN OR DRIZZLE
                        GRTST DEPTH:  M  ON   M    7 = DUSTSTORM OR SANDSTORM:
                                                       VSBY 1/2 MILE OR LESS
                                                   8 = SMOKE OR HAZE
[NO. OF DAYS WITH]      [WEATHER - DAYS WITH]      9 = BLOWING SNOW
                                                   X = TORNADO
MAX 32 OR BELOW:   0    0.01 INCH OR MORE:   8
MAX 90 OR ABOVE:  23    0.10 INCH OR MORE:   6
MIN 32 OR BELOW:   0    0.50 INCH OR MORE:   1
MIN  0 OR BELOW:   0    1.00 INCH OR MORE:   0

[HDD (BASE 65) ]
TOTAL THIS MO.     0    CLEAR  (SCALE 0-3)  22
DPTR FM NORMAL     0    PTCLDY (SCALE 4-7)   3
TOTAL FM JUL 1     0    CLOUDY (SCALE 8-10)  0
DPTR FM NORMAL     0

[CDD (BASE 65) ]
TOTAL THIS MO.   446
DPTR FM NORMAL    77    [PRESSURE DATA]
TOTAL FM JAN 1  1117    HIGHEST SLP  0.00 ON 19
DPTR FM NORMAL   198    LOWEST  SLP 29.93 ON M

[REMARKS]
