000
CXUS52 KFFC 281110
CF6FTY
PRELIMINARY LOCAL CLIMATOLOGICAL DATA (WS FORM: F-6)

                                          STATION:   FULTON COUNTY AIRPORT
                                          MONTH:     JULY
                                          YEAR:      2015
                                          LATITUDE:   33 46 N
                                          LONGITUDE:  84 31 W

  TEMPERATURE IN F:       :PCPN:    SNOW:  WIND      :SUNSHINE: SKY     :PK WND
================================================================================
1   2   3   4   5  6A  6B    7    8   9   10  11  12  13   14  15   16   17  18
                                     12Z  AVG MX 2MIN
DY MAX MIN AVG DEP HDD CDD  WTR  SNW DPTH SPD SPD DIR MIN PSBL S-S WX    SPD DR
================================================================================

 1  86  67  77  -2   0  12 0.25  0.0    M  5.4 18 320   M    M   5 138    23 290
 2  88  68  78  -1   0  13    T  0.0    M  7.6 18 270   M    M   2        24 290
 3  80  70  75  -4   0  10 0.24  0.0    M  7.0 17 320   M    M   4 138    24 320
 4  86  68  77  -2   0  12 0.49  0.0    M  6.1 13 170   M    M   5 13     17 200
 5  86  69  78  -1   0  13 0.00  0.0    M  6.0 15 230   M    M   5        20 210
 6  85  71  78  -2   0  13 0.08  0.0    M  3.4 16 220   M    M   6 3      21 210
 7  90  68  79  -1   0  14 0.00  0.0    M  4.1 13 230   M    M   1 1      16 220
 8  91  70  81   1   0  16 0.00  0.0    M  3.6 10 230   M    M   1 1      16 250
 9  93  70  82   2   0  17 0.00  0.0    0  2.9 13 300   M    M   1 1      17 310
10  95  72  84   4   0  19 0.00  0.0    0  3.7 17 230   M    M   1 3      23 230
11  95  71  83   3   0  18 0.00    M    M  3.5 13  20   M    M   0        26 340
12  94  69  82   2   0  17 0.04    M    M  4.1 16 230   M    M   1 3      21 230
13  94  71  83   3   0  18    T    M    M  4.1 12 280   M    M   1        17 300
14  93  71  82   2   0  17 0.55    M    M  8.0 35 310   M    M   2 13     47 310
15  91  69  80   0   0  15 0.00    M    M  5.5 16  10   M    M   2 3      22 310
16  91  69  80   0   0  15 0.00    M    M  1.9  9 300   M    M   1 1      13 110
17  94  70  82   2   0  17    T    M    M  2.5  8 300   M    M   1        12  30
18  95  72  84   4   0  19 0.28    M    M  2.4 28 160   M    M   2 138    36 170
19  91  71  81   1   0  16 0.31    M    M  3.7 31 300   M    M   1 13     42 290
20  94  73  84   4   0  19 0.06    M    M  4.2 18 310   M    M   3 3      26 310
21  93  75  84   4   0  19 0.03    M    M  5.2 25 320   M    M   1 3      34 320
22  93  73  83   3   0  18 0.16    M    M  3.0 20 350   M    M   2 3      27  10
23  87  73  80   0   0  15 0.40    M    M  4.6 24 290   M    M   2 138    36 290
24  91  73  82   2   0  17 0.00    M    M  5.9 14 320   M    M   3        20 310
25  92  71  82   2   0  17 0.00    M    M  3.2 10 150   M    M   3        19 120
26  91  71  81   1   0  16    T    M    M  2.0 10 180   M    M   3 8      13 170
27  94  71  83   3   0  18 0.31    M    M  2.0 28  70   M    M   1 138    33  60
================================================================================
SM 2453 1906         0 430  3.20     0.0 115.6          M       60
================================================================================
AV 90.9 70.6                               4.3 FASTST   M    M   2    MAX(MPH)
                                 MISC ---->  # 35 310               # 47  310
================================================================================
NOTES:
# LAST OF SEVERAL OCCURRENCES

COLUMN 17 PEAK WIND IN M.P.H.

PRELIMINARY LOCAL CLIMATOLOGICAL DATA (WS FORM: F-6) , PAGE 2

                                          STATION:  FULTON COUNTY AIRPORT
                                          MONTH:    JULY
                                          YEAR:     2015
                                          LATITUDE:   33 46 N
                                          LONGITUDE:  84 31 W

[TEMPERATURE DATA]      [PRECIPITATION DATA]       SYMBOLS USED IN COLUMN 16

AVERAGE MONTHLY: 80.7   TOTAL FOR MONTH:   3.20    1 = FOG OR MIST
DPTR FM NORMAL:   0.9   DPTR FM NORMAL:   -1.41    2 = FOG REDUCING VISIBILITY
HIGHEST:    95 ON 18,11 GRTST 24HR  0.59 ON 18-19      TO 1/4 MILE OR LESS
LOWEST:     67 ON  1                               3 = THUNDER
                        SNOW, ICE PELLETS, HAIL    4 = ICE PELLETS
                        TOTAL MONTH:   0.0 INCH    5 = HAIL
                        GRTST 24HR     0.0         6 = FREEZING RAIN OR DRIZZLE
                        GRTST DEPTH:   0           7 = DUSTSTORM OR SANDSTORM:
                                                       VSBY 1/2 MILE OR LESS
                                                   8 = SMOKE OR HAZE
[NO. OF DAYS WITH]      [WEATHER - DAYS WITH]      9 = BLOWING SNOW
                                                   X = TORNADO
MAX 32 OR BELOW:   0    0.01 INCH OR MORE:  13
MAX 90 OR ABOVE:  20    0.10 INCH OR MORE:   9
MIN 32 OR BELOW:   0    0.50 INCH OR MORE:   1
MIN  0 OR BELOW:   0    1.00 INCH OR MORE:   0

[HDD (BASE 65) ]
TOTAL THIS MO.     0    CLEAR  (SCALE 0-3)  22
DPTR FM NORMAL     0    PTCLDY (SCALE 4-7)   5
TOTAL FM JUL 1     0    CLOUDY (SCALE 8-10)  0
DPTR FM NORMAL     0

[CDD (BASE 65) ]
TOTAL THIS MO.   430
DPTR FM NORMAL    31    [PRESSURE DATA]
TOTAL FM JAN 1  1131    HIGHEST SLP M ON M
DPTR FM NORMAL   182    LOWEST  SLP 29.75 ON 14

[REMARKS]
