000
CXUS52 KFFC 251110
CF6FTY
PRELIMINARY LOCAL CLIMATOLOGICAL DATA (WS FORM: F-6)

                                          STATION:   FULTON COUNTY AIRPORT
                                          MONTH:     JUNE
                                          YEAR:      2017
                                          LATITUDE:   33 46 N
                                          LONGITUDE:  84 31 W

  TEMPERATURE IN F:       :PCPN:    SNOW:  WIND      :SUNSHINE: SKY     :PK WND
================================================================================
1   2   3   4   5  6A  6B    7    8   9   10  11  12  13   14  15   16   17  18
                                     12Z  AVG MX 2MIN
DY MAX MIN AVG DEP HDD CDD  WTR  SNW DPTH SPD SPD DIR MIN PSBL S-S WX    SPD DR
================================================================================

 1  85  65  75   1   0  10 0.00  0.0    0  3.1 12 200   M    M   0        16 220
 2  87  67  77   3   0  12 0.00  0.0    0  1.8  9 310   M    M   0        11 300
 3  89  65  77   3   0  12    T  0.0    0  2.1 13 360   M    M   3 3      16  10
 4  82  71  77   2   0  12 0.52  0.0    0  3.4 13 130   M    M   7 13     16 130
 5  83  71  77   2   0  12 0.08  0.0    0  6.0 22 280   M    M   6 13     29 300
 6  80  70  75   0   0  10 0.07  0.0    0  1.4 10 300   M    M   6 1      12 300
 7  83  65  74  -1   0   9 0.36  0.0    0  6.9 18  70   M    M   6 1      23  60
 8  81  64  73  -2   0   8    T  0.0    0  3.6 10  60   M    M   5 1      14 100
 9  84  62  73  -3   0   8 0.00  0.0    0  2.9 13 210   M    M   1        18 290
10  86  61  74  -2   0   9 0.00  0.0    0  3.0 12 160   M    M   2        16 170
11  88  63  76   0   0  11 0.00  0.0    0  4.2 14 140   M    M   4        21 110
12  88  71  80   4   0  15    T  0.0    0  3.3 17 140   M    M   4 3      24 120
13  89  68  79   3   0  14 0.00  0.0    0  2.8  9 210   M    M   2 3      14 200
14  89  69  79   2   0  14 0.24  0.0    0  3.8 22 310   M    M   5 13     26 310
15  91  68  80   3   0  15 1.10  0.0    0  3.3 33 320   M    M   2 13     47 320
16  87  68  78   1   0  13 0.00  0.0    0  4.4 12 270   M    M   2        16 270
17  90  68  79   2   0  14    T  0.0    0  3.1 17 210   M    M   2 3      22 210
18  84  71  78   1   0  13 0.70  0.0    0  5.2 17 180   M    M   7 1      21 170
19  87  72  80   3   0  15 0.01  0.0    0  3.5 17 290   M    M   5 13     22 290
20  80  70  75  -3   0  10 1.63  0.0    0  3.5 13 220   M    M   9 13     17 230
21  79  70  75  -3   0  10 0.05  0.0    0  2.6 15 250   M    M   8 1      20 240
22  84  71  78   0   0  13 0.44  0.0    0  4.2 17 160   M    M   6 13     23 170
23  89  73  81   3   0  16 0.13  0.0    0  8.1 21 300   M    M   2 13     29 310
24  86  72  79   1   0  14 0.01  0.0    0  5.0 16 350   M    M   8 3      27 360
================================================================================
SM 2051 1635         0 289  5.34     0.0  91.2          M      102
================================================================================
AV 85.5 68.1                               3.8 FASTST   M    M   4    MAX(MPH)
                                 MISC ---->  # 33 320               # 47  320
================================================================================
NOTES:
# LAST OF SEVERAL OCCURRENCES

COLUMN 17 PEAK WIND IN M.P.H.

PRELIMINARY LOCAL CLIMATOLOGICAL DATA (WS FORM: F-6) , PAGE 2

                                          STATION:  FULTON COUNTY AIRPORT
                                          MONTH:    JUNE
                                          YEAR:     2017
                                          LATITUDE:   33 46 N
                                          LONGITUDE:  84 31 W

[TEMPERATURE DATA]      [PRECIPITATION DATA]       SYMBOLS USED IN COLUMN 16

AVERAGE MONTHLY: 76.8   TOTAL FOR MONTH:   5.34    1 = FOG OR MIST
DPTR FM NORMAL:   0.6   DPTR FM NORMAL:    2.33    2 = FOG REDUCING VISIBILITY
HIGHEST:    91 ON 15    GRTST 24HR  1.63 ON 20-20      TO 1/4 MILE OR LESS
LOWEST:     61 ON 10                               3 = THUNDER
                        SNOW, ICE PELLETS, HAIL    4 = ICE PELLETS
                        TOTAL MONTH:   0.0 INCH    5 = HAIL
                        GRTST 24HR     0.0         6 = FREEZING RAIN OR DRIZZLE
                        GRTST DEPTH:   0           7 = DUSTSTORM OR SANDSTORM:
                                                       VSBY 1/2 MILE OR LESS
                                                   8 = SMOKE OR HAZE
[NO. OF DAYS WITH]      [WEATHER - DAYS WITH]      9 = BLOWING SNOW
                                                   X = TORNADO
MAX 32 OR BELOW:   0    0.01 INCH OR MORE:  13
MAX 90 OR ABOVE:   2    0.10 INCH OR MORE:   8
MIN 32 OR BELOW:   0    0.50 INCH OR MORE:   4
MIN  0 OR BELOW:   0    1.00 INCH OR MORE:   2

[HDD (BASE 65) ]
TOTAL THIS MO.     0    CLEAR  (SCALE 0-3)  10
DPTR FM NORMAL     0    PTCLDY (SCALE 4-7)  13
TOTAL FM JUL 1  1798    CLOUDY (SCALE 8-10)  1
DPTR FM NORMAL -1082

[CDD (BASE 65) ]
TOTAL THIS MO.   289
DPTR FM NORMAL    21    [PRESSURE DATA]
TOTAL FM JAN 1   618    HIGHEST SLP M ON M
DPTR FM NORMAL   150    LOWEST  SLP 29.72 ON  6

[REMARKS]
