000
CXUS56 KOTX 011500
CF6GEG
PRELIMINARY LOCAL CLIMATOLOGICAL DATA (WS FORM: F-6)

                                          STATION:   SPOKANE WA AIRPORT
                                          MONTH:     AUGUST
                                          YEAR:      2015
                                          LATITUDE:   47 37 N
                                          LONGITUDE: 117 32 W

  TEMPERATURE IN F:       :PCPN:    SNOW:  WIND      :SUNSHINE: SKY     :PK WND
================================================================================
1   2   3   4   5  6A  6B    7    8   9   10  11  12  13   14  15   16   17  18
                                     12Z  AVG MX 2MIN
DY MAX MIN AVG DEP HDD CDD  WTR  SNW DPTH SPD SPD DIR MIN PSBL S-S WX    SPD DR
================================================================================

 1  99  67  83  11   0  18 0.00  0.0    0  8.3 20 270   M    M   5 8      24 270
 2  98  65  82  10   0  17 0.00  0.0    0  6.1 15 250   M    M   6 8      20 240
 3  90  67  79   7   0  14    T  0.0    0  9.9 24 220   M    M   7 8      31 230
 4  86  64  75   3   0  10 0.00  0.0    0 10.5 23 230   M    M   5        28 220
 5  81  57  69  -3   0   4 0.00  0.0    0 14.0 28 240   M    M   6        32 250
 6  77  53  65  -7   0   0 0.00  0.0    0  5.6 17 230   M    M   4        24 210
 7  84  54  69  -2   0   4 0.00  0.0    0  3.8 10  80   M    M   1        14 290
 8  86  57  72   1   0   7 0.00  0.0    0  6.9 17 250   M    M   2 8      21 180
 9  82  58  70  -1   0   5 0.04  0.0    0  6.3 17 210   M    M   7 3      22 210
10  91  64  78   7   0  13 0.00  0.0    0  7.0 30 210   M    M   8        36 220
11  97  63  80   9   0  15    T  0.0    0  7.0 18  40   M    M   3        22  40
12  99  70  85  15   0  20 0.00  0.0    0  5.5 14 220   M    M   3        18 220
13 100  67  84  14   0  19 0.00  0.0    0  4.4 10  80   M    M   3 3      14 160
14  90  61  76   6   0  11    T  0.0    0 16.2 35 230   M    M   7 78     42 240
15  74  56  65  -5   0   0 0.00  0.0    0 10.5 22 200   M    M   5 78     28 220
16  80  51  66  -4   0   1 0.00  0.0    0  4.6 10 260   M    M   5 8      15 200
17  83  58  71   2   0   6 0.00  0.0    0  5.9 15 270   M    M   7 8      18 260
18  88  59  74   5   0   9 0.00  0.0    0  5.7 15  20   M    M   6 18     21  10
19  91  61  76   7   0  11 0.00  0.0    0  7.7 21 250   M    M   6 18     25 230
20  86  63  75   6   0  10 0.00  0.0    0 13.4 24 220   M    M   7 8      29 220
21  76  55  66  -2   0   1 0.00  0.0    0 15.5 24 260   M    M   9 8      32 210
22  78  49  64  -4   1   0 0.00  0.0    0  4.2 14  40   M    M   3 8      19  40
23  85  52  69   1   0   4 0.00  0.0    0  5.0 12  50   M    M   5 8      16 120
24  85  56  71   3   0   6 0.00  0.0    0  7.8 18 200   M    M   8 8      25 190
25  87  62  75   8   0  10    T  0.0    0  4.8 12 240   M    M   5 8      16 230
26  94  59  77  10   0  12 0.00  0.0    0  5.1 12 300   M    M   5 8      13 300
27  88  62  75   8   0  10 0.00  0.0    0 10.3 22 230   M    M   6 8      27 240
28  80  65  73   7   0   8    T  0.0    0  7.7 18 220   M    M  10 8      22 190
29  83  59  71   5   0   6 0.01  0.0    0 13.6 41 260   M    M   9 78     49 260
30  67  53  60  -6   5   0 0.13  0.0    0 13.8 26 230   M    M   7 1      33 210
31  70  50  60  -6   5   0 0.00  0.0    0 11.6 21 220   M    M   7        26 220
================================================================================
SM 2655 1837        11 251  0.18     0.0 258.7          M      177
================================================================================
AV 85.6 59.3                               8.3 FASTST   M    M   6    MAX(MPH)
                                 MISC ---->  # 41 260               # 49  260
================================================================================
NOTES:
# LAST OF SEVERAL OCCURRENCES

COLUMN 17 PEAK WIND IN M.P.H.

PRELIMINARY LOCAL CLIMATOLOGICAL DATA (WS FORM: F-6) , PAGE 2

                                          STATION:  SPOKANE WA AIRPORT
                                          MONTH:    AUGUST
                                          YEAR:     2015
                                          LATITUDE:   47 37 N
                                          LONGITUDE: 117 32 W

[TEMPERATURE DATA]      [PRECIPITATION DATA]       SYMBOLS USED IN COLUMN 16

AVERAGE MONTHLY: 72.5   TOTAL FOR MONTH:   0.18    1 = FOG OR MIST
DPTR FM NORMAL:   3.2   DPTR FM NORMAL:   -0.41    2 = FOG REDUCING VISIBILITY
HIGHEST:   100 ON 13    GRTST 24HR  0.14 ON 29-30      TO 1/4 MILE OR LESS
LOWEST:     49 ON 22                               3 = THUNDER
                        SNOW, ICE PELLETS, HAIL    4 = ICE PELLETS
                        TOTAL MONTH:   0.0 INCH    5 = HAIL
                        GRTST 24HR     0.0         6 = FREEZING RAIN OR DRIZZLE
                        GRTST DEPTH:   0           7 = DUSTSTORM OR SANDSTORM:
                                                       VSBY 1/2 MILE OR LESS
                                                   8 = SMOKE OR HAZE
[NO. OF DAYS WITH]      [WEATHER - DAYS WITH]      9 = BLOWING SNOW
                                                   X = TORNADO
MAX 32 OR BELOW:   0    0.01 INCH OR MORE:   3
MAX 90 OR ABOVE:  10    0.10 INCH OR MORE:   1
MIN 32 OR BELOW:   0    0.50 INCH OR MORE:   0
MIN  0 OR BELOW:   0    1.00 INCH OR MORE:   0

[HDD (BASE 65) ]
TOTAL THIS MO.    11    CLEAR  (SCALE 0-3)   5
DPTR FM NORMAL   -22    PTCLDY (SCALE 4-7)  23
TOTAL FM JUL 1    16    CLOUDY (SCALE 8-10)  3
DPTR FM NORMAL   -49

[CDD (BASE 65) ]
TOTAL THIS MO.   251
DPTR FM NORMAL    83    [PRESSURE DATA]
TOTAL FM JAN 1   808    HIGHEST SLP 30.18 ON 16
DPTR FM NORMAL   397    LOWEST  SLP 29.56 ON 29

[REMARKS]
#FINAL-08-15#
