000
CXUS55 KRIW 230945
CF6GEY
PRELIMINARY LOCAL CLIMATOLOGICAL DATA (WS FORM: F-6)

                                          STATION:   GREYBULL WY
                                          MONTH:     JULY
                                          YEAR:      2017
                                          LATITUDE:   44 30 N
                                          LONGITUDE: 108  4 W

  TEMPERATURE IN F:       :PCPN:    SNOW:  WIND      :SUNSHINE: SKY     :PK WND
================================================================================
1   2   3   4   5  6A  6B    7    8   9   10  11  12  13   14  15   16   17  18
                                     12Z  AVG MX 2MIN
DY MAX MIN AVG DEP HDD CDD  WTR  SNW DPTH SPD SPD DIR MIN PSBL S-S WX    SPD DR
================================================================================

 1  91  50  71   0   0   6 0.00  0.0    M  3.5 15  90   M    M   0        17  80
 2  90  56  73   2   0   8 0.01  0.0    0  5.5 28 270   M    M   0        35 270
 3  96  53  75   3   0  10    T  0.0    0  6.3 46 280   M    M   0        59 290
 4  98  65  82  10   0  17 0.00  0.0    0  3.4 14 320   M    M   0        16 320
 5 103  59  81   9   0  16    T  0.0    0  7.9 37 360   M    M   0        46 360
 6  97  67  82  10   0  17    T  0.0    0  8.5 31 210   M    M   1        39 220
 7  97  57  77   5   0  12 0.00    M    M  6.9 32 260   M    M   0        41 260
 8 100  59  80   7   0  15 0.00    M    M  4.6 30 310   M    M   0 8      39 310
 9  99  63  81   8   0  16    T    M    M  6.1 46 340   M    M   0 8      59 350
10  97  59  78   5   0  13 0.00    M    M  5.9 30  20   M    M   0        38  10
11  95  57  76   3   0  11 0.00    M    M 10.2 30 340   M    M   0        36 340
12  92  61  77   3   0  12 0.00    M    M  6.2 21 300   M    M   0        24 300
13  98  65  82   8   0  17 0.00  0.0    M  4.5 10 100   M    M   0        16 140
14 101  64  83   9   0  18 0.00  0.0    M  4.9 21 160   M    M   0 3      26 180
15  99  64  82   8   0  17 0.00  0.0    M  7.5 31 270   M    M   0        40 280
16 100  64  82   8   0  17    T  0.0    M  7.5 25 270   M    M   0 3      32 260
17  96  60  78   4   0  13 0.01  0.0    M  8.4 39 330   M    M   0 3      47 330
18  96  58  77   3   0  12 0.00  0.0    M  4.2 13 290   M    M   0        14 290
19  98  63  81   7   0  16 0.00  0.0    0  8.9 25 300   M    M   0        29 300
20 101  63  82   7   0  17 0.04  0.0    0  8.1 38 320   M    M   1 3      48 320
21  94  57  76   1   0  11 0.00  0.0    0  4.8 17 330   M    M   0        20 330
22  94  57  76   1   0  11 0.00  0.0    0  5.8 15 290   M    M   0        17 330
================================================================================
SM 2132 1321         0 302  0.06     0.0 139.6          M        2
================================================================================
AV 96.9 60.1                               6.3 FASTST   M    M   0    MAX(MPH)
                                 MISC ---->  # 46 280               # 59  290
================================================================================
NOTES:
# LAST OF SEVERAL OCCURRENCES

COLUMN 17 PEAK WIND IN M.P.H.

PRELIMINARY LOCAL CLIMATOLOGICAL DATA (WS FORM: F-6) , PAGE 2

                                          STATION:  GREYBULL WY
                                          MONTH:    JULY
                                          YEAR:     2017
                                          LATITUDE:   44 30 N
                                          LONGITUDE: 108  4 W

[TEMPERATURE DATA]      [PRECIPITATION DATA]       SYMBOLS USED IN COLUMN 16

AVERAGE MONTHLY: 78.5   TOTAL FOR MONTH:   0.06    1 = FOG OR MIST
DPTR FM NORMAL:   5.2   DPTR FM NORMAL:   -0.46    2 = FOG REDUCING VISIBILITY
HIGHEST:   103 ON  5    GRTST 24HR  0.04 ON 20-20      TO 1/4 MILE OR LESS
LOWEST:     50 ON  1                               3 = THUNDER
                        SNOW, ICE PELLETS, HAIL    4 = ICE PELLETS
                        TOTAL MONTH:   0.0 INCH    5 = HAIL
                        GRTST 24HR     0.0         6 = FREEZING RAIN OR DRIZZLE
                        GRTST DEPTH:   0           7 = DUSTSTORM OR SANDSTORM:
                                                       VSBY 1/2 MILE OR LESS
                                                   8 = SMOKE OR HAZE
[NO. OF DAYS WITH]      [WEATHER - DAYS WITH]      9 = BLOWING SNOW
                                                   X = TORNADO
MAX 32 OR BELOW:   0    0.01 INCH OR MORE:   3
MAX 90 OR ABOVE:  22    0.10 INCH OR MORE:   0
MIN 32 OR BELOW:   0    0.50 INCH OR MORE:   0
MIN  0 OR BELOW:   0    1.00 INCH OR MORE:   0

[HDD (BASE 65) ]
TOTAL THIS MO.     0    CLEAR  (SCALE 0-3)  22
DPTR FM NORMAL    -1    PTCLDY (SCALE 4-7)   0
TOTAL FM JUL 1     0    CLOUDY (SCALE 8-10)  0
DPTR FM NORMAL    -1

[CDD (BASE 65) ]
TOTAL THIS MO.   302
DPTR FM NORMAL   114    [PRESSURE DATA]
TOTAL FM JAN 1   456    HIGHEST SLP M ON M
DPTR FM NORMAL   142    LOWEST  SLP 29.65 ON 10

[REMARKS]
