000
CXUS53 KFGF 290915
CF6GFK
PRELIMINARY LOCAL CLIMATOLOGICAL DATA (WS FORM: F-6)

                                          STATION:   GRAND FORKS INTL AP ND
                                          MONTH:     APRIL
                                          YEAR:      2016
                                          LATITUDE:   47 57 N
                                          LONGITUDE:  97 11 W

  TEMPERATURE IN F:       :PCPN:    SNOW:  WIND      :SUNSHINE: SKY     :PK WND
================================================================================
1   2   3   4   5  6A  6B    7    8   9   10  11  12  13   14  15   16   17  18
                                     12Z  AVG MX 2MIN
DY MAX MIN AVG DEP HDD CDD  WTR  SNW DPTH SPD SPD DIR MIN PSBL S-S WX    SPD DR
================================================================================

 1  38  21  30  -4  35   0 0.01  0.3    0 18.4 36 340   M    M   5 1      46 350
 2  31  16  24 -11  41   0    T    T    T 15.2 32 340   M    M   5        38 340
 3  40  24  32  -3  33   0    T    T    0 16.4 25  20   M    M   7        30  20
 4  39  15  27  -9  38   0 0.00  0.0    0  8.0 16 360   M    M   4        20 360
 5  46  28  37   1  28   0 0.05    T    0 12.8 23 160   M    M   7 4      30 150
 6  40  33  37   0  28   0    T    T    0 11.0 20 350   M    M  10 1      23 360
 7  39  28  34  -4  31   0 0.03    T    0 18.1 29 330   M    M  10 1      37 330
 8  32  17  25 -13  40   0    T    T    0 16.5 28 350   M    M   4        34 340
 9  48  15  32  -7  33   0 0.00  0.0    0 19.5 41 150   M    M   6        49 160
10  41  27  34  -5  31   0    T    T    0 17.5 35 300   M    M   7        43 300
11  37  19  28 -12  37   0 0.00  0.0    0 14.6 30 350   M    M   2        39 340
12  49  16  33  -7  32   0 0.00  0.0    0 10.3 23 160   M    M   4        29 150
13  67  21  44   3  21   0 0.00  0.0    0  7.1 17 140   M    M   0        23 130
14  64  42  53  12  12   0 0.02  0.0    0  7.2 15  50   M    M   7        18 130
15  69  40  55  13  10   0 0.05  0.0    0 19.8 38 180   M    M   8        46 180
16  48  38  43   1  22   0 0.51  0.0    0 14.8 21 310   M    M  10 1      25 340
17  45  38  42  -1  23   0 0.01  0.0    0 13.3 21  10   M    M  10 1      25  10
18  51  37  44   0  21   0 0.10  0.0    0 14.5 22  50   M    M   9 1      25  60
19  61  43  52   8  13   0    T  0.0    0  8.5 14 180   M    M  10 1      19 190
20  68  46  57  13   8   0 0.00  0.0    0  6.7 14 240   M    M   6 12     22 230
21  53  31  42  -3  23   0 0.00  0.0    0 20.4 32 360   M    M   5        40 350
22  61  25  43  -3  22   0 0.00  0.0    0  5.4 14  50   M    M   3        16  90
23  65  42  54   8  11   0    T  0.0    0 15.9 29  80   M    M   7        34  80
24  49  42  46   0  19   0 0.33  0.0    0 21.0 31  70   M    M  10 1      39  80
25  44  38  41  -6  24   0 0.45  0.0    0 18.4 25  60   M    M  10 1      32  60
26  56  37  47   0  18   0    T  0.0    0 11.9 22  90   M    M   9        27  90
27  59  35  47  -1  18   0 0.00  0.0    0 15.3 26  50   M    M   8 8      33  70
28  58  34  46  -2  19   0 0.00  0.0    0 11.5 21  20   M    M   5        27 100
================================================================================
SM 1398  848       691   0  1.56     0.3 390.0          M      188
================================================================================
AV 49.9 30.3                              13.9 FASTST   M    M   7    MAX(MPH)
                                 MISC ---->  # 41 150               # 49  160
================================================================================
NOTES:
# LAST OF SEVERAL OCCURRENCES

COLUMN 17 PEAK WIND IN M.P.H.

PRELIMINARY LOCAL CLIMATOLOGICAL DATA (WS FORM: F-6) , PAGE 2

                                          STATION:  GRAND FORKS INTL AP ND
                                          MONTH:    APRIL
                                          YEAR:     2016
                                          LATITUDE:   47 57 N
                                          LONGITUDE:  97 11 W

[TEMPERATURE DATA]      [PRECIPITATION DATA]       SYMBOLS USED IN COLUMN 16

AVERAGE MONTHLY: 40.1   TOTAL FOR MONTH:   1.56    1 = FOG OR MIST
DPTR FM NORMAL:  -1.4   DPTR FM NORMAL:    0.65    2 = FOG REDUCING VISIBILITY
HIGHEST:    69 ON 15    GRTST 24HR  0.77 ON 24-25      TO 1/4 MILE OR LESS
LOWEST:     15 ON  9, 4                            3 = THUNDER
                        SNOW, ICE PELLETS, HAIL    4 = ICE PELLETS
                        TOTAL MONTH:   0.3 INCH    5 = HAIL
                        GRTST 24HR   0.3 ON   M    6 = FREEZING RAIN OR DRIZZLE
                        GRTST DEPTH:   T           7 = DUSTSTORM OR SANDSTORM:
                                                       VSBY 1/2 MILE OR LESS
                                                   8 = SMOKE OR HAZE
[NO. OF DAYS WITH]      [WEATHER - DAYS WITH]      9 = BLOWING SNOW
                                                   X = TORNADO
MAX 32 OR BELOW:   2    0.01 INCH OR MORE:  10
MAX 90 OR ABOVE:   0    0.10 INCH OR MORE:   4
MIN 32 OR BELOW:  14    0.50 INCH OR MORE:   1
MIN  0 OR BELOW:   0    1.00 INCH OR MORE:   0

[HDD (BASE 65) ]
TOTAL THIS MO.   691    CLEAR  (SCALE 0-3)   2
DPTR FM NORMAL    29    PTCLDY (SCALE 4-7)  17
TOTAL FM JUL 1  7559    CLOUDY (SCALE 8-10)  9
DPTR FM NORMAL -1488

[CDD (BASE 65) ]
TOTAL THIS MO.     0
DPTR FM NORMAL     0    [PRESSURE DATA]
TOTAL FM JAN 1     0    HIGHEST SLP M ON M
DPTR FM NORMAL     0    LOWEST  SLP 29.47 ON  9

[REMARKS]
