753
CXUS55 KALY 280710
CF6GFL
PRELIMINARY LOCAL CLIMATOLOGICAL DATA (WS FORM: F-6)

                                          STATION:   GLENS FALLS NY
                                          MONTH:     JULY
                                          YEAR:      2016
                                          LATITUDE:   43 20 N
                                          LONGITUDE:  73 37 W

  TEMPERATURE IN F:       :PCPN:    SNOW:  WIND      :SUNSHINE: SKY     :PK WND
================================================================================
1   2   3   4   5  6A  6B    7    8   9   10  11  12  13   14  15   16   17  18
                                     12Z  AVG MX 2MIN
DY MAX MIN AVG DEP HDD CDD  WTR  SNW DPTH SPD SPD DIR MIN PSBL S-S WX    SPD DR
================================================================================

 1  82  52  67  -1   0   2 0.64    M    M  4.6 22 260   M    M   4 123    31 260
 2  75  55  65  -3   0   0 0.00    M    M  8.3 18 280   M    M   4 1      24 320
 3  82  49  66  -2   0   1 0.00    M    M  3.9 15 230   M    M   1 1      22 240
 4  85  51  68   0   0   3 0.00    M    M  4.3 16 190   M    M   0        21 200
 5  89  60  75   7   0  10 0.00    M    M  3.6 13 280   M    M   4        18 260
 6  90  60  75   7   0  10 0.00    M    M  4.0 14 220   M    M   1        18 190
 7  91  66  79  11   0  14    T    M    M  4.8 24 340   M    M   3 3      33 300
 8  81  67  74   5   0   9 0.87    M    M  5.2 14 190   M    M   5 1      18 190
 9  69  62  66  -3   0   1 1.09    M    M  3.5 10 160   M    M  10 13     13 160
10  77  62  70   1   0   5 0.23    M    M  6.0 16 360   M    M  10 18     21 350
11  80  54  67  -2   0   2 0.00    M    M  2.0 10 340   M    M   1 1      13 280
12  83  53  68  -1   0   3 0.00    M    M  3.2 10 160   M    M   0 1      14 160
13  90  62  76   7   0  11 0.00    M    M  7.1 17 190   M    M   1 13     24 190
14  86  70  78   9   0  13 0.12    M    M  6.5 23 280   M    M   6 13     32 270
15  88  65  77   8   0  12    T    M    M  5.9 17 230   M    M   2 12     23 210
16  83  61  72   3   0   7 0.00    M    M  2.8 12 290   M    M   3 1      16 290
17  84  62  73   4   0   8 0.27    M    M  3.6 15 220   M    M   4 13     20 210
18  85  61  73   4   0   8 0.03    M    M  6.3 23 210   M    M   1 13     31 210
19  77  54  66  -3   0   1 0.00    M    M  6.0 20 300   M    M   3        28 300
20  81  50  66  -3   0   1 0.00    M    M  2.6 10 200   M    M   0 1      13 200
21  87  52  70   1   0   5 0.00    M    M  4.3 18 160   M    M   0 1      20 160
22  93  64  79  10   0  14 0.01    M    M  8.2 20 290   M    M   1        26 270
23  90  60  75   6   0  10 0.45    M    M  4.5 28  50   M    M   3 123    36  50
24  83  62  73   4   0   8 0.00    M    M  2.2  9 110   M    M   5 12     12  90
25  86  63  75   6   0  10    T    M    M  3.5 10 220   M    M   1 1      13 200
26  86  64  75   6   0  10 0.00    M    M  3.5 15 360   M    M   4 1      18 320
27  89  58  74   5   0   9 0.00    M    M  4.0 14 190   M    M   1 12     17 170
================================================================================
SM 2272 1599         0 187  3.71    M    124.4          M       78
================================================================================
AV 84.1 59.2                               4.6 FASTST   M    M   3    MAX(MPH)
                                 MISC ---->  # 28  50               # 36   50
================================================================================
NOTES:
# LAST OF SEVERAL OCCURRENCES

COLUMN 17 PEAK WIND IN M.P.H.

PRELIMINARY LOCAL CLIMATOLOGICAL DATA (WS FORM: F-6) , PAGE 2

                                          STATION:  GLENS FALLS NY
                                          MONTH:    JULY
                                          YEAR:     2016
                                          LATITUDE:   43 20 N
                                          LONGITUDE:  73 37 W

[TEMPERATURE DATA]      [PRECIPITATION DATA]       SYMBOLS USED IN COLUMN 16

AVERAGE MONTHLY: 71.7   TOTAL FOR MONTH:   3.71    1 = FOG OR MIST
DPTR FM NORMAL:   2.9   DPTR FM NORMAL:    0.17    2 = FOG REDUCING VISIBILITY
HIGHEST:    93 ON 22    GRTST 24HR  1.72 ON  8- 9      TO 1/4 MILE OR LESS
LOWEST:     49 ON  3                               3 = THUNDER
                        SNOW, ICE PELLETS, HAIL    4 = ICE PELLETS
                        TOTAL MONTH:    M          5 = HAIL
                        GRTST 24HR    M  ON   M    6 = FREEZING RAIN OR DRIZZLE
                        GRTST DEPTH:  M  ON   M    7 = DUSTSTORM OR SANDSTORM:
                                                       VSBY 1/2 MILE OR LESS
                                                   8 = SMOKE OR HAZE
[NO. OF DAYS WITH]      [WEATHER - DAYS WITH]      9 = BLOWING SNOW
                                                   X = TORNADO
MAX 32 OR BELOW:   0    0.01 INCH OR MORE:   9
MAX 90 OR ABOVE:   5    0.10 INCH OR MORE:   7
MIN 32 OR BELOW:   0    0.50 INCH OR MORE:   3
MIN  0 OR BELOW:   0    1.00 INCH OR MORE:   1

[HDD (BASE 65) ]
TOTAL THIS MO.     0    CLEAR  (SCALE 0-3)  15
DPTR FM NORMAL   -27    PTCLDY (SCALE 4-7)  10
TOTAL FM JUL 1     0    CLOUDY (SCALE 8-10)  2
DPTR FM NORMAL   -27

[CDD (BASE 65) ]
TOTAL THIS MO.   187
DPTR FM NORMAL    60    [PRESSURE DATA]
TOTAL FM JAN 1   346    HIGHEST SLP M ON M
DPTR FM NORMAL   138    LOWEST  SLP 29.70 ON  7

[REMARKS]
