000
CXUS55 KALY 290800
CF6GFL
PRELIMINARY LOCAL CLIMATOLOGICAL DATA (WS FORM: F-6)

                                          STATION:   GLENS FALLS NY
                                          MONTH:     DECEMBER
                                          YEAR:      2014
                                          LATITUDE:   43 20 N
                                          LONGITUDE:  73 37 W

  TEMPERATURE IN F:       :PCPN:    SNOW:  WIND      :SUNSHINE: SKY     :PK WND
================================================================================
1   2   3   4   5  6A  6B    7    8   9   10  11  12  13   14  15   16   17  18
                                     12Z  AVG MX 2MIN
DY MAX MIN AVG DEP HDD CDD  WTR  SNW DPTH SPD SPD DIR MIN PSBL S-S WX    SPD DR
================================================================================

 1  49  31  40   9  25   0    T    M    M  7.0 16 330   M    M   5 18     20 320
 2  31  19  25  -6  40   0 0.26    M    M  7.4 18  40   M    M   4 126    24  40
 3  40  29  35   5  30   0 0.20    M    M  5.7 18 260   M    M   9 126    33 280
 4  37  20  29  -1  36   0 0.00    M    M  6.9 17 290   M    M   9        25 290
 5  32  13  23  -6  42   0 0.09    M    M  0.6  8  60   M    M   5 1       9  70
 6  35  29  32   3  33   0 0.65    M    M  2.7 12  30   M    M  10 16     14  50
 7  34  12  23  -5  42   0 0.00    M    M 10.3 21  60   M    M   3        24  50
 8  25  10  18 -10  47   0 0.00    M    M  2.8  9  60   M    M   3        12 220
 9  36  25  31   3  34   0 0.78    M    M 11.9 21 350   M    M  10 16     29 350
10  36  31  34   7  31   0 0.48    M    M  8.0 18 360   M    M  10 1      26 350
11  33  27  30   3  35   0 0.07    M    M  4.0  8 170   M    M  10 1      10 170
12  33  23  28   2  37   0    T    M    M  3.4 13 350   M    M  10 1      16 360
13  32  16  24  -2  41   0 0.00    M    M  3.0 12 320   M    M   5 18     15 320
14  36  24  30   4  35   0 0.00    M    M  1.2 10 320   M    M  10 1      12 320
15  35  31  33   8  32   0 0.00    M    M  3.2 10 330   M    M  10        14 340
16  35  30  33   8  32   0 0.07    M    M  0.6  5 360   M    M  10 18      6 180
17  41  33  37  13  28   0 0.07    M    M  3.2 10 200   M    M  10 12     14 220
18  39  32  36  12  29   0    T    M    M  6.1 14 290   M    M  10 1      17 280
19  32  25  29   5  36   0 0.00    M    M  7.8 16 360   M    M   8        20  10
20  29  17  23   0  42   0 0.00    M    M  1.7  8 120   M    M   5         9  70
21  29  23  26   3  39   0    T    M    M  2.1  6  70   M    M  10 18      8  40
22  35  27  31   9  34   0 0.00    M    M  1.6  8  60   M    M  10 18      9  60
23  37  32  35  13  30   0 0.37    M    M  4.4 12 340   M    M  10 1      15 350
24  39  35  37  15  28   0 0.93    M    M  0.0  7 300   M    M  10 1       7 300
25  50  36  43  21  22   0 0.02    M    M  9.1 21 240   M    M  10 12     32 240
26  46  26  36  15  29   0 0.00    M    M  5.1 13 230   M    M   6        17 220
27  46  26  36  15  29   0 0.00    M    M  2.0  8 210   M    M   8 1      11 220
28  46  30  38  17  27   0 0.09    M    M  7.2 17 290   M    M   7 1      24 290
================================================================================
SM 1028  712       945   0  4.08    M    129.0          M      227
================================================================================
AV 36.7 25.4                               4.6 FASTST   M    M   8    MAX(MPH)
                                 MISC ---->  # 21  60               # 33  280
================================================================================
NOTES:
# LAST OF SEVERAL OCCURRENCES

COLUMN 17 PEAK WIND IN M.P.H.

PRELIMINARY LOCAL CLIMATOLOGICAL DATA (WS FORM: F-6) , PAGE 2

                                          STATION:  GLENS FALLS NY
                                          MONTH:    DECEMBER
                                          YEAR:     2014
                                          LATITUDE:   43 20 N
                                          LONGITUDE:  73 37 W

[TEMPERATURE DATA]      [PRECIPITATION DATA]       SYMBOLS USED IN COLUMN 16

AVERAGE MONTHLY: 31.1   TOTAL FOR MONTH:   4.08    1 = FOG OR MIST
DPTR FM NORMAL:   5.5   DPTR FM NORMAL:    1.29    2 = FOG REDUCING VISIBILITY
HIGHEST:    50 ON 25    GRTST 24HR  0.93 ON 24-24      TO 1/4 MILE OR LESS
LOWEST:     10 ON  8                               3 = THUNDER
                        SNOW, ICE PELLETS, HAIL    4 = ICE PELLETS
                        TOTAL MONTH:    M          5 = HAIL
                        GRTST 24HR    M  ON   M    6 = FREEZING RAIN OR DRIZZLE
                        GRTST DEPTH:  M  ON   M    7 = DUSTSTORM OR SANDSTORM:
                                                       VSBY 1/2 MILE OR LESS
                                                   8 = SMOKE OR HAZE
[NO. OF DAYS WITH]      [WEATHER - DAYS WITH]      9 = BLOWING SNOW
                                                   X = TORNADO
MAX 32 OR BELOW:   7    0.01 INCH OR MORE:  13
MAX 90 OR ABOVE:   0    0.10 INCH OR MORE:   7
MIN 32 OR BELOW:  25    0.50 INCH OR MORE:   3
MIN  0 OR BELOW:   0    1.00 INCH OR MORE:   0

[HDD (BASE 65) ]
TOTAL THIS MO.   945    CLEAR  (SCALE 0-3)   0
DPTR FM NORMAL  -159    PTCLDY (SCALE 4-7)  11
TOTAL FM JUL 1  2406    CLOUDY (SCALE 8-10) 17
DPTR FM NORMAL  -396

[CDD (BASE 65) ]
TOTAL THIS MO.     0
DPTR FM NORMAL     0    [PRESSURE DATA]
TOTAL FM JAN 1   392    HIGHEST SLP M ON M
DPTR FM NORMAL    40    LOWEST  SLP 29.38 ON 25

[REMARKS]
