792
CXUS54 KSHV 221300
CF6GGG
PRELIMINARY LOCAL CLIMATOLOGICAL DATA (WS FORM: F-6)

                                          STATION:   LONGVIEW
                                          MONTH:     NOVEMBER
                                          YEAR:      2017
                                          LATITUDE:   32 22 N
                                          LONGITUDE:  94 43 W

  TEMPERATURE IN F:       :PCPN:    SNOW:  WIND      :SUNSHINE: SKY     :PK WND
================================================================================
1   2   3   4   5  6A  6B    7    8   9   10  11  12  13   14  15   16   17  18
                                     12Z  AVG MX 2MIN
DY MAX MIN AVG DEP HDD CDD  WTR  SNW DPTH SPD SPD DIR MIN PSBL S-S WX    SPD DR
================================================================================

 1  79  52  66   5   0   1 0.52  0.0    0  7.6 16 190   M    M   6 13     21 190
 2  87  71  79  18   0  14 0.00  0.0    0 13.9 26 200   M    M   5        32 200
 3  85  67  76  15   0  11 0.50  0.0    0  7.5 15 210   M    M   6 13      M  M
 4  85  66  76  16   0  11 0.00  0.0    0  9.5 15 230   M    M   8        21 230
 5  86  72  79  19   0  14 0.00  0.0    0 13.2 22 200   M    M   7        30 210
 6  88  72  80  20   0  15 0.00  0.0    0  8.2 13 250   M    M   4        20 220
 7  66  53  60   1   5   0    T  0.0    0  6.9  8 310   M    M  10 1       M  M
 8  53  48  51  -8  14   0 0.84  0.0    0  6.5  9 340   M    M  10 1       M  M
 9  64  41  53  -6  12   0 0.00  0.0    0  4.4 17  60   M    M   4 2       M  M
10  67  38  53  -5  12   0 0.00  0.0    0  5.5  9 140   M    M   0         M  M
11  64  45  55  -3  10   0    T  0.0    0  6.6  8 170   M    M   6         M  M
12  75  54  65   7   0   0 0.03  0.0    M  5.4  8 170   M    M   9         M  M
13  65  53  59   2   6   0 0.00  0.0    M  6.4  9  70   M    M   7 1       M  M
14  75  56  66   9   0   1 0.00  0.0    M  6.2  8 160   M    M   6         M  M
15  77  63  70  14   0   5 0.00  0.0    M  5.3 10 200   M    M   9         M  M
16  72  63  68  12   0   3    T  0.0    0  5.4 10 150   M    M   8 1      13 150
17  81  64  73  17   0   8 0.00  0.0    0 13.7 25 191   M    M   6        31 190
18  82  44  63   8   2   0 0.00  0.0    M 18.1 32 320   M    M   4        39 310
19  63  37  50  -5  15   0 0.00  0.0    0  5.1 16 340   M    M   0        20 340
20  64  34  49  -6  16   0 0.00  0.0    M  7.0 12 160   M    M   0 2      20 150
21  65  42  54   0  11   0    T  0.0    M  5.7 12 160   M    M   6        14 150
================================================================================
SM 1543 1135       103  83  1.89     0.0 168.1          M      121
================================================================================
AV 73.5 54.1                               8.0 FASTST   M    M   6    MAX(MPH)
                                 MISC ---->  # 32 320               # 39  310
================================================================================
NOTES:
# LAST OF SEVERAL OCCURRENCES

COLUMN 17 PEAK WIND IN M.P.H.

PRELIMINARY LOCAL CLIMATOLOGICAL DATA (WS FORM: F-6) , PAGE 2

                                          STATION:  LONGVIEW
                                          MONTH:    NOVEMBER
                                          YEAR:     2017
                                          LATITUDE:   32 22 N
                                          LONGITUDE:  94 43 W

[TEMPERATURE DATA]      [PRECIPITATION DATA]       SYMBOLS USED IN COLUMN 16

AVERAGE MONTHLY: 63.8   TOTAL FOR MONTH:   1.89    1 = FOG OR MIST
DPTR FM NORMAL:   5.9   DPTR FM NORMAL:   -1.20    2 = FOG REDUCING VISIBILITY
HIGHEST:    88 ON  6    GRTST 24HR  0.84 ON  8- 8      TO 1/4 MILE OR LESS
LOWEST:     34 ON 20                               3 = THUNDER
                        SNOW, ICE PELLETS, HAIL    4 = ICE PELLETS
                        TOTAL MONTH:   0.0 INCH    5 = HAIL
                        GRTST 24HR     0.0         6 = FREEZING RAIN OR DRIZZLE
                        GRTST DEPTH:   0           7 = DUSTSTORM OR SANDSTORM:
                                                       VSBY 1/2 MILE OR LESS
                                                   8 = SMOKE OR HAZE
[NO. OF DAYS WITH]      [WEATHER - DAYS WITH]      9 = BLOWING SNOW
                                                   X = TORNADO
MAX 32 OR BELOW:   0    0.01 INCH OR MORE:   4
MAX 90 OR ABOVE:   0    0.10 INCH OR MORE:   3
MIN 32 OR BELOW:   0    0.50 INCH OR MORE:   3
MIN  0 OR BELOW:   0    1.00 INCH OR MORE:   0

[HDD (BASE 65) ]
TOTAL THIS MO.   103    CLEAR  (SCALE 0-3)   3
DPTR FM NORMAL   -63    PTCLDY (SCALE 4-7)  13
TOTAL FM JUL 1   192    CLOUDY (SCALE 8-10)  5
DPTR FM NORMAL   -63

[CDD (BASE 65) ]
TOTAL THIS MO.    83
DPTR FM NORMAL    61    [PRESSURE DATA]
TOTAL FM JAN 1  2699    HIGHEST SLP M ON M
DPTR FM NORMAL   282    LOWEST  SLP 29.72 ON 18

[REMARKS]
