000
CXUS54 KSHV 281300
CF6GGG
PRELIMINARY LOCAL CLIMATOLOGICAL DATA (WS FORM: F-6)

                                          STATION:   LONGVIEW
                                          MONTH:     FEBRUARY
                                          YEAR:      2015
                                          LATITUDE:   32 22 N
                                          LONGITUDE:  94 43 W

  TEMPERATURE IN F:       :PCPN:    SNOW:  WIND      :SUNSHINE: SKY     :PK WND
================================================================================
1   2   3   4   5  6A  6B    7    8   9   10  11  12  13   14  15   16   17  18
                                     12Z  AVG MX 2MIN
DY MAX MIN AVG DEP HDD CDD  WTR  SNW DPTH SPD SPD DIR MIN PSBL S-S WX    SPD DR
================================================================================

 1  68  37  53   6  12   0 0.17  0.0    0 14.3 25 330   M    M   6 13     33 320
 2  45  26  36 -12  29   0 0.00  0.0    0  7.8 24 330   M    M   0        33 320
 3  50  31  41  -7  24   0 0.00  0.0    0  4.7 10 170   M    M   0        14 150
 4  58  41  50   2  15   0    T  0.0    0  3.0 14 150   M    M   9 18     17 150
 5  50  40  45  -3  20   0 0.08  0.0    0  5.7 17 330   M    M  10 18     22 330
 6  54  40  47  -1  18   0 0.00  0.0    0  5.3 14 190   M    M   7 1      18 220
 7  68  39  54   6  11   0 0.00  0.0    0 12.4 25 210   M    M   3        30 200
 8  71  49  60  11   5   0 0.00  0.0    0 10.0 22 210   M    M   6 1      28 200
 9  76  45  61  12   4   0 0.00  0.0    0  8.1 23 340   M    M   1 12     30 340
10  66  42  54   5  11   0 0.00  0.0    0  6.7 13 100   M    M   0 18     16 100
11  73  43  58   9   7   0 0.00  0.0    0  4.7 12 330   M    M   2        15 330
12  61  40  51   1  14   0 0.00  0.0    0  7.5 17 340   M    M   1        22 340
13  63  33  48  -2  17   0 0.00  0.0    0  5.9 15 210   M    M   0 8      19 200
14  77  39  58   8   7   0 0.00  0.0    0  5.1 14 330   M    M   0        20 350
15  56  46  51   1  14   0 0.44  0.0    0  8.0 15  50   M    M   5 1      18  40
16  63  32  48  -2  17   0 0.86  0.0    0 12.5 30 320   M    M  10 1      38 320
17  48  30  39 -12  26   0 0.00  0.0    0  6.0 13 360   M    M   6        16  10
18  58  29  44  -7  21   0 0.00  0.0    0  4.7 17 350   M    M   1        20 340
19  54  30  42  -9  23   0 0.00  0.0    0  8.7 16 130   M    M   1        21 120
20  66  43  55   3  10   0    T  0.0    0 11.8 25 190   M    M  10 1      33 190
21  75  49  62  10   3   0 0.09    M    0 14.5 29 190   M    M   9 38     38 180
22  49  38  44  -8  21   0 0.59  0.0    0 10.7 20  90   M    M  10 1      26  70
23  38  28  33 -19  32   0 0.39    M    0 10.2 17  40   M    M  10 146    25  50
24  35  28  32 -21  33   0 0.00  0.0    0  4.4  9 350   M    M  10 1      13 350
25  35  22  29 -24  36   0 0.77    M    0  3.9 10  30   M    M  10 12     14  40
26  38  31  35 -18  30   0 0.00  0.0    0  6.8 16 350   M    M  10 18     21 350
27  35  29  32 -21  33   0    T  0.0    0  9.6 22  70   M    M   8        29  60
================================================================================
SM 1530  980       493   0  3.39     0.0 213.0          M      145
================================================================================
AV 56.7 36.3                               7.9 FASTST   M    M   5    MAX(MPH)
                                 MISC ---->  # 30 320               # 38  320
================================================================================
NOTES:
# LAST OF SEVERAL OCCURRENCES

COLUMN 17 PEAK WIND IN M.P.H.

PRELIMINARY LOCAL CLIMATOLOGICAL DATA (WS FORM: F-6) , PAGE 2

                                          STATION:  LONGVIEW
                                          MONTH:    FEBRUARY
                                          YEAR:     2015
                                          LATITUDE:   32 22 N
                                          LONGITUDE:  94 43 W

[TEMPERATURE DATA]      [PRECIPITATION DATA]       SYMBOLS USED IN COLUMN 16

AVERAGE MONTHLY: 46.5   TOTAL FOR MONTH:   3.39    1 = FOG OR MIST
DPTR FM NORMAL:  -3.7   DPTR FM NORMAL:   -0.49    2 = FOG REDUCING VISIBILITY
HIGHEST:    77 ON 14    GRTST 24HR  1.30 ON 15-16      TO 1/4 MILE OR LESS
LOWEST:     22 ON 25                               3 = THUNDER
                        SNOW, ICE PELLETS, HAIL    4 = ICE PELLETS
                        TOTAL MONTH:   0.0 INCH    5 = HAIL
                        GRTST 24HR     0.0         6 = FREEZING RAIN OR DRIZZLE
                        GRTST DEPTH:   0           7 = DUSTSTORM OR SANDSTORM:
                                                       VSBY 1/2 MILE OR LESS
                                                   8 = SMOKE OR HAZE
[NO. OF DAYS WITH]      [WEATHER - DAYS WITH]      9 = BLOWING SNOW
                                                   X = TORNADO
MAX 32 OR BELOW:   0    0.01 INCH OR MORE:   8
MAX 90 OR ABOVE:   0    0.10 INCH OR MORE:   6
MIN 32 OR BELOW:  11    0.50 INCH OR MORE:   3
MIN  0 OR BELOW:   0    1.00 INCH OR MORE:   0

[HDD (BASE 65) ]
TOTAL THIS MO.   493    CLEAR  (SCALE 0-3)  11
DPTR FM NORMAL    83    PTCLDY (SCALE 4-7)   5
TOTAL FM JUL 1  1952    CLOUDY (SCALE 8-10) 11
DPTR FM NORMAL    59

[CDD (BASE 65) ]
TOTAL THIS MO.     0
DPTR FM NORMAL    -1    [PRESSURE DATA]
TOTAL FM JAN 1     0    HIGHEST SLP M ON M
DPTR FM NORMAL    -5    LOWEST  SLP 29.78 ON 16

[REMARKS]
