000
CXUS53 KGLD 300800
CF6GLD
PRELIMINARY LOCAL CLIMATOLOGICAL DATA (WS FORM: F-6)

                                          STATION:   GOODLAND KS
                                          MONTH:     MARCH
                                          YEAR:      2015
                                          LATITUDE:   39 22 N
                                          LONGITUDE: 101 42 W

  TEMPERATURE IN F:       :PCPN:    SNOW:  WIND      :SUNSHINE: SKY     :PK WND
================================================================================
1   2   3   4   5  6A  6B    7    8   9   10  11  12  13   14  15   16   17  18
                                     12Z  AVG MX 2MIN
DY MAX MIN AVG DEP HDD CDD  WTR  SNW DPTH SPD SPD DIR MIN PSBL S-S WX    SPD DR
================================================================================

 1  34  18  26 -10  39   0    T    T    0  7.1 14  20   M    M   8 1      17  10
 2  34  21  28  -8  37   0    T    T    0 19.6 32 170   M    M   8 18     38 170
 3  40  17  29  -8  36   0    T    T    T 15.7 31 360   M    M   7 18     37 360
 4  29  15  22 -15  43   0 0.03  0.6    1  9.3 18 360   M    M   5 1      24 330
 5  47  13  30  -7  35   0 0.00  0.0    T 11.1 20 230   M    M   0        23 240
 6  61  25  43   5  22   0 0.00  0.0    0 11.7 22 300   M    M   0        27 300
 7  63  27  45   7  20   0 0.00  0.0    0  7.7 13 180   M    M   0        21 170
 8  59  26  43   5  22   0 0.00  0.0    0 10.9 20  40   M    M   0        26  40
 9  63  30  47   8  18   0 0.00  0.0    0 11.2 18 220   M    M   0        31 230
10  68  31  50  11  15   0 0.00  0.0    0  8.8 17 290   M    M   0        21 290
11  71  31  51  12  14   0 0.00  0.0    0 10.2 17 170   M    M   0        21 170
12  75  41  58  18   7   0 0.00  0.0    0 13.8 23 180   M    M   0        30 170
13  69  34  52  12  13   0 0.00  0.0    0 14.1 26  30   M    M   1        34  40
14  64  29  47   7  18   0 0.00  0.0    0  8.2 21 200   M    M   0        26 200
15  81  42  62  22   3   0 0.00  0.0    0 18.5 26 220   M    M   0        34 220
16  89  41  65  24   0   0 0.00  0.0    0 16.4 37  20   M    M   0 8      46  20
17  52  28  40  -1  25   0 0.00  0.0    0 12.9 26  20   M    M   2        33  20
18  60  34  47   6  18   0 0.00  0.0    0 11.5 21 170   M    M   1        26 170
19  57  38  48   6  17   0 0.02  0.0    0  8.9 20 360   M    M   7        25 360
20  68  33  51   9  14   0 0.00  0.0    0 10.1 17 240   M    M   0        23 230
21  70  33  52  10  13   0 0.00  0.0    0 10.7 23 180   M    M   0        30 190
22  78  41  60  18   5   0 0.00  0.0    0 13.0 23  20   M    M   0        29  10
23  61  35  48   6  17   0 0.00  0.0    0  9.3 25 160   M    M   2        31 150
24  65  28  47   4  18   0    T  0.0    0 13.7 36 330   M    M   2        42 330
25  48  25  37  -6  28   0 0.05    T    0 11.7 26  20   M    M   5 1      32  20
26  61  25  43   0  22   0    T  0.0    0 12.3 31 320   M    M   6        38 320
27  70  31  51   7  14   0 0.01    T    0  9.6 23 350   M    M   5        29 350
28  81  39  60  16   5   0 0.00  0.0    0  9.8 23 200   M    M   0        29 190
29   M   M   M   M   M   M    M    M    M   M   M   M   M    M   M         M  M
================================================================================
SM 1718  831       538   0  0.11     0.6 327.8          M       59
================================================================================
AV 61.4 29.7                              11.7 FASTST   M    M   2    MAX(MPH)
                                 MISC ---->  # 37  20               # 46   20
================================================================================
NOTES:
# LAST OF SEVERAL OCCURRENCES

COLUMN 17 PEAK WIND IN M.P.H.

PRELIMINARY LOCAL CLIMATOLOGICAL DATA (WS FORM: F-6) , PAGE 2

                                          STATION:  GOODLAND KS
                                          MONTH:    MARCH
                                          YEAR:     2015
                                          LATITUDE:   39 22 N
                                          LONGITUDE: 101 42 W

[TEMPERATURE DATA]      [PRECIPITATION DATA]       SYMBOLS USED IN COLUMN 16

AVERAGE MONTHLY: 45.5   TOTAL FOR MONTH:   0.11    1 = FOG OR MIST
DPTR FM NORMAL:   5.2   DPTR FM NORMAL:   -0.87    2 = FOG REDUCING VISIBILITY
HIGHEST:    89 ON 16    GRTST 24HR  0.05 ON 25-25      TO 1/4 MILE OR LESS
LOWEST:     13 ON  5                               3 = THUNDER
                        SNOW, ICE PELLETS, HAIL    4 = ICE PELLETS
                        TOTAL MONTH:   0.6 INCH    5 = HAIL
                        GRTST 24HR   0.6 ON   M    6 = FREEZING RAIN OR DRIZZLE
                        GRTST DEPTH:   1 ON  4     7 = DUSTSTORM OR SANDSTORM:
                                                       VSBY 1/2 MILE OR LESS
                                                   8 = SMOKE OR HAZE
[NO. OF DAYS WITH]      [WEATHER - DAYS WITH]      9 = BLOWING SNOW
                                                   X = TORNADO
MAX 32 OR BELOW:   1    0.01 INCH OR MORE:   4
MAX 90 OR ABOVE:   0    0.10 INCH OR MORE:   0
MIN 32 OR BELOW:  17    0.50 INCH OR MORE:   0
MIN  0 OR BELOW:   0    1.00 INCH OR MORE:   0

[HDD (BASE 65) ]
TOTAL THIS MO.   538    CLEAR  (SCALE 0-3)  20
DPTR FM NORMAL  -179    PTCLDY (SCALE 4-7)   8
TOTAL FM JUL 1  4753    CLOUDY (SCALE 8-10)  0
DPTR FM NORMAL  -381

[CDD (BASE 65) ]
TOTAL THIS MO.     0
DPTR FM NORMAL     0    [PRESSURE DATA]
TOTAL FM JAN 1     0    HIGHEST SLP M ON M
DPTR FM NORMAL     0    LOWEST  SLP 29.53 ON  2

[REMARKS]
