000
CXUS54 KFWD 290730
CF6GLE
PRELIMINARY LOCAL CLIMATOLOGICAL DATA (WS FORM: F-6)

                                          STATION:   GAINESVILLE
                                          MONTH:     DECEMBER
                                          YEAR:      2014
                                          LATITUDE:   33 39 N
                                          LONGITUDE:  97 12 W

  TEMPERATURE IN F:       :PCPN:    SNOW:  WIND      :SUNSHINE: SKY     :PK WND
================================================================================
1   2   3   4   5  6A  6B    7    8   9   10  11  12  13   14  15   16   17  18
                                     12Z  AVG MX 2MIN
DY MAX MIN AVG DEP HDD CDD  WTR  SNW DPTH SPD SPD DIR MIN PSBL S-S WX    SPD DR
================================================================================

 1   M  27   M   M   M   M 0.00  0.0    0   M  16 340   M    M   M        22 350
 2  43  24  34 -13  31   0 0.00  0.0    0  3.9  9 150   M    M   6         M  M
 3  55  43  49   2  16   0    M  0.0    0  5.9  9  60   M    M  10 1       M  M
 4  65  51  58  12   7   0 0.00  0.0    0  8.2 14 150   M    M   9 18     16 150
 5  75  52  64  18   1   0 0.05  0.0    0  8.7 14 330   M    M   7 1      18 340
 6  62  46  54   8  11   0 0.00  0.0    0  9.2 14 350   M    M   6 1      16 360
 7  50  44  47   2  18   0 0.00  0.0    0  3.0  7  10   M    M   9 1       M  M
 8  55  36  46   1  19   0 0.00  0.0    0  2.3  8 310   M    M   7 12      M  M
 9  59  32  46   1  19   0 0.00  0.0    0  1.6  8 360   M    M   6 12      M  M
10  57  36  47   2  18   0 0.00  0.0    0  5.6 12 150   M    M   6 128     M  M
11  61  48  55  11  10   0 0.00  0.0    0  5.8  9  60   M    M  10 1       M  M
12  58  48  53   9  12   0 0.04  0.0    0  5.8 10  80   M    M  10 12      M  M
13  70  55  63  19   2   0 0.00  0.0    0  9.9 17 140   M    M   5 1      24 180
14  64  56  60  16   5   0 0.04  0.0    0 13.9 21 170   M    M   8 1      27 170
15  60  43  52   9  13   0 0.00  0.0    0 10.9 21 280   M    M   0        27 280
16  50  34  42  -1  23   0 0.00  0.0    0  7.8 17 330   M    M   0        18 320
17  40  32  36  -7  29   0 0.51  0.0    0  6.0 14 100   M    M  10 1       M  M
18  47  38  43   0  22   0 0.00  0.0    0  4.7 10  40   M    M  10 1       M  M
19  46  42  44   1  21   0 0.00  0.0    0  6.0  9 350   M    M  10 1       M  M
20  46  41  44   2  21   0 0.00  0.0    0  3.5  7 120   M    M  10         M  M
21  50  44  47   5  18   0 0.00  0.0    0 11.1 17 140   M    M  10 1      24 160
22  60  45  53  11  12   0 0.00  0.0    0  9.4 20 170   M    M   3 1      24 170
23  53  41  47   5  18   0    M  0.0    0 10.4 17 320   M    M   7        24 320
24  49  32  41  -1  24   0 0.00  0.0    0 10.8 20 320   M    M   4        24 310
25  61  30  46   4  19   0 0.00  0.0    0 12.1 28 170   M    M   0        36 180
26  64  47  56  14   9   0 0.00  0.0    0 10.0 17 150   M    M   7 12     23 150
27  50  30  40  -2  25   0 0.10    M    0 14.5 22 330   M    M   8        28 330
28  46  29  38  -4  27   0 0.00  0.0    0  3.7 10 320   M    M   0         M  M
================================================================================
SM 1496 1126       450   0  0.74     0.0 204.7          M      178
================================================================================
AV 55.4 40.2                               7.6 FASTST   M    M   7    MAX(MPH)
                                 MISC ---->    28   M                 36    M
================================================================================
NOTES:
# LAST OF SEVERAL OCCURRENCES

COLUMN 17 PEAK WIND IN M.P.H.

PRELIMINARY LOCAL CLIMATOLOGICAL DATA (WS FORM: F-6) , PAGE 2

                                          STATION:  GAINESVILLE
                                          MONTH:    DECEMBER
                                          YEAR:     2014
                                          LATITUDE:   33 39 N
                                          LONGITUDE:  97 12 W

[TEMPERATURE DATA]      [PRECIPITATION DATA]       SYMBOLS USED IN COLUMN 16

AVERAGE MONTHLY: 47.8   TOTAL FOR MONTH:   0.74    1 = FOG OR MIST
DPTR FM NORMAL:   4.0   DPTR FM NORMAL:   -1.93    2 = FOG REDUCING VISIBILITY
HIGHEST:    75 ON  5    GRTST 24HR  0.51 ON 17-17      TO 1/4 MILE OR LESS
LOWEST:     24 ON  2                               3 = THUNDER
                        SNOW, ICE PELLETS, HAIL    4 = ICE PELLETS
                        TOTAL MONTH:   0.0 INCH    5 = HAIL
                        GRTST 24HR     0.0         6 = FREEZING RAIN OR DRIZZLE
                        GRTST DEPTH:   0           7 = DUSTSTORM OR SANDSTORM:
                                                       VSBY 1/2 MILE OR LESS
                                                   8 = SMOKE OR HAZE
[NO. OF DAYS WITH]      [WEATHER - DAYS WITH]      9 = BLOWING SNOW
                                                   X = TORNADO
MAX 32 OR BELOW:   0    0.01 INCH OR MORE:   5
MAX 90 OR ABOVE:   0    0.10 INCH OR MORE:   2
MIN 32 OR BELOW:   8    0.50 INCH OR MORE:   1
MIN  0 OR BELOW:   0    1.00 INCH OR MORE:   0

[HDD (BASE 65) ]
TOTAL THIS MO.   450    CLEAR  (SCALE 0-3)   5
DPTR FM NORMAL  -142    PTCLDY (SCALE 4-7)  12
TOTAL FM JUL 1   949    CLOUDY (SCALE 8-10) 10
DPTR FM NORMAL  -119

[CDD (BASE 65) ]
TOTAL THIS MO.     0
DPTR FM NORMAL     0    [PRESSURE DATA]
TOTAL FM JAN 1  2040    HIGHEST SLP M ON M
DPTR FM NORMAL  -174    LOWEST  SLP M ON M

[REMARKS]
