000
CXUS54 KMAF 271100
CF6GNC
PRELIMINARY LOCAL CLIMATOLOGICAL DATA (WS FORM: F-6)

                                          STATION:   Gaines County Airport
                                          MONTH:     FEBRUARY
                                          YEAR:      2017
                                          LATITUDE:   32 40 N
                                          LONGITUDE: 102 39 W

  TEMPERATURE IN F:       :PCPN:    SNOW:  WIND      :SUNSHINE: SKY     :PK WND
================================================================================
1   2   3   4   5  6A  6B    7    8   9   10  11  12  13   14  15   16   17  18
                                     12Z  AVG MX 2MIN
DY MAX MIN AVG DEP HDD CDD  WTR  SNW DPTH SPD SPD DIR MIN PSBL S-S WX    SPD DR
================================================================================

 1  68  37  53   M  12   0 0.00  0.0    0 10.2 17 290   M    M   0        21 270
 2  49  28  39   M  26   0 0.00  0.0    0  5.8 12  40   M    M   0        16  40
 3  47  24  36   M  29   0 0.00  0.0    0  8.9 15 110   M    M   2        22  70
 4  58  33  46   M  19   0 0.00  0.0    0  3.4 10 160   M    M   5 1       M  M
 5  77  33  55   M  10   0 0.00  0.0    0  4.9 14 220   M    M   0        16 270
 6  75  44  60   M   5   0 0.00  0.0    0 13.0 24 250   M    M   0 1      33 260
 7  74  40  57   M   8   0 0.00  0.0    0  8.6 20 260   M    M   0        25 270
 8  77  44  61   M   4   0 0.00  0.0    0 14.8 24 300   M    M   0 8      32 300
 9  72  34  53   M  12   0 0.00  0.0    0  5.5 17 190   M    M   0        23 190
10  85  41  63   M   2   0 0.00  0.0    0  7.0 15 210   M    M   0        21 220
11  88  49  69   M   0   4 0.00  0.0    0  9.8 17 280   M    M   0        22 280
12  60  46  53   M  12   0 0.00  0.0    0 15.3 29  40   M    M   2        39  40
13  46  36  41   M  24   0 0.32    M    0  8.3 13  60   M    M  10        22  60
14  42  35  39   M  26   0 0.00  0.0    0 13.0 24 360   M    M  10        32 360
15  56  32  44   M  21   0 0.00  0.0    0  5.9 10  20   M    M   0         M  M
16  61  33  47   M  18   0 0.00  0.0    0  6.9 14 230   M    M   0        17 240
17  72  33  53   M  12   0 0.00  0.0    0  8.5 20 270   M    M   0        23 270
18  73  45  59   M   6   0 0.00  0.0    0  7.7 12 150   M    M   0         M  M
19  67  48  58   M   7   0 0.00  0.0    0  8.4 21 250   M    M   2        28 250
20  69  41  55   M  10   0 0.00  0.0    0 12.9 28 330   M    M   0        36 290
21  79  38  59   M   6   0 0.00  0.0    0  5.3 13 310   M    M   0        23 290
22  83  42  63   M   2   0 0.00  0.0    0  8.3 13 240   M    M   0        18 290
23  80  44  62   M   3   0 0.00  0.0    0 15.0 32 240   M    M   0        44 250
24  63  34  49   M  16   0 0.00  0.0    0  7.0 17 270   M    M   0        24 270
25  56  26  41   M  24   0 0.00  0.0    0  7.0 12 160   M    M   0        18 160
26  67  37  52   M  13   0 0.00  0.0    0  8.0 24 250   M    M   3        32 250
================================================================================
SM 1744  977       327   4  0.32     0.0 229.4          M       34
================================================================================
AV 67.1 37.6                               8.8 FASTST   M    M   1    MAX(MPH)
                                 MISC ---->    32   M                 44    M
================================================================================
NOTES:
# LAST OF SEVERAL OCCURRENCES

COLUMN 17 PEAK WIND IN M.P.H.

PRELIMINARY LOCAL CLIMATOLOGICAL DATA (WS FORM: F-6) , PAGE 2

                                          STATION:  Gaines County Airport
                                          MONTH:    FEBRUARY
                                          YEAR:     2017
                                          LATITUDE:   32 40 N
                                          LONGITUDE: 102 39 W

[TEMPERATURE DATA]      [PRECIPITATION DATA]       SYMBOLS USED IN COLUMN 16

AVERAGE MONTHLY: 52.3   TOTAL FOR MONTH:   0.32    1 = FOG OR MIST
DPTR FM NORMAL:     M   DPTR FM NORMAL:       M    2 = FOG REDUCING VISIBILITY
HIGHEST:    88 ON 11    GRTST 24HR  0.32 ON 13-13      TO 1/4 MILE OR LESS
LOWEST:     24 ON  3                               3 = THUNDER
                        SNOW, ICE PELLETS, HAIL    4 = ICE PELLETS
                        TOTAL MONTH:   0.0 INCH    5 = HAIL
                        GRTST 24HR     0.0         6 = FREEZING RAIN OR DRIZZLE
                        GRTST DEPTH:   0           7 = DUSTSTORM OR SANDSTORM:
                                                       VSBY 1/2 MILE OR LESS
                                                   8 = SMOKE OR HAZE
[NO. OF DAYS WITH]      [WEATHER - DAYS WITH]      9 = BLOWING SNOW
                                                   X = TORNADO
MAX 32 OR BELOW:   0    0.01 INCH OR MORE:   1
MAX 90 OR ABOVE:   0    0.10 INCH OR MORE:   1
MIN 32 OR BELOW:   4    0.50 INCH OR MORE:   0
MIN  0 OR BELOW:   0    1.00 INCH OR MORE:   0

[HDD (BASE 65) ]
TOTAL THIS MO.   327    CLEAR  (SCALE 0-3)  22
DPTR FM NORMAL     M    PTCLDY (SCALE 4-7)   2
TOTAL FM JUL 1  1938    CLOUDY (SCALE 8-10)  2
DPTR FM NORMAL     M

[CDD (BASE 65) ]
TOTAL THIS MO.     4
DPTR FM NORMAL     M    [PRESSURE DATA]
TOTAL FM JAN 1     4    HIGHEST SLP M ON M
DPTR FM NORMAL     M    LOWEST  SLP M ON M

[REMARKS]
