000
CXUS52 KJAX 260800
CF6GNV
PRELIMINARY LOCAL CLIMATOLOGICAL DATA (WS FORM: F-6)

                                          STATION:   GAINESVILLE FL
                                          MONTH:     FEBRUARY
                                          YEAR:      2015
                                          LATITUDE:   29 40 N
                                          LONGITUDE:  82 16 W

  TEMPERATURE IN F:       :PCPN:    SNOW:  WIND      :SUNSHINE: SKY     :PK WND
================================================================================
1   2   3   4   5  6A  6B    7    8   9   10  11  12  13   14  15   16   17  18
                                     12Z  AVG MX 2MIN
DY MAX MIN AVG DEP HDD CDD  WTR  SNW DPTH SPD SPD DIR MIN PSBL S-S WX    SPD DR
================================================================================

 1  73  39  56   0   9   0 0.00  0.0    0  6.4 21 140   M    M   2        27 150
 2  68  41  55  -1  10   0 0.02  0.0    0 11.2 25 270   M    M   6 1      32 270
 3  58  32  45 -11  20   0 0.00  0.0    0  6.9 13  50   M    M   1        17  50
 4  59  47  53  -3  12   0 0.24  0.0    0  5.9 13  60   M    M  10 1      16  70
 5  65  40  53  -3  12   0 0.35  0.0    0  6.4 20 340   M    M   6 1      26 330
 6  62  37  50  -6  15   0 0.00  0.0    0  7.1 15  60   M    M   0        18  50
 7  68  34  51  -5  14   0 0.00  0.0    0  2.7 13 150   M    M   0 1      18 140
 8  74  39  57   1   8   0 0.00  0.0    0  3.1 13 200   M    M   0        19 290
 9  71  42  57   1   8   0 0.02  0.0    0  2.4 12 260   M    M   6 12     16 150
10  63  43  53  -4  12   0 0.00  0.0    0  8.7 16 350   M    M   5 18     22 340
11  66  37  52  -5  13   0 0.00  0.0    0  5.5 13  30   M    M   0        16 350
12  71  39  55  -2  10   0 0.00  0.0    0  7.9 23 280   M    M   0 1      30 280
13  55  31  43 -14  22   0 0.00  0.0    0  6.1 16 360   M    M   0        21  10
14  63  27  45 -12  20   0 0.00  0.0    0  7.2 23 270   M    M   0 1      30 270
15  69  46  58   0   7   0 0.00  0.0    0  7.9 15  10   M    M   0        20  10
16  74  42  58   0   7   0 0.00  0.0    0  7.9 22 230   M    M   1        28 240
17  65  46  56  -2   9   0 1.08  0.0    0  8.1 18 320   M    M   9 1      29 290
18  57  35  46 -12  19   0 0.02  0.0    0 10.0 21 270   M    M   3 1      29 280
19  46  26  36 -22  29   0 0.00  0.0    0 10.1 23 300   M    M   0        34 290
20  53  22  38 -20  27   0 0.00  0.0    0  4.9 13  90   M    M   0        20  10
21  71  31  51  -7  14   0 0.00  0.0    0  5.0 20 150   M    M   2        26 140
22  80  47  64   5   1   0 0.00  0.0    0  4.8 16 220   M    M   3 12     22 260
23  77  54  66   7   0   1 0.14  0.0    0  6.0 17 270   M    M   9 12     20 250
24  65  53  59   0   6   0    T  0.0    0  7.2 18 260   M    M  10 1      26 260
25  70  51  61   2   4   0    T  0.0    0  7.7 24 200   M    M  10 1      32 190
================================================================================
SM 1643  981       308   1  1.87     0.0 167.1          M       83
================================================================================
AV 65.7 39.2                               6.7 FASTST   M    M   3    MAX(MPH)
                                 MISC ---->  # 25 270               # 34  290
================================================================================
NOTES:
# LAST OF SEVERAL OCCURRENCES

COLUMN 17 PEAK WIND IN M.P.H.

PRELIMINARY LOCAL CLIMATOLOGICAL DATA (WS FORM: F-6) , PAGE 2

                                          STATION:  GAINESVILLE FL
                                          MONTH:    FEBRUARY
                                          YEAR:     2015
                                          LATITUDE:   29 40 N
                                          LONGITUDE:  82 16 W

[TEMPERATURE DATA]      [PRECIPITATION DATA]       SYMBOLS USED IN COLUMN 16

AVERAGE MONTHLY: 52.5   TOTAL FOR MONTH:   1.87    1 = FOG OR MIST
DPTR FM NORMAL:  -4.8   DPTR FM NORMAL:   -0.97    2 = FOG REDUCING VISIBILITY
HIGHEST:    80 ON 22    GRTST 24HR  1.10 ON 17-18      TO 1/4 MILE OR LESS
LOWEST:     22 ON 20                               3 = THUNDER
                        SNOW, ICE PELLETS, HAIL    4 = ICE PELLETS
                        TOTAL MONTH:   0.0 INCH    5 = HAIL
                        GRTST 24HR     0.0         6 = FREEZING RAIN OR DRIZZLE
                        GRTST DEPTH:   0           7 = DUSTSTORM OR SANDSTORM:
                                                       VSBY 1/2 MILE OR LESS
                                                   8 = SMOKE OR HAZE
[NO. OF DAYS WITH]      [WEATHER - DAYS WITH]      9 = BLOWING SNOW
                                                   X = TORNADO
MAX 32 OR BELOW:   0    0.01 INCH OR MORE:   7
MAX 90 OR ABOVE:   0    0.10 INCH OR MORE:   4
MIN 32 OR BELOW:   6    0.50 INCH OR MORE:   1
MIN  0 OR BELOW:   0    1.00 INCH OR MORE:   1

[HDD (BASE 65) ]
TOTAL THIS MO.   308    CLEAR  (SCALE 0-3)  15
DPTR FM NORMAL    96    PTCLDY (SCALE 4-7)   5
TOTAL FM JUL 1  1123    CLOUDY (SCALE 8-10)  5
DPTR FM NORMAL   109

[CDD (BASE 65) ]
TOTAL THIS MO.     1
DPTR FM NORMAL   -20    [PRESSURE DATA]
TOTAL FM JAN 1    15    HIGHEST SLP M ON M
DPTR FM NORMAL   -18    LOWEST  SLP 29.57 ON 25

[REMARKS]
