000
CXUS54 KOUN 230700
CF6GOK
PRELIMINARY LOCAL CLIMATOLOGICAL DATA (WS FORM: F-6)

                                          STATION:   GUTHRIE MUNICIPAL
                                          MONTH:     JANUARY
                                          YEAR:      2017
                                          LATITUDE:   35 50 N
                                          LONGITUDE:  97 25 W

  TEMPERATURE IN F:       :PCPN:    SNOW:  WIND      :SUNSHINE: SKY     :PK WND
================================================================================
1   2   3   4   5  6A  6B    7    8   9   10  11  12  13   14  15   16   17  18
                                     12Z  AVG MX 2MIN
DY MAX MIN AVG DEP HDD CDD  WTR  SNW DPTH SPD SPD DIR MIN PSBL S-S WX    SPD DR
================================================================================

 1  59  28  44   7  21   0 0.00  0.0    0  6.8 16 150   M    M   3 18     23 140
 2  69  44  57  20   8   0 0.01  0.0    0  8.3 16 220   M    M   5 1      22 210
 3  46  25  36  -1  29   0 0.00  0.0    0   M  17 350   M    M   8 1      29 360
 4  35  19  27 -10  38   0 0.00  0.0    0  7.1 14  80   M    M   0        21  20
 5  26  18  22 -15  43   0 0.00  0.0    0  9.7 16  10   M    M   8        25  10
 6  19   0  10 -27  55   0 0.14    M    0  4.4 10 340   M    M   7 12     17  10
 7  35  -3  16 -21  49   0 0.00  0.0    M  4.8 13 240   M    M   0 18     16 250
 8  44  20  32  -5  33   0 0.00  0.0    0 10.9 24 190   M    M   1        31 190
 9  62  30  46   9  19   0 0.00  0.0    M 14.8 30 200   M    M   0        43 180
10  67  43  55  18  10   0 0.00  0.0    0 12.0 30 210   M    M   0        46 200
11  75  41  58  21   7   0 0.00  0.0    0 14.6 26 200   M    M   0        36 180
12  41  21  31  -6  34   0 0.00  0.0    0  7.8 14 350   M    M   0        23 330
13  31  27  29  -8  36   0    T  0.0    0  6.2 12  50   M    M  10 16     19  30
14  32  29  31  -6  34   0 0.70  0.0    0  5.4 12 100   M    M  10 16     16  10
15  40  32  36  -1  29   0 0.78  0.0    0  5.0 13  70   M    M  10 16     18  80
16  46  38  42   5  23   0 0.18  0.0    0 10.6 22 230   M    M  10 1      33 220
17  54  34  44   7  21   0 0.00  0.0    0  5.3 13 320   M    M   3        19 310
18  55  40  48  11  17   0 0.00  0.0    0  3.9  9 150   M    M   8        12 170
19  60  46  53  15  12   0 0.00  0.0    0  9.7 20 180   M    M   5 12     26 190
20  68  42  55  17  10   0 0.00  0.0    0 10.7 22 250   M    M   3 12     32 230
21  63  33  48  10  17   0    T    M    0  5.8 16 300   M    M   5        19 300
22  57  33  45   7  20   0 0.06    M    0  9.2 21 330   M    M   3 1      32  10
================================================================================
SM 1084  640       565   0  1.87     0.0 173.0          M       99
================================================================================
AV 49.3 29.1                               8.2 FASTST   M    M   5    MAX(MPH)
                                 MISC ---->  # 30 200               # 46  200
================================================================================
NOTES:
# LAST OF SEVERAL OCCURRENCES

COLUMN 17 PEAK WIND IN M.P.H.

PRELIMINARY LOCAL CLIMATOLOGICAL DATA (WS FORM: F-6) , PAGE 2

                                          STATION:  GUTHRIE MUNICIPAL
                                          MONTH:    JANUARY
                                          YEAR:     2017
                                          LATITUDE:   35 50 N
                                          LONGITUDE:  97 25 W

[TEMPERATURE DATA]      [PRECIPITATION DATA]       SYMBOLS USED IN COLUMN 16

AVERAGE MONTHLY: 39.2   TOTAL FOR MONTH:   1.87    1 = FOG OR MIST
DPTR FM NORMAL:   2.0   DPTR FM NORMAL:    1.09    2 = FOG REDUCING VISIBILITY
HIGHEST:    75 ON 11    GRTST 24HR  0.86 ON 14-15      TO 1/4 MILE OR LESS
LOWEST:     -3 ON  7                               3 = THUNDER
                        SNOW, ICE PELLETS, HAIL    4 = ICE PELLETS
                        TOTAL MONTH:   0.0 INCH    5 = HAIL
                        GRTST 24HR     0.0         6 = FREEZING RAIN OR DRIZZLE
                        GRTST DEPTH:   0           7 = DUSTSTORM OR SANDSTORM:
                                                       VSBY 1/2 MILE OR LESS
                                                   8 = SMOKE OR HAZE
[NO. OF DAYS WITH]      [WEATHER - DAYS WITH]      9 = BLOWING SNOW
                                                   X = TORNADO
MAX 32 OR BELOW:   4    0.01 INCH OR MORE:   6
MAX 90 OR ABOVE:   0    0.10 INCH OR MORE:   4
MIN 32 OR BELOW:  12    0.50 INCH OR MORE:   2
MIN  0 OR BELOW:   2    1.00 INCH OR MORE:   0

[HDD (BASE 65) ]
TOTAL THIS MO.   565    CLEAR  (SCALE 0-3)   9
DPTR FM NORMAL   -47    PTCLDY (SCALE 4-7)   8
TOTAL FM JUL 1  1713    CLOUDY (SCALE 8-10)  5
DPTR FM NORMAL  -329

[CDD (BASE 65) ]
TOTAL THIS MO.     0
DPTR FM NORMAL     0    [PRESSURE DATA]
TOTAL FM JAN 1     0    HIGHEST SLP M ON M
DPTR FM NORMAL     0    LOWEST  SLP 29.32 ON M

[REMARKS]
