928
CXUS55 KMSO 300900
CF6GPI
PRELIMINARY LOCAL CLIMATOLOGICAL DATA (WS FORM: F-6)

                                          STATION:   KALISPELL MT
                                          MONTH:     APRIL
                                          YEAR:      2017
                                          LATITUDE:   48 17 N
                                          LONGITUDE: 114 16 W

  TEMPERATURE IN F:       :PCPN:    SNOW:  WIND      :SUNSHINE: SKY     :PK WND
================================================================================
1   2   3   4   5  6A  6B    7    8   9   10  11  12  13   14  15   16   17  18
                                     12Z  AVG MX 2MIN
DY MAX MIN AVG DEP HDD CDD  WTR  SNW DPTH SPD SPD DIR MIN PSBL S-S WX    SPD DR
================================================================================

 1  53  21  37  -3  28   0    T  0.0    0  4.6 16 230   M    M   6        20 250
 2  52  33  43   2  22   0    T  0.0    0  8.8 28 280   M    M   8        33 280
 3  46  25  36  -5  29   0 0.01    T    0  4.6 13 230   M    M   6 1      16  30
 4  50  22  36  -5  29   0 0.00  0.0    0  4.9 17 160   M    M   3        21 160
 5  57  27  42   1  23   0 0.00  0.0    0  3.5 15 160   M    M   6        24 140
 6  60  35  48   6  17   0 0.05  0.0    0  2.7 12 180   M    M   9 12     15 160
 7  54  32  43   1  22   0 0.12  0.0    0  8.5 29 260   M    M   7 123    39 240
 8  53  28  41  -1  24   0 0.01  0.0    0  5.8 18 140   M    M   6        22 140
 9  47  25  36  -6  29   0 0.14    T    0  8.7 17 150   M    M   9 1      19 160
10  45  21  33  -9  32   0 0.08    T    0  6.3 20 230   M    M   4 1      25 240
11  53  26  40  -3  25   0 0.00  0.0    0  5.4 13 170   M    M   2        16 170
12  50  38  44   1  21   0 0.12  0.0    0  5.3 16  40   M    M  10 1      20  40
13  51  36  44   1  21   0 0.33  0.0    0  4.8 18  20   M    M   8 1      23 140
14  52  29  41  -2  24   0    T  0.0    0  7.1 25 260   M    M   7 1      32 270
15  50  32  41  -3  24   0    T  0.0    0 10.6 22 240   M    M   8        28 230
16  56  22  39  -5  26   0 0.00  0.0    0  2.6 10 170   M    M   1        14 170
17  46  38  42  -2  23   0 0.11  0.0    0  5.7 15 160   M    M   9 18     17 150
18  57  37  47   3  18   0 0.06  0.0    0  5.7 28 240   M    M   7 8      41 240
19  59  31  45   1  20   0    T  0.0    0  4.6 15 170   M    M   4        20 210
20  53  28  41  -4  24   0 0.25  0.0    0  6.0 15 150   M    M   6 1      18 140
21  55  35  45   0  20   0 0.04  0.0    0  4.9 15  10   M    M   8 1      18  20
22  62  28  45   0  20   0 0.00  0.0    0  5.4 18 150   M    M   1        23 140
23  55  39  47   2  18   0 0.02  0.0    0  6.0 16 160   M    M   6 1      20 140
24  54  40  47   1  18   0 0.05  0.0    0  4.6 15 150   M    M   8 1      17 150
25  51  39  45  -1  20   0 0.24  0.0    0  5.5 21 240   M    M  10 13     26 230
26  48  37  43  -3  22   0 0.29  0.0    0  5.2 18 160   M    M   8 1      22 160
27  43  27  35 -11  30   0 0.30  0.0    0 11.4 24 150   M    M  10 1      29 150
28  51  38  45  -2  20   0 0.07  0.0    0  5.0 14 200   M    M   9 1      18 200
29  54  37  46  -1  19   0 0.07  0.0    0  5.9 16 170   M    M   9 1      20 170
================================================================================
SM 1517  906       668   0  2.36    T    170.1          M      195
================================================================================
AV 52.3 31.2                               5.9 FASTST   M    M   7    MAX(MPH)
                                 MISC ---->  # 29 260               # 41  240
================================================================================
NOTES:
# LAST OF SEVERAL OCCURRENCES

COLUMN 17 PEAK WIND IN M.P.H.

PRELIMINARY LOCAL CLIMATOLOGICAL DATA (WS FORM: F-6) , PAGE 2

                                          STATION:  KALISPELL MT
                                          MONTH:    APRIL
                                          YEAR:     2017
                                          LATITUDE:   48 17 N
                                          LONGITUDE: 114 16 W

[TEMPERATURE DATA]      [PRECIPITATION DATA]       SYMBOLS USED IN COLUMN 16

AVERAGE MONTHLY: 41.8   TOTAL FOR MONTH:   2.36    1 = FOG OR MIST
DPTR FM NORMAL:  -1.8   DPTR FM NORMAL:    1.16    2 = FOG REDUCING VISIBILITY
HIGHEST:    62 ON 22    GRTST 24HR  0.39 ON 25-26      TO 1/4 MILE OR LESS
LOWEST:     21 ON 10, 1                            3 = THUNDER
                        SNOW, ICE PELLETS, HAIL    4 = ICE PELLETS
                        TOTAL MONTH:    T          5 = HAIL
                        GRTST 24HR    T  ON 10-10  6 = FREEZING RAIN OR DRIZZLE
                        GRTST DEPTH:   0           7 = DUSTSTORM OR SANDSTORM:
                                                       VSBY 1/2 MILE OR LESS
                                                   8 = SMOKE OR HAZE
[NO. OF DAYS WITH]      [WEATHER - DAYS WITH]      9 = BLOWING SNOW
                                                   X = TORNADO
MAX 32 OR BELOW:   0    0.01 INCH OR MORE:  19
MAX 90 OR ABOVE:   0    0.10 INCH OR MORE:   9
MIN 32 OR BELOW:  16    0.50 INCH OR MORE:   0
MIN  0 OR BELOW:   0    1.00 INCH OR MORE:   0

[HDD (BASE 65) ]
TOTAL THIS MO.   668    CLEAR  (SCALE 0-3)   4
DPTR FM NORMAL    46    PTCLDY (SCALE 4-7)  14
TOTAL FM JUL 1  7748    CLOUDY (SCALE 8-10) 11
DPTR FM NORMAL   355

[CDD (BASE 65) ]
TOTAL THIS MO.     0
DPTR FM NORMAL     0    [PRESSURE DATA]
TOTAL FM JAN 1     0    HIGHEST SLP M ON M
DPTR FM NORMAL     0    LOWEST  SLP 29.50 ON  7

[REMARKS]
