000
CXUS53 KGRB 240643
CF6GRB
PRELIMINARY LOCAL CLIMATOLOGICAL DATA (WS FORM: F-6)

                                          STATION:   GREEN BAY WI
                                          MONTH:     OCTOBER
                                          YEAR:      2014
                                          LATITUDE:   44 28 N
                                          LONGITUDE:  88  8 W

  TEMPERATURE IN F:       :PCPN:    SNOW:  WIND      :SUNSHINE: SKY     :PK WND
================================================================================
1   2   3   4   5  6A  6B    7    8   9   10  11  12  13   14  15   16   17  18
                                     12Z  AVG MX 2MIN
DY MAX MIN AVG DEP HDD CDD  WTR  SNW DPTH SPD SPD DIR MIN PSBL S-S WX    SPD DR
================================================================================

 1  63  47  55   2  10   0 0.26  0.0    0  7.4 18 140   M    M  10 1      25 120
 2  67  56  62  10   3   0 0.20  0.0    0  4.1 13 190   M    M   9 18     18 180
 3  64  41  53   1  12   0 0.34  0.0    0 15.5 28 270   M    M   9 1      37 270
 4  46  38  42 -10  23   0 0.07  0.0    0 10.4 20 270   M    M  10 1      25 280
 5  50  40  45  -6  20   0    T  0.0    0  9.0 22 280   M    M   7        29 260
 6  56  37  47  -4  18   0 0.00  0.0    0  7.9 20 210   M    M   3        25 220
 7  63  46  55   5  10   0 0.00  0.0    0 10.4 23 280   M    M   4        32 290
 8  58  37  48  -2  17   0 0.00  0.0    0 11.8 31 270   M    M   2        41 280
 9  58  33  46  -4  19   0 0.00  0.0    0  6.9 15 270   M    M   3        20 250
10  59  31  45  -4  20   0 0.00  0.0    0  5.0 12 310   M    M   3        17 280
11  57  33  45  -4  20   0 0.00  0.0    0  4.0 12 240   M    M   3        17 290
12  59  37  48   0  17   0 0.06  0.0    0  8.5 20 140   M    M   3 1      25 130
13  62  50  56   8   9   0 1.01  0.0    0  8.1 23  30   M    M  10 18     28  30
14  55  48  52   4  13   0 0.29  0.0    0 17.2 41  20   M    M  10 1      53  30
15  53  47  50   2  15   0 0.12  0.0    0 13.8 28  20   M    M   9 1      36  20
16  54  43  49   2  16   0    T  0.0    0  2.7  8 320   M    M   8 18     11 320
17  55  41  48   1  17   0 0.05  0.0    0  8.9 24 350   M    M   8 12     32 350
18  52  33  43  -3  22   0    T  0.0    0  8.6 21  10   M    M   4        28 350
19  55  31  43  -3  22   0    T  0.0    0  7.2 18 200   M    M   2 1      26 200
20  55  39  47   1  18   0 0.01  0.0    0  7.8 16 360   M    M   8        21 340
21  51  31  41  -4  24   0 0.00  0.0    0  7.5 18  10   M    M   5        23 360
22  55  29  42  -3  23   0 0.00  0.0    0  4.0 13 140   M    M   2 12     16 130
23  55  36  46   1  19   0 0.07    M    0  5.0 14 200   M    M   5 1      19 200
================================================================================
SM 1302  904       387   0  2.48     0.0 191.7          M      137
================================================================================
AV 56.6 39.3                               8.3 FASTST   M    M   6    MAX(MPH)
                                 MISC ---->  # 41  20               # 53   30
================================================================================
NOTES:
# LAST OF SEVERAL OCCURRENCES

COLUMN 17 PEAK WIND IN M.P.H.

PRELIMINARY LOCAL CLIMATOLOGICAL DATA (WS FORM: F-6) , PAGE 2

                                          STATION:  GREEN BAY WI
                                          MONTH:    OCTOBER
                                          YEAR:     2014
                                          LATITUDE:   44 28 N
                                          LONGITUDE:  88  8 W

[TEMPERATURE DATA]      [PRECIPITATION DATA]       SYMBOLS USED IN COLUMN 16

AVERAGE MONTHLY: 48.0   TOTAL FOR MONTH:   2.48    1 = FOG OR MIST
DPTR FM NORMAL:  -0.7   DPTR FM NORMAL:    0.64    2 = FOG REDUCING VISIBILITY
HIGHEST:    67 ON  2    GRTST 24HR  1.26 ON 13-14      TO 1/4 MILE OR LESS
LOWEST:     29 ON 22                               3 = THUNDER
                        SNOW, ICE PELLETS, HAIL    4 = ICE PELLETS
                        TOTAL MONTH:   0.0 INCH    5 = HAIL
                        GRTST 24HR     0.0         6 = FREEZING RAIN OR DRIZZLE
                        GRTST DEPTH:   0           7 = DUSTSTORM OR SANDSTORM:
                                                       VSBY 1/2 MILE OR LESS
                                                   8 = SMOKE OR HAZE
[NO. OF DAYS WITH]      [WEATHER - DAYS WITH]      9 = BLOWING SNOW
                                                   X = TORNADO
MAX 32 OR BELOW:   0    0.01 INCH OR MORE:  11
MAX 90 OR ABOVE:   0    0.10 INCH OR MORE:   6
MIN 32 OR BELOW:   4    0.50 INCH OR MORE:   1
MIN  0 OR BELOW:   0    1.00 INCH OR MORE:   1

[HDD (BASE 65) ]
TOTAL THIS MO.   387    CLEAR  (SCALE 0-3)   7
DPTR FM NORMAL     6    PTCLDY (SCALE 4-7)   9
TOTAL FM JUL 1   613    CLOUDY (SCALE 8-10)  7
DPTR FM NORMAL   -38

[CDD (BASE 65) ]
TOTAL THIS MO.     0
DPTR FM NORMAL     0    [PRESSURE DATA]
TOTAL FM JAN 1   362    HIGHEST SLP M ON M
DPTR FM NORMAL   -33    LOWEST  SLP 29.46 ON M

[REMARKS]
