000
CXUS53 KGRR 011820
CF6GRR
PRELIMINARY LOCAL CLIMATOLOGICAL DATA (WS FORM: F-6)

                                          STATION:   GRAND RAPIDS MI
                                          MONTH:     JULY
                                          YEAR:      2015
                                          LATITUDE:   42 52 N
                                          LONGITUDE:  85 31 W

  TEMPERATURE IN F:       :PCPN:    SNOW:  WIND      :SUNSHINE: SKY     :PK WND
================================================================================
1   2   3   4   5  6A  6B    7    8   9   10  11  12  13   14  15   16   17  18
                                     12Z  AVG MX 2MIN
DY MAX MIN AVG DEP HDD CDD  WTR  SNW DPTH SPD SPD DIR MIN PSBL S-S WX    SPD DR
================================================================================

 1  70  55  63  -9   2   0 0.00  0.0    0  7.5 15 300 297   32   8        22 300
 2  74  51  63  -9   2   0 0.00  0.0    0  6.5 14  70 696   76   3        24  80
 3  76  50  63  -9   2   0 0.00  0.0    0  3.3  9 290 845   92   5        11 300
 4  81  54  68  -4   0   3 0.00  0.0    0  4.2 13 250 584   64   6 18     17 340
 5  84  56  70  -2   0   5 0.00  0.0    0  4.1  M   M 643   70   3 18      M  M
 6  85  61  73   1   0   8 0.00  0.0    0  9.9 16 190 500   55   6 138    22 180
 7  78  56  67  -5   0   2 0.27  0.0    0  9.7 20 350 443   49   6 138    24 360
 8  68  50  59 -14   6   0 0.00  0.0    0  6.5 14  90 239   26   8        18 120
 9  78  60  69  -4   0   4    T  0.0    0  6.7 14 270 384   42   6 18     17 270
10  80  57  69  -4   0   4 0.00  0.0    0  4.0  9 300 824   91   5        12 240
11  81  56  69  -4   0   4 0.00  0.0    0  4.9 13 210 592   65   6 1      17 220
12  83  66  75   2   0  10 0.01  0.0    0  6.2 13 130 727   80   5 1      19 110
13  83  64  74   1   0   9 0.30  0.0    0  8.7 23 150 404   45   6 13     31 160
14  77  67  72  -1   0   7 0.64  0.0    0 11.4 32 200 108   12   7 13     52 200
15  74  57  66  -7   0   1 0.00  0.0    0  9.1 15  80 882   98   4        20  60
16  75  53  64  -9   1   0 0.02  0.0    0  7.4 18 150 367   41   7        21 150
17  85  63  74   1   0   9 0.54  0.0    0 10.3 17 240 340   38   8 1      24 250
18  86  67  77   4   0  12 0.45  0.0    0  9.6 28 330 509   57   6 13     39 290
19  83  65  74   1   0   9 0.00  0.0    0 10.2 20 270 783   87   5 1      27 270
20  83  62  73   0   0   8    T  0.0    0 10.4 23 250 564   63   6        27 260
21  79  61  70  -3   0   5 0.00  0.0    0  9.8 21 270 878   99   2        26 270
22  81  56  69  -4   0   4 0.00  0.0    0  6.0 16 300 773   87   4        20 300
23  84  62  73   0   0   8 0.00  0.0    0  7.1 16 290 731   82   5 8      23 270
24  86  60  73   1   0   8 0.00  0.0    0  6.5 16 240 821   93   4 8      20 230
25  87  67  77   5   0  12 0.00  0.0    0  9.4 17 270 638   72   5        24 270
26  86  62  74   2   0   9 0.00  0.0    0  3.2 13 110 647   73   5        14 110
27  88  64  76   4   0  11 0.00  0.0    0  3.7 14 100 874   99   3        17 110
28  90  65  78   6   0  13 0.00  0.0    0  5.7 15 140 810   92   4 8      19 140
29  87  69  78   6   0  13 0.00  0.0    0 10.5 22 280 540   62   5 8      30 300
30  85  64  75   3   0  10 0.00  0.0    0 12.4 26 270 843   97   1 8      32 260
31  85  65  75   3   0  10 0.00  0.0    0 12.3 29 270 852   98   2 8      37 290
================================================================================
SM 2522 1865        13 198  2.23     0.0 237.2        19138    156
================================================================================
AV 81.4 60.2                               7.7 FASTST  617  69   5    MAX(MPH)
                                 MISC ---->  # 32 200               # 52  200
================================================================================
NOTES:
# LAST OF SEVERAL OCCURRENCES

COLUMN 17 PEAK WIND IN M.P.H.

PRELIMINARY LOCAL CLIMATOLOGICAL DATA (WS FORM: F-6) , PAGE 2

                                          STATION:  GRAND RAPIDS MI
                                          MONTH:    JULY
                                          YEAR:     2015
                                          LATITUDE:   42 52 N
                                          LONGITUDE:  85 31 W

[TEMPERATURE DATA]      [PRECIPITATION DATA]       SYMBOLS USED IN COLUMN 16

AVERAGE MONTHLY: 70.8   TOTAL FOR MONTH:   2.23    1 = FOG OR MIST
DPTR FM NORMAL:  -1.7   DPTR FM NORMAL:   -1.55    2 = FOG REDUCING VISIBILITY
HIGHEST:    90 ON 28    GRTST 24HR  0.92 ON 13-14      TO 1/4 MILE OR LESS
LOWEST:     50 ON  8, 3                            3 = THUNDER
                        SNOW, ICE PELLETS, HAIL    4 = ICE PELLETS
                        TOTAL MONTH:   0.0 INCH    5 = HAIL
                        GRTST 24HR     0.0         6 = FREEZING RAIN OR DRIZZLE
                        GRTST DEPTH:   0           7 = DUSTSTORM OR SANDSTORM:
                                                       VSBY 1/2 MILE OR LESS
                                                   8 = SMOKE OR HAZE
[NO. OF DAYS WITH]      [WEATHER - DAYS WITH]      9 = BLOWING SNOW
                                                   X = TORNADO
MAX 32 OR BELOW:   0    0.01 INCH OR MORE:   7
MAX 90 OR ABOVE:   1    0.10 INCH OR MORE:   5
MIN 32 OR BELOW:   0    0.50 INCH OR MORE:   2
MIN  0 OR BELOW:   0    1.00 INCH OR MORE:   0

[HDD (BASE 65) ]
TOTAL THIS MO.    13    CLEAR  (SCALE 0-3)   4
DPTR FM NORMAL     7    PTCLDY (SCALE 4-7)  27
TOTAL FM JUL 1    13    CLOUDY (SCALE 8-10)  0
DPTR FM NORMAL     7

[CDD (BASE 65) ]
TOTAL THIS MO.   198
DPTR FM NORMAL   -41    [PRESSURE DATA]
TOTAL FM JAN 1   339    HIGHEST SLP 30.18 ON 11
DPTR FM NORMAL   -92    LOWEST  SLP 29.47 ON 14

[REMARKS]
#FINAL-07-15#
