000
CXUS52 KRAH 221345
CF6GSO
PRELIMINARY LOCAL CLIMATOLOGICAL DATA (WS FORM: F-6)

                                          STATION:   PIEDMONT TRIAD INTL AIRPORT NC
                                          MONTH:     DECEMBER
                                          YEAR:      2014
                                          LATITUDE:   36  4 N
                                          LONGITUDE:  79 57 W

  TEMPERATURE IN F:       :PCPN:    SNOW:  WIND      :SUNSHINE: SKY     :PK WND
================================================================================
1   2   3   4   5  6A  6B    7    8   9   10  11  12  13   14  15   16   17  18
                                     12Z  AVG MX 2MIN
DY MAX MIN AVG DEP HDD CDD  WTR  SNW DPTH SPD SPD DIR MIN PSBL S-S WX    SPD DR
================================================================================

 1  73  43  58  13   7   0 0.00  0.0    0  6.3 13 230   M    M   2        16 210
 2  56  39  48   3  17   0    T  0.0    0  7.1 21  50   M    M  10 12     25  50
 3  54  39  47   3  18   0    T  0.0    0  5.6 15 240   M    M   9 12     18 240
 4  54  40  47   3  18   0 0.00  0.0    0  6.2 12  50   0    0   0        14  70
 5  46  40  43  -1  22   0 0.01  0.0    0  2.0  8  50   M    M   9         9  50
 6  50  39  45   1  20   0 0.15  0.0    0  5.0 12 340   M    M  10 1      18  10
 7  52  37  45   2  20   0 0.00  0.0    0 14.2 21  50   M    M   5        30  50
 8  40  35  38  -5  27   0 0.26  0.0    0 10.1 18  50   M    M  10 1      25 340
 9  53  36  45   2  20   0 0.04    M    0  7.6 16 320   M    M   9 1      20 310
10  49  33  41  -1  24   0 0.00  0.0    0 11.6 23 310   M    M   4        33 320
11  48  26  37  -5  28   0 0.00  0.0    0  9.5 17 280   M    M   3 8      21 280
12  57  31  44   2  21   0 0.00  0.0    0 10.2 20 310   M    M   3        24 300
13  61  29  45   3  20   0 0.00  0.0    0  5.1 13 300   M    M   1        16 280
14  59  30  45   4  20   0 0.00  0.0    0  4.8 13 320   M    M   1        15  50
15  58  29  44   3  21   0 0.00  0.0    0  2.4  8 120   M    M   3        21 260
16  52  36  44   3  21   0 0.07  0.0    0  6.2 13 290   M    M   8 18     17 300
17  57  37  47   6  18   0 0.00  0.0    0  6.8 16 300   M    M   5        23 310
18  47  36  42   1  23   0 0.00  0.0    0  4.3 12  20   M    M   6        15  10
19  52  37  45   5  20   0 0.00  0.0    0  3.7 13 320   M    M   7        20 310
20  40  34  37  -3  28   0    T    T    0  3.5  9  60   M    M  10 158    10  50
21  47  38  43   3  22   0    T  0.0    0  3.0 10  70   M    M   9 18     13  70
================================================================================
SM 1105  744       435   0  0.53    T    135.2            0    124
================================================================================
AV 52.6 35.4                               6.4 FASTST    0   0   6    MAX(MPH)
                                 MISC ---->  # 23 310               # 33  320
================================================================================
NOTES:
# LAST OF SEVERAL OCCURRENCES

COLUMN 17 PEAK WIND IN M.P.H.

PRELIMINARY LOCAL CLIMATOLOGICAL DATA (WS FORM: F-6) , PAGE 2

                                          STATION:  PIEDMONT TRIAD INTL AIRPORT NC
                                          MONTH:    DECEMBER
                                          YEAR:     2014
                                          LATITUDE:   36  4 N
                                          LONGITUDE:  79 57 W

[TEMPERATURE DATA]      [PRECIPITATION DATA]       SYMBOLS USED IN COLUMN 16

AVERAGE MONTHLY: 44.0   TOTAL FOR MONTH:   0.53    1 = FOG OR MIST
DPTR FM NORMAL:   1.7   DPTR FM NORMAL:   -1.51    2 = FOG REDUCING VISIBILITY
HIGHEST:    73 ON  1    GRTST 24HR  0.30 ON  8- 9      TO 1/4 MILE OR LESS
LOWEST:     26 ON 11                               3 = THUNDER
                        SNOW, ICE PELLETS, HAIL    4 = ICE PELLETS
                        TOTAL MONTH:    T          5 = HAIL
                        GRTST 24HR    T  ON 20-20  6 = FREEZING RAIN OR DRIZZLE
                        GRTST DEPTH:   0           7 = DUSTSTORM OR SANDSTORM:
                                                       VSBY 1/2 MILE OR LESS
                                                   8 = SMOKE OR HAZE
[NO. OF DAYS WITH]      [WEATHER - DAYS WITH]      9 = BLOWING SNOW
                                                   X = TORNADO
MAX 32 OR BELOW:   0    0.01 INCH OR MORE:   5
MAX 90 OR ABOVE:   0    0.10 INCH OR MORE:   2
MIN 32 OR BELOW:   5    0.50 INCH OR MORE:   0
MIN  0 OR BELOW:   0    1.00 INCH OR MORE:   0

[HDD (BASE 65) ]
TOTAL THIS MO.   435    CLEAR  (SCALE 0-3)   6
DPTR FM NORMAL   -43    PTCLDY (SCALE 4-7)   7
TOTAL FM JUL 1  1185    CLOUDY (SCALE 8-10)  8
DPTR FM NORMAL    27

[CDD (BASE 65) ]
TOTAL THIS MO.     0
DPTR FM NORMAL     0    [PRESSURE DATA]
TOTAL FM JAN 1  1499    HIGHEST SLP  0.00 ON  4
DPTR FM NORMAL    16    LOWEST  SLP  0.00 ON  4

[REMARKS]
