807
CXUS52 KRAH 211345
CF6GSO
PRELIMINARY LOCAL CLIMATOLOGICAL DATA (WS FORM: F-6)

                                          STATION:   PIEDMONT TRIAD INTL AIRPORT NC
                                          MONTH:     JANUARY
                                          YEAR:      2018
                                          LATITUDE:   36  4 N
                                          LONGITUDE:  79 57 W

  TEMPERATURE IN F:       :PCPN:    SNOW:  WIND      :SUNSHINE: SKY     :PK WND
================================================================================
1   2   3   4   5  6A  6B    7    8   9   10  11  12  13   14  15   16   17  18
                                     12Z  AVG MX 2MIN
DY MAX MIN AVG DEP HDD CDD  WTR  SNW DPTH SPD SPD DIR MIN PSBL S-S WX    SPD DR
================================================================================

 1  27  13  20 -19  45   0 0.00  0.0    0  7.1 14 320   M    M   3        19 320
 2  31   8  20 -19  45   0 0.00  0.0    0  2.6  8  40   M    M   1 8      11  30
 3  30  12  21 -18  44   0 0.00  0.0    0  2.3  8  40   M    M   7        10  30
 4  29  16  23 -16  42   0 0.00  0.0    0 15.2 31 300   M    M   2        40 320
 5  30   9  20 -19  45   0 0.00  0.0    0  9.7 21 310   M    M   1        29 300
 6  26   8  17 -22  48   0 0.00  0.0    0  7.6 17 320   M    M   1        23 330
 7  28   6  17 -22  48   0 0.00  0.0    0  4.8 10  60   M    M   4        12 200
 8  43  18  31  -8  34   0 0.01  0.0    0  7.7 16 230   M    M   8        21 170
 9  64  31  48  10  17   0 0.00  0.0    0  3.3  9 310   M    M   7 18     12 300
10  54  42  48  10  17   0 0.00  0.0    0  5.0 10  40   M    M   9        11  50
11  63  40  52  14  13   0 0.09  0.0    0  7.8 18 150   M    M  10 12     26 170
12  69  54  62  23   3   0 1.24  0.0    0 11.8 26 270   M    M  10 1      41 270
13  55  23  39   0  26   0    T  0.0    0 12.1 25 310   M    M   5        35 310
14  31  18  25 -14  40   0 0.00  0.0    0  8.3 18  50   M    M   4        24  50
15  35  15  25 -14  40   0 0.00  0.0    0  3.9 14  50   M    M   1        16  50
16  44  19  32  -7  33   0 0.00  0.0    0  2.8 12 250   M    M   6        15 220
17  37  19  28 -11  37   0 0.64  7.0    1  7.9 16  20   M    M  10 12     25  10
18  37   6  22 -17  43   0 0.00  0.0    6  7.6 17 290   M    M   1 8      21 300
19  50  17  34  -5  31   0 0.00  0.0    4  5.3 12 250   M    M   0 8      14 250
20  55  23  39   0  26   0 0.00  0.0    2  6.7 14 230   M    M   2        20 310
================================================================================
SM  838  397       677   0  1.98     7.0 139.5          M       92
================================================================================
AV 41.9 19.9                               7.0 FASTST   M    M   5    MAX(MPH)
                                 MISC ---->  # 31 300               # 41  270
================================================================================
NOTES:
# LAST OF SEVERAL OCCURRENCES

COLUMN 17 PEAK WIND IN M.P.H.

PRELIMINARY LOCAL CLIMATOLOGICAL DATA (WS FORM: F-6) , PAGE 2

                                          STATION:  PIEDMONT TRIAD INTL AIRPORT NC
                                          MONTH:    JANUARY
                                          YEAR:     2018
                                          LATITUDE:   36  4 N
                                          LONGITUDE:  79 57 W

[TEMPERATURE DATA]      [PRECIPITATION DATA]       SYMBOLS USED IN COLUMN 16

AVERAGE MONTHLY: 30.9   TOTAL FOR MONTH:   1.98    1 = FOG OR MIST
DPTR FM NORMAL:  -8.0   DPTR FM NORMAL:   -0.03    2 = FOG REDUCING VISIBILITY
HIGHEST:    69 ON 12    GRTST 24HR  1.24 ON 12-12      TO 1/4 MILE OR LESS
LOWEST:      6 ON 18, 7                            3 = THUNDER
                        SNOW, ICE PELLETS, HAIL    4 = ICE PELLETS
                        TOTAL MONTH:   7.0 INCHES  5 = HAIL
                        GRTST 24HR   7.0 ON 17-17  6 = FREEZING RAIN OR DRIZZLE
                        GRTST DEPTH:   6 ON 18     7 = DUSTSTORM OR SANDSTORM:
                                                       VSBY 1/2 MILE OR LESS
                                                   8 = SMOKE OR HAZE
[NO. OF DAYS WITH]      [WEATHER - DAYS WITH]      9 = BLOWING SNOW
                                                   X = TORNADO
MAX 32 OR BELOW:   8    0.01 INCH OR MORE:   4
MAX 90 OR ABOVE:   0    0.10 INCH OR MORE:   2
MIN 32 OR BELOW:  17    0.50 INCH OR MORE:   2
MIN  0 OR BELOW:   0    1.00 INCH OR MORE:   1

[HDD (BASE 65) ]
TOTAL THIS MO.   677    CLEAR  (SCALE 0-3)   8
DPTR FM NORMAL   157    PTCLDY (SCALE 4-7)   8
TOTAL FM JUL 1  2034    CLOUDY (SCALE 8-10)  4
DPTR FM NORMAL   100

[CDD (BASE 65) ]
TOTAL THIS MO.     0
DPTR FM NORMAL     0    [PRESSURE DATA]
TOTAL FM JAN 1     0    HIGHEST SLP M ON M
DPTR FM NORMAL     0    LOWEST  SLP 29.54 ON 12

[REMARKS]
