000
CXUS56 KTFX 241205
CF6GTF
PRELIMINARY LOCAL CLIMATOLOGICAL DATA (WS FORM: F-6)

                                          STATION:   GREAT FALLS MT
                                          MONTH:     AUGUST
                                          YEAR:      2016
                                          LATITUDE:   47 28 N
                                          LONGITUDE: 111 22 W

  TEMPERATURE IN F:       :PCPN:    SNOW:  WIND      :SUNSHINE: SKY     :PK WND
================================================================================
1   2   3   4   5  6A  6B    7    8   9   10  11  12  13   14  15   16   17  18
                                     12Z  AVG MX 2MIN
DY MAX MIN AVG DEP HDD CDD  WTR  SNW DPTH SPD SPD DIR MIN PSBL S-S WX    SPD DR
================================================================================

 1  84  45  65  -4   0   0 0.00  0.0    0  7.5 16 300   M    M   0        23 270
 2  95  45  70   1   0   5 0.00  0.0    0  8.8 21 320   M    M   1        27 310
 3  75  51  63  -6   2   0 0.00  0.0    0 16.8 30 260   M    M   2        36 250
 4  82  45  64  -5   1   0 0.00  0.0    0  9.5 14  80   M    M   1        17  80
 5  91  48  70   1   0   5 0.00  0.0    0  9.2 18  70   M    M   0        26  60
 6  88  51  70   1   0   5 0.00  0.0    0  8.2 23  60   M    M   2        29  60
 7  81  47  64  -5   1   0    T  0.0    0  7.6 25 210   M    M   1 18     30 210
 8  87  49  68   0   0   3 0.02  0.0    0  8.4 29 190   M    M   2 3      38 180
 9  81  48  65  -3   0   0 0.78    T    0  9.2 45 240   M    M   1 135    55 240
10  73  48  61  -7   4   0 0.00  0.0    0 16.7 31 250   M    M   2        39 270
11  80  50  65  -3   0   0 0.00  0.0    0  8.1 14 210   M    M   3        17 250
12  80  51  66  -2   0   1    T  0.0    0  6.7 25 230   M    M   4        29 230
13  85  47  66  -2   0   1 0.00  0.0    0  5.1 14 280   M    M   0        19 270
14  89  56  73   6   0   8    T  0.0    0  9.2 28 360   M    M   1 3      36 360
15  88  49  69   2   0   4 0.00  0.0    0  5.1 12  60   M    M   0        15  50
16  94  52  73   6   0   8 0.00  0.0    0  7.8 14 340   M    M   0        19 350
17  88  54  71   5   0   6    T  0.0    0 10.6 22  20   M    M   1 3      27  40
18  65  48  57  -9   8   0 0.31  0.0    0 10.9 25  30   M    M   9 13     34  20
19  70  41  56 -10   9   0 0.00  0.0    0  6.7 14 220   M    M   4        16 240
20  82  43  63  -3   2   0 0.00  0.0    0  9.6 16 220   M    M   0        20 230
21  91  49  70   5   0   5 0.00  0.0    0 12.7 22 250   M    M   0        29 250
22  81  55  68   3   0   3 0.00  0.0    0 19.0 32 240   M    M   0        40 230
23  73  48  61  -4   4   0 0.01  0.0    0 13.3 26 360   M    M   5        33 330
================================================================================
SM 1903 1120        31  54  1.12    T    226.7          M       39
================================================================================
AV 82.7 48.7                               9.9 FASTST   M    M   2    MAX(MPH)
                                 MISC ---->  # 45 240               # 55  240
================================================================================
NOTES:
# LAST OF SEVERAL OCCURRENCES

COLUMN 17 PEAK WIND IN M.P.H.

PRELIMINARY LOCAL CLIMATOLOGICAL DATA (WS FORM: F-6) , PAGE 2

                                          STATION:  GREAT FALLS MT
                                          MONTH:    AUGUST
                                          YEAR:     2016
                                          LATITUDE:   47 28 N
                                          LONGITUDE: 111 22 W

[TEMPERATURE DATA]      [PRECIPITATION DATA]       SYMBOLS USED IN COLUMN 16

AVERAGE MONTHLY: 65.7   TOTAL FOR MONTH:   1.12    1 = FOG OR MIST
DPTR FM NORMAL:  -1.7   DPTR FM NORMAL:    0.00    2 = FOG REDUCING VISIBILITY
HIGHEST:    95 ON  2    GRTST 24HR  0.78 ON  9- 9      TO 1/4 MILE OR LESS
LOWEST:     41 ON 19                               3 = THUNDER
                        SNOW, ICE PELLETS, HAIL    4 = ICE PELLETS
                        TOTAL MONTH:    T          5 = HAIL
                        GRTST 24HR    T  ON  9- 9  6 = FREEZING RAIN OR DRIZZLE
                        GRTST DEPTH:   0           7 = DUSTSTORM OR SANDSTORM:
                                                       VSBY 1/2 MILE OR LESS
                                                   8 = SMOKE OR HAZE
[NO. OF DAYS WITH]      [WEATHER - DAYS WITH]      9 = BLOWING SNOW
                                                   X = TORNADO
MAX 32 OR BELOW:   0    0.01 INCH OR MORE:   4
MAX 90 OR ABOVE:   4    0.10 INCH OR MORE:   2
MIN 32 OR BELOW:   0    0.50 INCH OR MORE:   1
MIN  0 OR BELOW:   0    1.00 INCH OR MORE:   0

[HDD (BASE 65) ]
TOTAL THIS MO.    31    CLEAR  (SCALE 0-3)  18
DPTR FM NORMAL    -9    PTCLDY (SCALE 4-7)   4
TOTAL FM JUL 1    75    CLOUDY (SCALE 8-10)  1
DPTR FM NORMAL   -15

[CDD (BASE 65) ]
TOTAL THIS MO.    54
DPTR FM NORMAL   -42    [PRESSURE DATA]
TOTAL FM JAN 1   218    HIGHEST SLP M ON M
DPTR FM NORMAL   -41    LOWEST  SLP 29.61 ON  9

[REMARKS]
