000
CXUS56 KTFX 240728
CF6GTF
PRELIMINARY LOCAL CLIMATOLOGICAL DATA (WS FORM: F-6)

                                          STATION:   GREAT FALLS MT
                                          MONTH:     SEPTEMBER
                                          YEAR:      2017
                                          LATITUDE:   47 28 N
                                          LONGITUDE: 111 22 W

  TEMPERATURE IN F:       :PCPN:    SNOW:  WIND      :SUNSHINE: SKY     :PK WND
================================================================================
1   2   3   4   5  6A  6B    7    8   9   10  11  12  13   14  15   16   17  18
                                     12Z  AVG MX 2MIN
DY MAX MIN AVG DEP HDD CDD  WTR  SNW DPTH SPD SPD DIR MIN PSBL S-S WX    SPD DR
================================================================================

 1  87  50  69   7   0   4 0.00  0.0    0 10.0 23 260   M    M   2 8      30 260
 2  94  55  75  14   0  10 0.00  0.0    0 10.5 22 240   M    M   3 8      35 230
 3  79  53  66   5   0   1 0.00  0.0    0  9.4 22  30   M    M   6 8      29  30
 4  70  43  57  -3   8   0 0.00  0.0    0  6.9 17  10   M    M   1        24  10
 5  79  40  60   0   5   0 0.00  0.0    0  5.6 13  50   M    M   0        18  70
 6  84  46  65   5   0   0 0.00  0.0    0  4.4 10 250   M    M   0 8      16  90
 7  89  46  68   9   0   3 0.00  0.0    0  5.0 13 230   M    M   0 8      14  80
 8  91  50  71  12   0   6 0.00  0.0    0  4.0 14 230   M    M   0 8      16 230
 9  90  59  75  16   0  10 0.00  0.0    0 12.6 24 200   M    M   5 8      31 210
10  83  55  69  11   0   4 0.00  0.0    0 13.2 24 240   M    M   1 8      37 230
11  90  51  71  13   0   6 0.00  0.0    0 11.5 21 220   M    M   2 8      28 230
12  84  51  68  11   0   3 0.00  0.0    0  8.8 17 210   M    M   2 8      21  30
13  73  45  59   2   6   0 0.08  0.0    0 10.7 22 360   M    M   4 18     28 340
14  48  41  45 -12  20   0 0.89  0.0    0 11.2 16  40   M    M  10 1      22  30
15  43  38  41 -15  24   0 1.10  0.0    0 14.4 21  20   M    M  10        28  20
16  50  38  44 -12  21   0 0.07  0.0    0  9.2 18  60   M    M   7        23  60
17  65  39  52  -4  13   0 0.00  0.0    0 14.1 23 230   M    M   1        34 210
18  67  44  56   1   9   0 0.02  0.0    0 11.8 23 210   M    M   5        29 200
19  58  41  50  -5  15   0 0.00  0.0    0 15.7 29 220   M    M   1        41 210
20  57  38  48  -6  17   0 0.00  0.0    0 17.0 29 210   M    M   1        37 210
21  55  35  45  -9  20   0 0.00  0.0    0  7.9 20  10   M    M   2        25  10
22  41  34  38 -16  27   0 0.20    T    0  8.4 18  30   M    M  10 1      23  30
23  54  29  42 -11  23   0 0.01  0.0    0  5.5 12 240   M    M   5 12     17 260
================================================================================
SM 1631 1021       208  47  2.37    T    227.8          M       78
================================================================================
AV 70.9 44.4                               9.9 FASTST   M    M   3    MAX(MPH)
                                 MISC ---->  # 29 220               # 41  210
================================================================================
NOTES:
# LAST OF SEVERAL OCCURRENCES

COLUMN 17 PEAK WIND IN M.P.H.

PRELIMINARY LOCAL CLIMATOLOGICAL DATA (WS FORM: F-6) , PAGE 2

                                          STATION:  GREAT FALLS MT
                                          MONTH:    SEPTEMBER
                                          YEAR:     2017
                                          LATITUDE:   47 28 N
                                          LONGITUDE: 111 22 W

[TEMPERATURE DATA]      [PRECIPITATION DATA]       SYMBOLS USED IN COLUMN 16

AVERAGE MONTHLY: 57.7   TOTAL FOR MONTH:   2.37    1 = FOG OR MIST
DPTR FM NORMAL:   0.2   DPTR FM NORMAL:    1.24    2 = FOG REDUCING VISIBILITY
HIGHEST:    94 ON  2    GRTST 24HR  1.10 ON 15-15      TO 1/4 MILE OR LESS
LOWEST:     29 ON 23                               3 = THUNDER
                        SNOW, ICE PELLETS, HAIL    4 = ICE PELLETS
                        TOTAL MONTH:    T          5 = HAIL
                        GRTST 24HR    T  ON 22-22  6 = FREEZING RAIN OR DRIZZLE
                        GRTST DEPTH:   0           7 = DUSTSTORM OR SANDSTORM:
                                                       VSBY 1/2 MILE OR LESS
                                                   8 = SMOKE OR HAZE
[NO. OF DAYS WITH]      [WEATHER - DAYS WITH]      9 = BLOWING SNOW
                                                   X = TORNADO
MAX 32 OR BELOW:   0    0.01 INCH OR MORE:   7
MAX 90 OR ABOVE:   4    0.10 INCH OR MORE:   3
MIN 32 OR BELOW:   1    0.50 INCH OR MORE:   2
MIN  0 OR BELOW:   0    1.00 INCH OR MORE:   1

[HDD (BASE 65) ]
TOTAL THIS MO.   208    CLEAR  (SCALE 0-3)  14
DPTR FM NORMAL    15    PTCLDY (SCALE 4-7)   6
TOTAL FM JUL 1   237    CLOUDY (SCALE 8-10)  3
DPTR FM NORMAL   -77

[CDD (BASE 65) ]
TOTAL THIS MO.    47
DPTR FM NORMAL    27    [PRESSURE DATA]
TOTAL FM JAN 1   456    HIGHEST SLP M ON M
DPTR FM NORMAL   160    LOWEST  SLP 29.54 ON 20

[REMARKS]
