000
CXGM50 PGUM 301850
CF6GUM
PRELIMINARY LOCAL CLIMATOLOGICAL DATA (WS FORM: F-6)

                                          STATION:   GUAM INTERNATIONAL AIRPORT
                                          MONTH:     APRIL
                                          YEAR:      2016
                                          LATITUDE:   13 29 N
                                          LONGITUDE: 144-48 E

  TEMPERATURE IN F:       :PCPN:    SNOW:  WIND      :SUNSHINE: SKY     :PK WND
================================================================================
1   2   3   4   5  6A  6B    7    8   9   10  11  12  13   14  15   16   17  18
                                     12Z  AVG MX 2MIN
DY MAX MIN AVG DEP HDD CDD  WTR  SNW DPTH SPD SPD DIR MIN PSBL S-S WX    SPD DR
================================================================================

 1  89  79  84   3   0  19    T  0.0    0 10.5 17  90   M    M   1        23  90
 2  90  77  84   2   0  19    T  0.0    0 10.3 17  80   M    M   3        23  80
 3  90  76  83   1   0  18 0.12  0.0    0 11.4 20  60   M    M   2 18     25  90
 4  90  80  85   3   0  20 0.00  0.0    0 13.9 22  70   M    M   3        30  70
 5  89  80  85   3   0  20    T  0.0    0 16.1 25  90   M    M   4        32  80
 6  89  79  84   2   0  19 0.12  0.0    0 14.2 23  70   M    M   4        30  80
 7  89  79  84   2   0  19 0.00  0.0    0 15.9 28  80   M    M   3        33  80
 8  89  79  84   2   0  19 0.15  0.0    0 15.6 25  60   M    M   7 18     31  90
 9  89  80  85   3   0  20    T  0.0    0 14.3 22  80   M    M   5        28  80
10  88  80  84   2   0  19 0.01  0.0    0 14.1 24  80   M    M   4        30  70
11  88  80  84   2   0  19    T  0.0    0 12.1 22  80   M    M   3        28  80
12  90  76  83   1   0  18 0.00  0.0    0  9.9 18  60   M    M   2        24  90
13  89  76  83   1   0  18    T  0.0    0  9.5 21  80   M    M   4        24  80
14  88  79  84   2   0  19 0.01  0.0    0 11.8 23  90   M    M   4        28  90
15  90  80  85   3   0  20    T  0.0    0  9.0 15 100   M    M   3        21 110
16  90  78  84   2   0  19 0.01  0.0    0 10.5 20  70   M    M   7        23  60
17  89  81  85   3   0  20 0.01  0.0    0 15.5 25  70   M    M   3        32  70
18  89  79  84   2   0  19 0.17  0.0    0 14.2 23  70   M    M   4        29 100
19  89  79  84   2   0  19 0.02  0.0    0 15.1 25  60   M    M   3        31  60
20  89  80  85   3   0  20 0.04  0.0    0 14.6 23  90   M    M   3        30 100
21  91  77  84   2   0  19 0.03  0.0    0 14.3 25  60   M    M   2        31  70
22  89  77  83   1   0  18    T  0.0    0 14.0 23  80   M    M   5        30  70
23  90  78  84   2   0  19 0.01  0.0    0 12.2 21  80   M    M   4        26  90
24  89  79  84   2   0  19 0.16  0.0    0 12.9 23  90   M    M   6        29  80
25  90  79  85   3   0  20 0.06  0.0    0 11.9 22  60   M    M   4 8      26  70
26  88  75  82   0   0  17 0.34  0.0    0 12.3 22 110   M    M   6 1      26 110
27  89  79  84   2   0  19 0.00  0.0    0  9.4 16 100   M    M   2        22 110
28  89  75  82   0   0  17 0.00  0.0    0  8.1 15 100   M    M   1        21 100
29  91  77  84   2   0  19 0.04  0.0    0  7.8 17 100   M    M   3 1      22  90
30  91  79  85   3   0  20 0.01  0.0    0  7.6 17 120   M    M   4        22 110
================================================================================
SM 2680 2352         0 570  1.31     0.0 369.0          M      109
================================================================================
AV 89.3 78.4                              12.3 FASTST   M    M   4    MAX(MPH)
                                 MISC ---->  # 28  80               # 33   80
================================================================================
NOTES:
# LAST OF SEVERAL OCCURRENCES

COLUMN 17 PEAK WIND IN M.P.H.

PRELIMINARY LOCAL CLIMATOLOGICAL DATA (WS FORM: F-6) , PAGE 2

                                          STATION:  GUAM INTERNATIONAL AIRPORT
                                          MONTH:    APRIL
                                          YEAR:     2016
                                          LATITUDE:   13 29 N
                                          LONGITUDE: 144-48 E

[TEMPERATURE DATA]      [PRECIPITATION DATA]       SYMBOLS USED IN COLUMN 16

AVERAGE MONTHLY: 83.9   TOTAL FOR MONTH:   1.31    1 = FOG OR MIST
DPTR FM NORMAL:   2.0   DPTR FM NORMAL:   -2.27    2 = FOG REDUCING VISIBILITY
HIGHEST:    91 ON 30,29 GRTST 24HR  0.40 ON 25-26      TO 1/4 MILE OR LESS
LOWEST:     75 ON 28,26                            3 = THUNDER
                        SNOW, ICE PELLETS, HAIL    4 = ICE PELLETS
                        TOTAL MONTH:   0.0 INCH    5 = HAIL
                        GRTST 24HR     0.0         6 = FREEZING RAIN OR DRIZZLE
                        GRTST DEPTH:   0           7 = DUSTSTORM OR SANDSTORM:
                                                       VSBY 1/2 MILE OR LESS
                                                   8 = SMOKE OR HAZE
[NO. OF DAYS WITH]      [WEATHER - DAYS WITH]      9 = BLOWING SNOW
                                                   X = TORNADO
MAX 32 OR BELOW:   0    0.01 INCH OR MORE:  17
MAX 90 OR ABOVE:  11    0.10 INCH OR MORE:   6
MIN 32 OR BELOW:   0    0.50 INCH OR MORE:   0
MIN  0 OR BELOW:   0    1.00 INCH OR MORE:   0

[HDD (BASE 65) ]
TOTAL THIS MO.     0    CLEAR  (SCALE 0-3)  13
DPTR FM NORMAL     0    PTCLDY (SCALE 4-7)  17
TOTAL FM JUL 1     0    CLOUDY (SCALE 8-10)  0
DPTR FM NORMAL     0

[CDD (BASE 65) ]
TOTAL THIS MO.   570
DPTR FM NORMAL    63    [PRESSURE DATA]
TOTAL FM JAN 1  2060    HIGHEST SLP M ON M
DPTR FM NORMAL   176    LOWEST  SLP 29.80 ON 27

[REMARKS]
