000
CXUS52 KFFC 251110
CF6GVL
PRELIMINARY LOCAL CLIMATOLOGICAL DATA (WS FORM: F-6)

                                          STATION:   GAINESVILLE
                                          MONTH:     MAY
                                          YEAR:      2016
                                          LATITUDE:   34 16 N
                                          LONGITUDE:  83 50 W

  TEMPERATURE IN F:       :PCPN:    SNOW:  WIND      :SUNSHINE: SKY     :PK WND
================================================================================
1   2   3   4   5  6A  6B    7    8   9   10  11  12  13   14  15   16   17  18
                                     12Z  AVG MX 2MIN
DY MAX MIN AVG DEP HDD CDD  WTR  SNW DPTH SPD SPD DIR MIN PSBL S-S WX    SPD DR
================================================================================

 1  80  65  73   9   0   8 0.53  0.0    M  4.3 13 250   M    M   5 13     16 240
 2  84  64  74   9   0   9 0.17  0.0    M  5.5 20 310   M    M   5 1      26 310
 3  75  59  67   2   0   2 0.13  0.0    M  9.1 18 260   M    M   6 1      24 260
 4  69  53  61  -4   4   0 0.04  0.0    M  8.5 24 310   M    M   3        32 310
 5  60  47  54 -11  11   0 0.10    M    M 11.5 16 300   0    0   0        31 310
 6  69  43  56 -10   9   0 0.00    M    M 10.0 22 320   M    M   2        36  10
 7  79  48  64  -2   1   0 0.00    M    M 10.0 21 250   M    M   0        28 280
 8  84  62  73   7   0   8 0.00    M    M  9.8 21 250   M    M   0        29 270
 9  83  61  72   6   0   7    T    M    M  4.7 15 210   M    M   1        22 190
10  80  62  71   4   0   6    T  0.0    M  3.5 12 190   M    M   2        15 190
11  84  62  73   6   0   8 0.00  0.0    M  6.0 14 270   M    M   2        20 300
12  85  64  75   8   0  10 0.07  0.0    0  7.3 29 290   M    M   3 3      39 270
13  79  61  70   3   0   5 0.03  0.0    0 10.4 17 300   M    M   2        23 310
14  79  55  67  -1   0   2 0.00  0.0    M 11.7 23 290   M    M   0        33 290
15  71  48  60  -8   5   0 0.00    M    M  8.8 16 290   M    M   0        23 270
16  72  48  60  -8   5   0 0.00    M    M  6.6 16 100   M    M   2        23 100
17  73  59  66  -2   0   1 1.15    M    M  6.7 14 100   M    M   8 1      19 100
18  80  62  71   2   0   6 0.00  0.0    M  4.5 12 270   M    M   7        14 260
19  70  59  65  -4   0   0 0.03  0.0    M  8.3 15  70   M    M  10 1      20  60
20  60  57  59 -10   6   0 0.14    M    M 11.1 15  80   M    M  10 1      21  80
21  77  57  67  -3   0   2 0.20    M    M  7.9 20 280   M    M   6 1      26 280
22  78  56  67  -3   0   2 0.00    M    M  9.2 20 300   M    M   0        25 310
23  82  53  68  -2   0   3 0.00    M    M  5.8 13 230   M    M   0        19 340
24  82  56  69  -1   0   4 0.00    M    M  5.3 14 250   M    M   1        21 320
================================================================================
SM 1835 1361        41  83  2.59     0.0 186.5            0     75
================================================================================
AV 76.5 56.7                               7.8 FASTST    0   0   3    MAX(MPH)
                                 MISC ---->  # 29 290               # 39  270
================================================================================
NOTES:
# LAST OF SEVERAL OCCURRENCES

COLUMN 17 PEAK WIND IN M.P.H.

PRELIMINARY LOCAL CLIMATOLOGICAL DATA (WS FORM: F-6) , PAGE 2

                                          STATION:  GAINESVILLE
                                          MONTH:    MAY
                                          YEAR:     2016
                                          LATITUDE:   34 16 N
                                          LONGITUDE:  83 50 W

[TEMPERATURE DATA]      [PRECIPITATION DATA]       SYMBOLS USED IN COLUMN 16

AVERAGE MONTHLY: 66.6   TOTAL FOR MONTH:   2.59    1 = FOG OR MIST
DPTR FM NORMAL:  -0.7   DPTR FM NORMAL:   -0.46    2 = FOG REDUCING VISIBILITY
HIGHEST:    85 ON 12    GRTST 24HR  1.15 ON 17-17      TO 1/4 MILE OR LESS
LOWEST:     43 ON  6                               3 = THUNDER
                        SNOW, ICE PELLETS, HAIL    4 = ICE PELLETS
                        TOTAL MONTH:   0.0 INCH    5 = HAIL
                        GRTST 24HR     0.0         6 = FREEZING RAIN OR DRIZZLE
                        GRTST DEPTH:   0           7 = DUSTSTORM OR SANDSTORM:
                                                       VSBY 1/2 MILE OR LESS
                                                   8 = SMOKE OR HAZE
[NO. OF DAYS WITH]      [WEATHER - DAYS WITH]      9 = BLOWING SNOW
                                                   X = TORNADO
MAX 32 OR BELOW:   0    0.01 INCH OR MORE:  11
MAX 90 OR ABOVE:   0    0.10 INCH OR MORE:   7
MIN 32 OR BELOW:   0    0.50 INCH OR MORE:   2
MIN  0 OR BELOW:   0    1.00 INCH OR MORE:   1

[HDD (BASE 65) ]
TOTAL THIS MO.    41    CLEAR  (SCALE 0-3)  15
DPTR FM NORMAL     5    PTCLDY (SCALE 4-7)   7
TOTAL FM JUL 1  2452    CLOUDY (SCALE 8-10)  2
DPTR FM NORMAL  -609

[CDD (BASE 65) ]
TOTAL THIS MO.    83
DPTR FM NORMAL    -5    [PRESSURE DATA]
TOTAL FM JAN 1   160    HIGHEST SLP  0.00 ON  5
DPTR FM NORMAL    33    LOWEST  SLP 29.67 ON  4

[REMARKS]
