000
CXUS55 KBOU 250903
CF6GXY
PRELIMINARY LOCAL CLIMATOLOGICAL DATA (WS FORM: F-6)

                                          STATION:   GREELEY  CO
                                          MONTH:     SEPTEMBER
                                          YEAR:      2017
                                          LATITUDE:   40 25 N
                                          LONGITUDE: 104 38 W

  TEMPERATURE IN F:       :PCPN:    SNOW:  WIND      :SUNSHINE: SKY     :PK WND
================================================================================
1   2   3   4   5  6A  6B    7    8   9   10  11  12  13   14  15   16   17  18
                                     12Z  AVG MX 2MIN
DY MAX MIN AVG DEP HDD CDD  WTR  SNW DPTH SPD SPD DIR MIN PSBL S-S WX    SPD DR
================================================================================

 1  88  55  72   M   0   7    M    M    M  4.6 13  10   M    M   0 8       M  M
 2  91  51  71   M   0   6    M    M    M  3.3  8  60   M    M   0 8       M  M
 3  99  50  75   M   0  10    M    M    M  5.6 10  20   M    M   0 8      16 250
 4  89  50  70   M   0   5    M    M    M  7.4 21  10   M    M   0 8      22  70
 5  73  48  61   M   4   0    M    M    M  4.4  9 210   M    M   4 8       M  M
 6  81  42  62   M   3   0    M    M    M  3.6 10 120   M    M   0 8       M  M
 7  86  45  66   M   0   1    M    M    M  4.9  8 160   M    M   0 8       M  M
 8  83  48  66   M   0   1    M    M    M  5.0  9 270   M    M   0         M  M
 9  92  52  72   M   0   7    M    M    M  3.8  8  20   M    M   0         M  M
10  92  50  71   M   0   6    M    M    M  4.4 15 320   M    M   0 8       M  M
11  90  60  75   M   0  10    M    M    M  4.1  9 310   M    M   0         M  M
12  92  51  72   M   0   7    M    M    M  2.7  7 150   M    M   0         M  M
13  90  53  72   M   0   7    M    M    M  4.6 20 240   M    M   1 8      30 310
14  90  52  71   M   0   6    M    M    M  2.6  8  40   M    M   1 8       M  M
15   M   M   M   M   M   M    M    M    M  9.2 33 350   M    M   1 38     45 360
16  65  49  57   M   8   0    M    M    M  5.8 10 120   M    M   5         M  M
17  78  49  64   M   1   0    M    M    M  7.0 16 150   M    M   2        21 150
18  83  45  64   M   1   0    M    M    M  5.7 12 110   M    M   1         M  M
19  89  45  67   M   0   2    M    M    M  9.5 30  10   M    M   0 8      40  10
20  81  43  62   M   3   0    M    M    M 11.2 22 140   M    M   1        32 140
21  91  39  65   M   0   0    M    M    M  6.4 16 170   M    M   0         M  M
22  80  45  63   M   2   0    M    M    M  9.7 25  10   M    M   1        39  10
23  52  45  49   M  16   0    M    M    M  8.0 13  40   M    M   9 1       M  M
24  50  45  48   M  17   0    M    M    M  5.5 12  90   M    M  10 1       M  M
================================================================================
SM 1905 1112        55  75    M     M    139.0          M       36
================================================================================
AV 82.8 48.4                               5.8 FASTST   M    M   2    MAX(MPH)
                                 MISC ---->  # 33 350               # 45  360
================================================================================
NOTES:
# LAST OF SEVERAL OCCURRENCES

COLUMN 17 PEAK WIND IN M.P.H.

PRELIMINARY LOCAL CLIMATOLOGICAL DATA (WS FORM: F-6) , PAGE 2

                                          STATION:  GREELEY  CO
                                          MONTH:    SEPTEMBER
                                          YEAR:     2017
                                          LATITUDE:   40 25 N
                                          LONGITUDE: 104 38 W

[TEMPERATURE DATA]      [PRECIPITATION DATA]       SYMBOLS USED IN COLUMN 16

AVERAGE MONTHLY: 65.6   TOTAL FOR MONTH:      M    1 = FOG OR MIST
DPTR FM NORMAL:     M   DPTR FM NORMAL:       M    2 = FOG REDUCING VISIBILITY
HIGHEST:    99 ON  3    GRTST 24HR    T  ON 31- 1      TO 1/4 MILE OR LESS
LOWEST:     39 ON 21                               3 = THUNDER
                        SNOW, ICE PELLETS, HAIL    4 = ICE PELLETS
                        TOTAL MONTH:    M          5 = HAIL
                        GRTST 24HR    M  ON   M    6 = FREEZING RAIN OR DRIZZLE
                        GRTST DEPTH:  M  ON   M    7 = DUSTSTORM OR SANDSTORM:
                                                       VSBY 1/2 MILE OR LESS
                                                   8 = SMOKE OR HAZE
[NO. OF DAYS WITH]      [WEATHER - DAYS WITH]      9 = BLOWING SNOW
                                                   X = TORNADO
MAX 32 OR BELOW:   0    0.01 INCH OR MORE:   0
MAX 90 OR ABOVE:   9    0.10 INCH OR MORE:   0
MIN 32 OR BELOW:   0    0.50 INCH OR MORE:   0
MIN  0 OR BELOW:   0    1.00 INCH OR MORE:   0

[HDD (BASE 65) ]
TOTAL THIS MO.    55    CLEAR  (SCALE 0-3)  20
DPTR FM NORMAL     M    PTCLDY (SCALE 4-7)   2
TOTAL FM JUL 1    61    CLOUDY (SCALE 8-10)  2
DPTR FM NORMAL     M

[CDD (BASE 65) ]
TOTAL THIS MO.    75
DPTR FM NORMAL     M    [PRESSURE DATA]
TOTAL FM JAN 1   726    HIGHEST SLP M ON M
DPTR FM NORMAL     M    LOWEST  SLP M ON M

[REMARKS]
