000
CXUS54 KEWX 290910
CF6GYB
PRELIMINARY LOCAL CLIMATOLOGICAL DATA (WS FORM: F-6)

                                          STATION:   Giddings-Lee County Airport
                                          MONTH:     JULY
                                          YEAR:      2014
                                          LATITUDE:   30 10 N
                                          LONGITUDE:  96 59 W

  TEMPERATURE IN F:       :PCPN:    SNOW:  WIND      :SUNSHINE: SKY     :PK WND
================================================================================
1   2   3   4   5  6A  6B    7    8   9   10  11  12  13   14  15   16   17  18
                                     12Z  AVG MX 2MIN
DY MAX MIN AVG DEP HDD CDD  WTR  SNW DPTH SPD SPD DIR MIN PSBL S-S WX    SPD DR
================================================================================

 1  93  75  84   M   0  19 0.00    M    M  4.1 12 140   M    M   4 1      20 190
 2  94  71  83   M   0  18 0.00    M    M  0.0  M   M   M    M   3 128     M  M
 3  94  71  83   M   0  18 0.01    M    M  1.7 17  90   M    M   2        21  90
 4  88  70  79   M   0  14 0.08    M    M  0.8 10 130   M    M   1 1      18 130
 5  91  69  80   M   0  15 0.00    M    M  0.9  9 190   M    M   1 1      18 190
 6  92  69  81   M   0  16 0.00    M    M  1.2 10 200   M    M   2 1       M  M
 7  94  72  83   M   0  18 0.00    M    M  2.7 12 200   M    M   1        10 200
 8  95  72  84   M   0  19 0.00    M    M  4.0 12 210   M    M   2 1      17 210
 9  96  71  84   M   0  19 0.00    M    M  3.2 10 200   M    M   0 1      16 160
10  93  71  82   M   0  17 0.00    M    M  3.1 12 170   M    M   3        21 170
11  94  69  82   M   0  17 0.00    M    M  2.3 13 180   M    M   1        18 170
12  94  67  81   M   0  16 0.00    M    M  0.8  8 120   M    M   2 12      M  M
13  96  73  85   M   0  20 0.00    M    M  0.9 10 150   M    M   1         M  M
14  97  73  85   M   0  20 0.00    M    M  1.2  9 240   M    M   2         M  M
15  92  75  84   M   0  19 0.02    M    M  0.6  6  80   M    M   3         M  M
16  92  75  84   M   0  19 0.00    M    M  1.6 10 150   M    M   3        16 150
17  91  76  84   M   0  19 1.51    M    M  3.2 12 180   M    M   6        21 180
18  79  73  76   M   0  11 0.69    M    M  0.4  6  10   M    M   8 1       M  M
19  83  70  77   M   0  12 0.00    M    M  0.0  M   M   M    M   6 18      M  M
20  92  72  82   M   0  17 0.00    M    M  0.0  M   M   M    M   5 1       M  M
21  95  76  86   M   0  21 0.00    M    M  0.0  M   M   M    M   2 1       M  M
22  95  75  85   M   0  20 0.00    M    M  0.0  M   M   M    M   2 1       M  M
23  94  74  84   M   0  19 0.00    M    M  0.0  M   M   M    M   2 1       M  M
24  92  74  83   M   0  18 0.04    M    M  0.0  M   M   M    M   3 1       M  M
25  94  74  84   M   0  19 0.00    M    M  1.1  7 180   M    M   1 1       M  M
26  97  76  87   M   0  22 0.00    M    M  5.6 13 210   M    M   2 1      20 190
27  97  75  86   M   0  21 0.00    M    M  3.8 13 210   M    M   2        16 210
28  97  75  86   M   0  21 0.00    M    M  0.5 13 230   M    M   2        18 230
================================================================================
SM 2601 2033         0 504  2.35    M     43.7          M       72
================================================================================
AV 92.9 72.6                               1.6 FASTST   M    M   3    MAX(MPH)
                                 MISC ---->    17   M                 21    M
================================================================================
NOTES:
# LAST OF SEVERAL OCCURRENCES

COLUMN 17 PEAK WIND IN M.P.H.

PRELIMINARY LOCAL CLIMATOLOGICAL DATA (WS FORM: F-6) , PAGE 2

                                          STATION:  Giddings-Lee County Airport
                                          MONTH:    JULY
                                          YEAR:     2014
                                          LATITUDE:   30 10 N
                                          LONGITUDE:  96 59 W

[TEMPERATURE DATA]      [PRECIPITATION DATA]       SYMBOLS USED IN COLUMN 16

AVERAGE MONTHLY: 82.8   TOTAL FOR MONTH:   2.35    1 = FOG OR MIST
DPTR FM NORMAL:     M   DPTR FM NORMAL:       M    2 = FOG REDUCING VISIBILITY
HIGHEST:    97 ON 28,27 GRTST 24HR  1.51 ON 17-17      TO 1/4 MILE OR LESS
LOWEST:     67 ON 12                               3 = THUNDER
                        SNOW, ICE PELLETS, HAIL    4 = ICE PELLETS
                        TOTAL MONTH:    M          5 = HAIL
                        GRTST 24HR    M  ON   M    6 = FREEZING RAIN OR DRIZZLE
                        GRTST DEPTH:  M  ON   M    7 = DUSTSTORM OR SANDSTORM:
                                                       VSBY 1/2 MILE OR LESS
                                                   8 = SMOKE OR HAZE
[NO. OF DAYS WITH]      [WEATHER - DAYS WITH]      9 = BLOWING SNOW
                                                   X = TORNADO
MAX 32 OR BELOW:   0    0.01 INCH OR MORE:   6
MAX 90 OR ABOVE:  25    0.10 INCH OR MORE:   2
MIN 32 OR BELOW:   0    0.50 INCH OR MORE:   2
MIN  0 OR BELOW:   0    1.00 INCH OR MORE:   1

[HDD (BASE 65) ]
TOTAL THIS MO.     0    CLEAR  (SCALE 0-3)  22
DPTR FM NORMAL     M    PTCLDY (SCALE 4-7)   6
TOTAL FM JUL 1     0    CLOUDY (SCALE 8-10)  0
DPTR FM NORMAL     M

[CDD (BASE 65) ]
TOTAL THIS MO.   504
DPTR FM NORMAL     M    [PRESSURE DATA]
TOTAL FM JAN 1  1455    HIGHEST SLP M ON M
DPTR FM NORMAL     M    LOWEST  SLP M ON M

[REMARKS]
