000
CXUS54 KEWX 270910
CF6GYB
PRELIMINARY LOCAL CLIMATOLOGICAL DATA (WS FORM: F-6)

                                          STATION:   Giddings-Lee County Airport
                                          MONTH:     APRIL
                                          YEAR:      2017
                                          LATITUDE:   30 10 N
                                          LONGITUDE:  96 59 W

  TEMPERATURE IN F:       :PCPN:    SNOW:  WIND      :SUNSHINE: SKY     :PK WND
================================================================================
1   2   3   4   5  6A  6B    7    8   9   10  11  12  13   14  15   16   17  18
                                     12Z  AVG MX 2MIN
DY MAX MIN AVG DEP HDD CDD  WTR  SNW DPTH SPD SPD DIR MIN PSBL S-S WX    SPD DR
================================================================================

 1  79  60  70   M   0   5 0.00    M    M  8.1 15 140   M    M   6        21 150
 2  79  59  69   M   0   4 0.14    M    M  6.4 13 360   M    M   5 1      30 360
 3  83  50  67   M   0   2 0.00    M    M  6.3 14 240   M    M   0        22 230
 4  87  54  71   M   0   6 0.00    M    M  6.6 16 180   M    M   1 12     21 200
 5  72  48  60   M   5   0 0.00    M    M  9.4 18 330   M    M   0        25 360
 6  76  42  59   M   6   0 0.00    M    M  0.5  6  90   M    M   0         M  M
 7  79  44  62   M   3   0 0.00    M    M  4.2 10 220   M    M   0        17 190
 8  79  53  66   M   0   1 0.00    M    M  8.7 17 190   M    M   3        25 190
 9  79  61  70   M   0   5 0.00    M    M  9.0 14 200   M    M   6        24 190
10  82  70  76   M   0  11 0.00    M    M  7.5 10 170   M    M   9        17 170
11  72  60  66   M   0   1 1.04    M    M  6.2 17  70   M    M   9        23  70
12  78  58  68   M   0   3 0.00    M    M  4.0  9 140   M    M   6 1       M  M
13  81  63  72   M   0   7 0.05    M    M  5.4 12 140   M    M   6 1      18 140
14  82  56  69   M   0   4 0.00    M    M  4.2 10 180   M    M   5 12     18 110
15  82  64  73   M   0   8 0.00    M    M  5.0 12 170   M    M   5 1      17 170
16  83  66  75   M   0  10 0.00    M    M  5.7 12 160   M    M   5 1       M  M
17  81  62  72   M   0   7 0.38    M    M  4.8 10 210   M    M   8 1      16 210
18  75  63  69   M   0   4 0.34    M    M  2.9  8 100   M    M   8 1       M  M
19  82  64  73   M   0   8 0.00    M    M  4.6 12 140   M    M   6 1       M  M
20  84  68  76   M   0  11 0.00    M    M  6.7 12 140   M    M   6         M  M
21  85  68  77   M   0  12 0.00    M    M  8.4 13 190   M    M   6        21 190
22  72  57  65   M   0   0 0.00    M    M  9.4 15 360   M    M  10        23 360
23  72  49  61   M   4   0 0.00    M    M  6.1 13  30   M    M   0        23  30
24  79  46  63   M   2   0 0.00    M    M  4.5 10 210   M    M   0         M  M
25  85  62  74   M   0   9 0.00    M    M 10.3 15 180   M    M   6        24 160
26  91  60  76   M   0  11 0.00  0.0    0 12.1 18 350   M    M   4 18     28 310
================================================================================
SM 2079 1507        20 129  1.95     0.0 167.0          M      120
================================================================================
AV 80.0 58.0                               6.4 FASTST   M    M   5    MAX(MPH)
                                 MISC ---->  # 18 330               # 30  360
================================================================================
NOTES:
# LAST OF SEVERAL OCCURRENCES

COLUMN 17 PEAK WIND IN M.P.H.

PRELIMINARY LOCAL CLIMATOLOGICAL DATA (WS FORM: F-6) , PAGE 2

                                          STATION:  Giddings-Lee County Airport
                                          MONTH:    APRIL
                                          YEAR:     2017
                                          LATITUDE:   30 10 N
                                          LONGITUDE:  96 59 W

[TEMPERATURE DATA]      [PRECIPITATION DATA]       SYMBOLS USED IN COLUMN 16

AVERAGE MONTHLY: 69.0   TOTAL FOR MONTH:   1.95    1 = FOG OR MIST
DPTR FM NORMAL:     M   DPTR FM NORMAL:       M    2 = FOG REDUCING VISIBILITY
HIGHEST:    91 ON 26    GRTST 24HR  1.04 ON 11-11      TO 1/4 MILE OR LESS
LOWEST:     42 ON  6                               3 = THUNDER
                        SNOW, ICE PELLETS, HAIL    4 = ICE PELLETS
                        TOTAL MONTH:   0.0 INCH    5 = HAIL
                        GRTST 24HR     0.0         6 = FREEZING RAIN OR DRIZZLE
                        GRTST DEPTH:   0           7 = DUSTSTORM OR SANDSTORM:
                                                       VSBY 1/2 MILE OR LESS
                                                   8 = SMOKE OR HAZE
[NO. OF DAYS WITH]      [WEATHER - DAYS WITH]      9 = BLOWING SNOW
                                                   X = TORNADO
MAX 32 OR BELOW:   0    0.01 INCH OR MORE:   5
MAX 90 OR ABOVE:   1    0.10 INCH OR MORE:   4
MIN 32 OR BELOW:   0    0.50 INCH OR MORE:   1
MIN  0 OR BELOW:   0    1.00 INCH OR MORE:   1

[HDD (BASE 65) ]
TOTAL THIS MO.    20    CLEAR  (SCALE 0-3)   8
DPTR FM NORMAL     M    PTCLDY (SCALE 4-7)  14
TOTAL FM JUL 1   948    CLOUDY (SCALE 8-10)  4
DPTR FM NORMAL     M

[CDD (BASE 65) ]
TOTAL THIS MO.   129
DPTR FM NORMAL     M    [PRESSURE DATA]
TOTAL FM JAN 1   345    HIGHEST SLP M ON M
DPTR FM NORMAL     M    LOWEST  SLP M ON M

[REMARKS]
