250
CXUS51 KGYX 010900
CF6GYX
PRELIMINARY LOCAL CLIMATOLOGICAL DATA (WS FORM: F-6)

                                          STATION:   GRAY ME
                                          MONTH:     APRIL
                                          YEAR:      2016
                                          LATITUDE:   43 53 N
                                          LONGITUDE:  70 15 W

  TEMPERATURE IN F:       :PCPN:    SNOW:  WIND      :SUNSHINE: SKY     :PK WND
================================================================================
1   2   3   4   5  6A  6B    7    8   9   10  11  12  13   14  15   16   17  18
                                     12Z  AVG MX 2MIN
DY MAX MIN AVG DEP HDD CDD  WTR  SNW DPTH SPD SPD DIR MIN PSBL S-S WX    SPD DR
================================================================================

 1  67  49  58  20   7   0 0.40  0.0    0   M   M   M   M    M   M         M  M
 2  49  35  42   3  23   0 0.11  0.0    0   M   M   M   M    M   M         M  M
 3  37  19  28 -11  37   0    T    T    0   M   M   M   M    M   M         M  M
 4  23  15  19 -20  46   0 0.01  0.3    0   M   M   M   M    M   M         M  M
 5  34  17  26 -14  39   0 0.00  0.0    T   M   M   M   M    M   M         M  M
 6  39  18  29 -11  36   0 0.06  0.7    0   M   M   M   M    M   M         M  M
 7  49  33  41   0  24   0 0.65  0.0    0   M   M   M   M    M   M         M  M
 8  53  33  43   2  22   0    T  0.0    0   M   M   M   M    M   M         M  M
 9  46  27  37  -5  28   0 0.00  0.0    0   M   M   M   M    M   M         M  M
10  45  22  34  -8  31   0 0.00  0.0    0   M   M   M   M    M   M         M  M
11  47  31  39  -3  26   0 0.03  0.0    0   M   M   M   M    M   M         M  M
12  52  35  44   1  21   0 0.29  0.0    0   M   M   M   M    M   M         M  M
13  52  32  42  -1  23   0 0.00  0.0    0   M   M   M   M    M   M         M  M
14  54  33  44   0  21   0 0.00  0.0    0   M   M   M   M    M   M         M  M
15  55  33  44   0  21   0 0.00  0.0    0   M   M   M   M    M   M         M  M
16  58  34  46   2  19   0 0.00  0.0    0   M   M   M   M    M   M         M  M
17  66  34  50   5  15   0 0.00  0.0    0   M   M   M   M    M   M         M  M
18  66  41  54   9  11   0 0.25  0.0    0   M   M   M   M    M   M         M  M
19  56  37  47   1  18   0 0.41  0.0    0   M   M   M   M    M   M         M  M
20  58  36  47   1  18   0 0.00  0.0    0   M   M   M   M    M   M         M  M
21  74  39  57  10   8   0 0.00  0.0    0   M   M   M   M    M   M         M  M
22  71  51  61  14   4   0    T  0.0    0   M   M   M   M    M   M         M  M
23  60  37  49   2  16   0    T  0.0    0   M   M   M   M    M   M         M  M
24  56  33  45  -3  20   0 0.00  0.0    0   M   M   M   M    M   M         M  M
25  62  35  49   1  16   0 0.00  0.0    0   M   M   M   M    M   M         M  M
26  42  29  36 -13  29   0 0.60  4.2    0   M   M   M   M    M   M         M  M
27  54  29  42  -7  23   0 0.00  0.0    2   M   M   M   M    M   M         M  M
28  53  29  41  -8  24   0 0.00  0.0    T   M   M   M   M    M   M         M  M
29  49  31  40 -10  25   0 0.00  0.0    0   M   M   M   M    M   M         M  M
30  58  32  45  -5  20   0 0.00  0.0    0   M   M   M   M    M   M         M  M
================================================================================
SM 1585  959       671   0  2.81     5.2     M          M        M
================================================================================
AV 52.8 32.0                                 M FASTST   M    M   4    MAX(MPH)
                                 MISC ---->     M   M                  M    M
================================================================================
NOTES:
# LAST OF SEVERAL OCCURRENCES

COLUMN 17 PEAK WIND IN M.P.H.

PRELIMINARY LOCAL CLIMATOLOGICAL DATA (WS FORM: F-6) , PAGE 2

                                          STATION:  GRAY ME
                                          MONTH:    APRIL
                                          YEAR:     2016
                                          LATITUDE:   43 53 N
                                          LONGITUDE:  70 15 W

[TEMPERATURE DATA]      [PRECIPITATION DATA]       SYMBOLS USED IN COLUMN 16

AVERAGE MONTHLY: 42.4   TOTAL FOR MONTH:   2.81    1 = FOG OR MIST
DPTR FM NORMAL:  -1.9   DPTR FM NORMAL:   -1.57    2 = FOG REDUCING VISIBILITY
HIGHEST:    74 ON 21    GRTST 24HR  0.65 ON  7- 7      TO 1/4 MILE OR LESS
LOWEST:     15 ON  4                               3 = THUNDER
                        SNOW, ICE PELLETS, HAIL    4 = ICE PELLETS
                        TOTAL MONTH:   5.2 INCHES  5 = HAIL
                        GRTST 24HR   4.2 ON   M    6 = FREEZING RAIN OR DRIZZLE
                        GRTST DEPTH:   2 ON 27     7 = DUSTSTORM OR SANDSTORM:
                                                       VSBY 1/2 MILE OR LESS
                                                   8 = SMOKE OR HAZE
[NO. OF DAYS WITH]      [WEATHER - DAYS WITH]      9 = BLOWING SNOW
                                                   X = TORNADO
MAX 32 OR BELOW:   1    0.01 INCH OR MORE:  10
MAX 90 OR ABOVE:   0    0.10 INCH OR MORE:   7
MIN 32 OR BELOW:  13    0.50 INCH OR MORE:   2
MIN  0 OR BELOW:   0    1.00 INCH OR MORE:   0

[HDD (BASE 65) ]
TOTAL THIS MO.   671    CLEAR  (SCALE 0-3)   0
DPTR FM NORMAL    47    PTCLDY (SCALE 4-7)   0
TOTAL FM JUL 1  6083    CLOUDY (SCALE 8-10)  0
DPTR FM NORMAL  -692

[CDD (BASE 65) ]
TOTAL THIS MO.     0
DPTR FM NORMAL    -1    [PRESSURE DATA]
TOTAL FM JAN 1     0    HIGHEST SLP M ON M
DPTR FM NORMAL    -1    LOWEST  SLP M ON M

[REMARKS]
#FINAL-04-16#
