000
CXUS54 KJAN 250800
CF6HBG
PRELIMINARY LOCAL CLIMATOLOGICAL DATA (WS FORM: F-6)

                                          STATION:   HATTIESBURG
                                          MONTH:     DECEMBER
                                          YEAR:      2014
                                          LATITUDE:   31 16 N
                                          LONGITUDE:  89 15 W

  TEMPERATURE IN F:       :PCPN:    SNOW:  WIND      :SUNSHINE: SKY     :PK WND
================================================================================
1   2   3   4   5  6A  6B    7    8   9   10  11  12  13   14  15   16   17  18
                                     12Z  AVG MX 2MIN
DY MAX MIN AVG DEP HDD CDD  WTR  SNW DPTH SPD SPD DIR MIN PSBL S-S WX    SPD DR
================================================================================

 1  78  52  65  12   0   0 0.00  0.0    0  1.9 13 140   M    M   5 12     16 130
 2  74  50  62   9   3   0 0.00  0.0    0  0.8  7 360   M    M   5 128     8  10
 3  74  47  61   8   4   0 0.00  0.0    0  1.1  6 360   M    M   1 1       7  50
 4  79  48  64  12   1   0 0.00  0.0    0  2.1 12 170   M    M   4 12     16 200
 5  79  59  69  17   0   4 0.00  0.0    0  7.1 16 180   M    M   7 1      26 170
 6  79  52  66  14   0   1 0.01  0.0    0  7.6 22 330   M    M   6 1      28 330
 7  53  42  48  -4  17   0 0.00  0.0    0  7.2 17  30   M    M   6        24  10
 8  66  40  53   1  12   0 0.00  0.0    0  2.3 10 320   M    M   0 1      16 310
 9  66  35  51  -1  14   0 0.00  0.0    0  4.9 17 320   M    M   0 18     24 310
10  57  34  46  -5  19   0 0.00  0.0    0  3.1 12 340   M    M   0        15 330
11  60  32  46  -5  19   0 0.00  0.0    0  1.7  9 340   M    M   2 1      16 300
12  62  42  52   1  13   0    T  0.0    0  2.1  7 320   M    M   7        13  80
13  68  41  55   4  10   0    T  0.0    0  1.8  8 310   M    M   3 1      12 350
14  69  37  53   2  12   0 0.00  0.0    0  1.4  8 120   M    M   0        12  70
15  75  40  58   7   7   0    T  0.0    0  7.5 20 210   M    M   5 1      25 190
16  68  38  53   2  12   0 0.11  0.0    0  7.3 17 300   M    M   2 1      23 300
17  59  31  45  -5  20   0 0.00  0.0    0  0.9  8 350   M    M   0        10  20
18  63  39  51   1  14   0 0.13  0.0    0  2.6 13 350   M    M   7 1      16 360
19  51  46  49  -1  16   0 1.12  0.0    0  5.7 12  60   M    M  10 18     14  60
20  53  46  50   0  15   0 0.05  0.0    0  6.6 13  40   M    M   9 1      18  30
21  56  43  50   0  15   0 0.00  0.0    0  3.5  8  40   M    M   9 1      10  60
22  69  52  61  11   4   0 0.01  0.0    0  6.4 13 150   M    M   9 12     16 190
23  72  61  67  17   0   2 2.48  0.0    0  7.1 22 310   M    M   9 13     33 160
24  62  38  50   0  15   0 0.13  0.0    0  9.5 23 290   M    M   5 13     27 290
================================================================================
SM 1592 1045       242   7  4.04     0.0 102.2          M      111
================================================================================
AV 66.3 43.5                               4.3 FASTST   M    M   5    MAX(MPH)
                                 MISC ---->  # 23 290               # 33  160
================================================================================
NOTES:
# LAST OF SEVERAL OCCURRENCES

COLUMN 17 PEAK WIND IN M.P.H.

PRELIMINARY LOCAL CLIMATOLOGICAL DATA (WS FORM: F-6) , PAGE 2

                                          STATION:  HATTIESBURG
                                          MONTH:    DECEMBER
                                          YEAR:     2014
                                          LATITUDE:   31 16 N
                                          LONGITUDE:  89 15 W

[TEMPERATURE DATA]      [PRECIPITATION DATA]       SYMBOLS USED IN COLUMN 16

AVERAGE MONTHLY: 54.9   TOTAL FOR MONTH:   4.04    1 = FOG OR MIST
DPTR FM NORMAL:   3.8   DPTR FM NORMAL:    0.17    2 = FOG REDUCING VISIBILITY
HIGHEST:    79 ON  6, 5 GRTST 24HR  2.61 ON 23-24      TO 1/4 MILE OR LESS
LOWEST:     31 ON 17                               3 = THUNDER
                        SNOW, ICE PELLETS, HAIL    4 = ICE PELLETS
                        TOTAL MONTH:   0.0 INCH    5 = HAIL
                        GRTST 24HR     0.0         6 = FREEZING RAIN OR DRIZZLE
                        GRTST DEPTH:   0           7 = DUSTSTORM OR SANDSTORM:
                                                       VSBY 1/2 MILE OR LESS
                                                   8 = SMOKE OR HAZE
[NO. OF DAYS WITH]      [WEATHER - DAYS WITH]      9 = BLOWING SNOW
                                                   X = TORNADO
MAX 32 OR BELOW:   0    0.01 INCH OR MORE:   8
MAX 90 OR ABOVE:   0    0.10 INCH OR MORE:   5
MIN 32 OR BELOW:   2    0.50 INCH OR MORE:   2
MIN  0 OR BELOW:   0    1.00 INCH OR MORE:   2

[HDD (BASE 65) ]
TOTAL THIS MO.   242    CLEAR  (SCALE 0-3)   9
DPTR FM NORMAL  -103    PTCLDY (SCALE 4-7)  10
TOTAL FM JUL 1   658    CLOUDY (SCALE 8-10)  5
DPTR FM NORMAL   -15

[CDD (BASE 65) ]
TOTAL THIS MO.     7
DPTR FM NORMAL    -5    [PRESSURE DATA]
TOTAL FM JAN 1  2471    HIGHEST SLP M ON M
DPTR FM NORMAL    69    LOWEST  SLP 29.51 ON 23

[REMARKS]
