000
CXUS53 KBIS 180830
CF6HEI
PRELIMINARY LOCAL CLIMATOLOGICAL DATA (WS FORM: F-6)

                                          STATION:   HETTINGER ND
                                          MONTH:     AUGUST
                                          YEAR:      2017
                                          LATITUDE:   46  0 N
                                          LONGITUDE: 102 39 W

  TEMPERATURE IN F:       :PCPN:    SNOW:  WIND      :SUNSHINE: SKY     :PK WND
================================================================================
1   2   3   4   5  6A  6B    7    8   9   10  11  12  13   14  15   16   17  18
                                     12Z  AVG MX 2MIN
DY MAX MIN AVG DEP HDD CDD  WTR  SNW DPTH SPD SPD DIR MIN PSBL S-S WX    SPD DR
================================================================================

 1  86  61  74   4   0   9 0.03    M    M 11.7 18  80   M    M   2 3      24  80
 2  74  50  62  -8   3   0    T    M    M 12.2 26 360   M    M   5 1      34  10
 3  73  48  61  -9   4   0 0.00    M    M  9.0 17  10   M    M   3        22  40
 4  80  46  63  -7   2   0 0.00    M    M  8.9 20  90   M    M   0        25  90
 5  72  54  63  -7   2   0 0.03    M    M  8.3 17  70   M    M   5 13     23  60
 6  68  47  58 -12   7   0 0.71    M    M  8.4 20  10   M    M   9 13     24  10
 7  77  43  60 -10   5   0 0.00    M    M  4.6 13 130   M    M   0        18  90
 8  84  55  70   0   0   5 0.05    M    M  8.5 20  80   M    M   2 3      29  80
 9  75  49  62  -8   3   0 0.00    M    M 12.4 25 320   M    M   2 1      32 330
10  74  47  61  -9   4   0 0.00    M    M  6.8 14  40   M    M   5 12     16  40
11  82  50  66  -4   0   1    T    M    M 10.4 22 100   M    M   1 3      28 100
12  78  56  67  -3   0   2 0.02    M    M  9.8 26  90   M    M   3 13     33  90
13  74  46  60  -9   5   0 0.00    M    M  7.7 15  90   M    M   5 12     19 100
14  72  43  58 -11   7   0 0.13    M    M  9.3 17 110   M    M   5 12     22 110
15  70  59  65  -4   0   0 0.54    M    M  5.8 16 320   M    M   9 18     19 120
16  80  53  67  -2   0   2 0.00    M    M  6.0 13  50   M    M   3 12     17  50
17  86  55  71   2   0   6 0.00    M    M  6.7 17 310   M    M   1        22 310
================================================================================
SM 1305  862        42  25  1.51    M    146.5          M       60
================================================================================
AV 76.8 50.7                               8.6 FASTST   M    M   4    MAX(MPH)
                                 MISC ---->  # 26 360               # 34   10
================================================================================
NOTES:
# LAST OF SEVERAL OCCURRENCES

COLUMN 17 PEAK WIND IN M.P.H.

PRELIMINARY LOCAL CLIMATOLOGICAL DATA (WS FORM: F-6) , PAGE 2

                                          STATION:  HETTINGER ND
                                          MONTH:    AUGUST
                                          YEAR:     2017
                                          LATITUDE:   46  0 N
                                          LONGITUDE: 102 39 W

[TEMPERATURE DATA]      [PRECIPITATION DATA]       SYMBOLS USED IN COLUMN 16

AVERAGE MONTHLY: 63.7   TOTAL FOR MONTH:   1.51    1 = FOG OR MIST
DPTR FM NORMAL:  -6.0   DPTR FM NORMAL:    0.47    2 = FOG REDUCING VISIBILITY
HIGHEST:    86 ON 17, 1 GRTST 24HR  0.71 ON  6- 6      TO 1/4 MILE OR LESS
LOWEST:     43 ON 14, 7                            3 = THUNDER
                        SNOW, ICE PELLETS, HAIL    4 = ICE PELLETS
                        TOTAL MONTH:    M          5 = HAIL
                        GRTST 24HR    M  ON   M    6 = FREEZING RAIN OR DRIZZLE
                        GRTST DEPTH:  M  ON   M    7 = DUSTSTORM OR SANDSTORM:
                                                       VSBY 1/2 MILE OR LESS
                                                   8 = SMOKE OR HAZE
[NO. OF DAYS WITH]      [WEATHER - DAYS WITH]      9 = BLOWING SNOW
                                                   X = TORNADO
MAX 32 OR BELOW:   0    0.01 INCH OR MORE:   7
MAX 90 OR ABOVE:   0    0.10 INCH OR MORE:   3
MIN 32 OR BELOW:   0    0.50 INCH OR MORE:   2
MIN  0 OR BELOW:   0    1.00 INCH OR MORE:   0

[HDD (BASE 65) ]
TOTAL THIS MO.    42    CLEAR  (SCALE 0-3)   8
DPTR FM NORMAL    25    PTCLDY (SCALE 4-7)   7
TOTAL FM JUL 1    42    CLOUDY (SCALE 8-10)  2
DPTR FM NORMAL   -14

[CDD (BASE 65) ]
TOTAL THIS MO.    25
DPTR FM NORMAL   -74    [PRESSURE DATA]
TOTAL FM JAN 1   422    HIGHEST SLP M ON M
DPTR FM NORMAL   123    LOWEST  SLP 29.80 ON M

[REMARKS]
