000
CXUS53 KBIS 300731
CF6HEI
PRELIMINARY LOCAL CLIMATOLOGICAL DATA (WS FORM: F-6)

                                          STATION:   HETTINGER ND
                                          MONTH:     AUGUST
                                          YEAR:      2014
                                          LATITUDE:   46  0 N
                                          LONGITUDE: 102 39 W

  TEMPERATURE IN F:       :PCPN:    SNOW:  WIND      :SUNSHINE: SKY     :PK WND
================================================================================
1   2   3   4   5  6A  6B    7    8   9   10  11  12  13   14  15   16   17  18
                                     12Z  AVG MX 2MIN
DY MAX MIN AVG DEP HDD CDD  WTR  SNW DPTH SPD SPD DIR MIN PSBL S-S WX    SPD DR
================================================================================

 1  89  50  70   0   0   5 0.00    M    M  7.2 18  80   M    M   0 1      24  80
 2  86  50  68  -2   0   3 0.00    M    M  6.3 13  10   M    M   1 1      17  10
 3  78  53  66  -4   0   1 0.01    M    M  8.8 22  80   M    M   1        26  80
 4  77  59  68  -2   0   3    T    M    M 13.1 26 100   M    M   8 1      32 110
 5  68  59  64  -6   1   0 0.56    M    M  9.1 15  90   M    M   9 1      21 110
 6  73  61  67  -3   0   2 0.01    M    M  9.6 16 100   M    M   7 1      21 110
 7  78  55  67  -3   0   2 0.00    M    M  6.1 12  80   M    M   6 12     15 150
 8  80  54  67  -3   0   2 0.00    M    M  7.5 16 100   M    M   2 12     20 100
 9  82  60  71   1   0   6 0.00    M    M  7.9 17  20   M    M   4 12     24  20
10  77  49  63  -7   2   0 0.00    M    M  7.8 15  30   M    M   0        21  20
11  82  45  64  -6   1   0 0.00    M    M  3.8 10 120   M    M   0        17 120
12  90  51  71   1   0   6 0.00    M    M  9.4 18 140   M    M   0        27 130
13  91  62  77   8   0  12 0.00    M    M 13.4 23 140   M    M   0        29 150
14  90  64  77   8   0  12    T    M    M  9.2 16 140   M    M   1 3      20 110
15  78  64  71   2   0   6    T    M    M  7.4 17 290   M    M   6 1      24 290
16  84  61  73   4   0   8    T    M    M 10.4 22 340   M    M   3 1      32 340
17  85  57  71   2   0   6 0.33    M    M  6.5 29 290   M    M   5 13     44 280
18  80  55  68   0   0   3    T    M    M  9.4 23 310   M    M   3 1      29 290
19  89  52  71   3   0   6 0.00    M    M  5.8 13 160   M    M   0 18     20 160
20  83  56  70   2   0   5 0.19    M    M  8.0 24 310   M    M   3 13     30 310
21  82  53  68   0   0   3 0.10    M    M  8.6 24 360   M    M   2 13     31 360
22  73  57  65  -2   0   0 0.53    M    M  6.7 21  80   M    M  10 1      26  80
23  65  58  62  -5   3   0 0.14    M    M 14.0 24  80   M    M  10 1      32  80
24  61  50  56 -11   9   0 0.01    M    M 22.6 37 260   M    M   8 1      46 250
25  61  40  51 -15  14   0 0.00    M    M 13.6 28 290   M    M   6        35 270
26  66  40  53 -13  12   0    T    M    M  5.5 13 140   M    M   4        16 130
27  77  44  61  -5   4   0 0.00    M    M  4.9 15 130   M    M   3 12     20 130
28  83  50  67   2   0   2 0.00    M    M  4.7 13 140   M    M   4 12     16 130
29  72  50  61  -4   4   0    T    M    M 10.0 24 320   M    M   3 12     33 320
================================================================================
SM 2280 1559        50  93  1.88    M    257.3          M      109
================================================================================
AV 78.6 53.8                               8.9 FASTST   M    M   4    MAX(MPH)
                                 MISC ---->  # 37 260               # 46  250
================================================================================
NOTES:
# LAST OF SEVERAL OCCURRENCES

COLUMN 17 PEAK WIND IN M.P.H.

PRELIMINARY LOCAL CLIMATOLOGICAL DATA (WS FORM: F-6) , PAGE 2

                                          STATION:  HETTINGER ND
                                          MONTH:    AUGUST
                                          YEAR:     2014
                                          LATITUDE:   46  0 N
                                          LONGITUDE: 102 39 W

[TEMPERATURE DATA]      [PRECIPITATION DATA]       SYMBOLS USED IN COLUMN 16

AVERAGE MONTHLY: 66.2   TOTAL FOR MONTH:   1.88    1 = FOG OR MIST
DPTR FM NORMAL:  -2.3   DPTR FM NORMAL:    0.31    2 = FOG REDUCING VISIBILITY
HIGHEST:    91 ON 13    GRTST 24HR  0.63 ON 21-22      TO 1/4 MILE OR LESS
LOWEST:     40 ON 26,25                            3 = THUNDER
                        SNOW, ICE PELLETS, HAIL    4 = ICE PELLETS
                        TOTAL MONTH:    M          5 = HAIL
                        GRTST 24HR    M  ON   M    6 = FREEZING RAIN OR DRIZZLE
                        GRTST DEPTH:  M  ON   M    7 = DUSTSTORM OR SANDSTORM:
                                                       VSBY 1/2 MILE OR LESS
                                                   8 = SMOKE OR HAZE
[NO. OF DAYS WITH]      [WEATHER - DAYS WITH]      9 = BLOWING SNOW
                                                   X = TORNADO
MAX 32 OR BELOW:   0    0.01 INCH OR MORE:   9
MAX 90 OR ABOVE:   3    0.10 INCH OR MORE:   6
MIN 32 OR BELOW:   0    0.50 INCH OR MORE:   2
MIN  0 OR BELOW:   0    1.00 INCH OR MORE:   0

[HDD (BASE 65) ]
TOTAL THIS MO.    50    CLEAR  (SCALE 0-3)  15
DPTR FM NORMAL     8    PTCLDY (SCALE 4-7)  10
TOTAL FM JUL 1   110    CLOUDY (SCALE 8-10)  4
DPTR FM NORMAL    29

[CDD (BASE 65) ]
TOTAL THIS MO.    93
DPTR FM NORMAL   -51    [PRESSURE DATA]
TOTAL FM JAN 1   228    HIGHEST SLP M ON M
DPTR FM NORMAL  -116    LOWEST  SLP 29.63 ON 24

[REMARKS]
