000
CXUS51 KLWX 240620
CF6HGR
PRELIMINARY LOCAL CLIMATOLOGICAL DATA (WS FORM: F-6)

                                          STATION:   HAGERSTOWN MD
                                          MONTH:     FEBRUARY
                                          YEAR:      2018
                                          LATITUDE:   39 42 N
                                          LONGITUDE:  77 43 W

  TEMPERATURE IN F:       :PCPN:    SNOW:  WIND      :SUNSHINE: SKY     :PK WND
================================================================================
1   2   3   4   5  6A  6B    7    8   9   10  11  12  13   14  15   16   17  18
                                     12Z  AVG MX 2MIN
DY MAX MIN AVG DEP HDD CDD  WTR  SNW DPTH SPD SPD DIR MIN PSBL S-S WX    SPD DR
================================================================================

 1  49  36  43  11  22   0 0.10    M    M  9.8 16 310   M    M   7 1      21 310
 2  40  15  28  -4  37   0    T    M    M 17.4 30 310   M    M   6        37 320
 3  34  13  24  -8  41   0 0.00    M    M  9.9 20 170   M    M   3        26 150
 4  34  30  32   0  33   0 0.65    M    M  7.8 20 130   M    M  10 1268   26 130
 5  38  23  31  -1  34   0    T    M    M  9.9 29 310   M    M   3 1      37 320
 6  34  24  29  -3  36   0 0.00    M    M  2.7 12 340   M    M   6 8      13 340
 7  37  26  32   0  33   0 0.75    M    M  9.6 25 320   M    M   9 146    32 320
 8  31  19  25  -7  40   0    T    M    M  7.0 21 320   M    M   3        25 320
 9  38  22  30  -3  35   0 0.00    M    M  4.8 16 160   M    M   2 18     20 170
10  40  30  35   2  30   0 0.11    M    M  3.1  9 320   M    M   8 128    10 340
11  48  37  43  10  22   0 0.41    M    M  3.4 12 330   M    M   9 12     15 340
12  55  33  44  11  21   0    T    M    M 11.9 23 320   M    M   4 1      27 330
13  41  23  32  -1  33   0 0.00    M    M  7.4 17 170   M    M   4 8      22 170
14  46  33  40   7  25   0 0.02    M    M  5.4 14 160   M    M   9 1      17 170
15  75  42  59  25   6   0 0.19    M    M  5.0 29 350   M    M   8 1      39 350
16  63  34  49  15  16   0 0.31    M    M 12.6 30 300   M    M   7 1      35 300
17  39  27  33  -1  32   0 0.27    M    M  7.4 22 160   M    M   4 18     29 160
18  47  26  37   3  28   0 0.00    M    M  5.5 18 320   M    M   5 12     25 320
19  55  36  46  12  19   0 0.02    M    M  9.7 18 160   M    M   5 1      24 170
20  79  41  60  26   5   0 0.00    M    M  7.6 22 180   M    M   2 18     26 190
21  82  58  70  35   0   5 0.03    M    M 10.9 23 290   M    M   4        30 200
22  58  40  49  14  16   0 0.11    M    M  9.6 22  10   M    M  10 1      28  10
23  45  40  43   8  22   0 0.26    M    M  6.3 14 170   M    M  10 12     19 160
================================================================================
SM 1108  708       586   5  3.23    M    184.7          M      138
================================================================================
AV 48.2 30.8                               8.0 FASTST   M    M   6    MAX(MPH)
                                 MISC ---->  # 30 310               # 39  350
================================================================================
NOTES:
# LAST OF SEVERAL OCCURRENCES

COLUMN 17 PEAK WIND IN M.P.H.

PRELIMINARY LOCAL CLIMATOLOGICAL DATA (WS FORM: F-6) , PAGE 2

                                          STATION:  HAGERSTOWN MD
                                          MONTH:    FEBRUARY
                                          YEAR:     2018
                                          LATITUDE:   39 42 N
                                          LONGITUDE:  77 43 W

[TEMPERATURE DATA]      [PRECIPITATION DATA]       SYMBOLS USED IN COLUMN 16

AVERAGE MONTHLY: 39.5   TOTAL FOR MONTH:   3.23    1 = FOG OR MIST
DPTR FM NORMAL:   6.3   DPTR FM NORMAL:    1.12    2 = FOG REDUCING VISIBILITY
HIGHEST:    82 ON 21    GRTST 24HR  0.75 ON  7- 7      TO 1/4 MILE OR LESS
LOWEST:     13 ON  3                               3 = THUNDER
                        SNOW, ICE PELLETS, HAIL    4 = ICE PELLETS
                        TOTAL MONTH:    M          5 = HAIL
                        GRTST 24HR    M  ON   M    6 = FREEZING RAIN OR DRIZZLE
                        GRTST DEPTH:  M  ON   M    7 = DUSTSTORM OR SANDSTORM:
                                                       VSBY 1/2 MILE OR LESS
                                                   8 = SMOKE OR HAZE
[NO. OF DAYS WITH]      [WEATHER - DAYS WITH]      9 = BLOWING SNOW
                                                   X = TORNADO
MAX 32 OR BELOW:   1    0.01 INCH OR MORE:  13
MAX 90 OR ABOVE:   0    0.10 INCH OR MORE:  10
MIN 32 OR BELOW:  12    0.50 INCH OR MORE:   2
MIN  0 OR BELOW:   0    1.00 INCH OR MORE:   0

[HDD (BASE 65) ]
TOTAL THIS MO.   586    CLEAR  (SCALE 0-3)   4
DPTR FM NORMAL  -147    PTCLDY (SCALE 4-7)  12
TOTAL FM JUL 1  3333    CLOUDY (SCALE 8-10)  7
DPTR FM NORMAL  -424

[CDD (BASE 65) ]
TOTAL THIS MO.     5
DPTR FM NORMAL     5    [PRESSURE DATA]
TOTAL FM JAN 1     5    HIGHEST SLP M ON M
DPTR FM NORMAL     5    LOWEST  SLP 29.63 ON 16

[REMARKS]
