000
CXUS53 KGID 310730
CF6HJH
PRELIMINARY LOCAL CLIMATOLOGICAL DATA (WS FORM: F-6)

                                          STATION:   HEBRON
                                          MONTH:     JULY
                                          YEAR:      2015
                                          LATITUDE:   40  9 N
                                          LONGITUDE:  97 35 W

  TEMPERATURE IN F:       :PCPN:    SNOW:  WIND      :SUNSHINE: SKY     :PK WND
================================================================================
1   2   3   4   5  6A  6B    7    8   9   10  11  12  13   14  15   16   17  18
                                     12Z  AVG MX 2MIN
DY MAX MIN AVG DEP HDD CDD  WTR  SNW DPTH SPD SPD DIR MIN PSBL S-S WX    SPD DR
================================================================================

 1  88  68  78   2   0  13 0.00    M    M  8.2 16 100   M    M   1        27  60
 2  84  70  77   1   0  12 0.54    M    M  5.4 23  50   M    M   6 1      35  50
 3  77  64  71  -5   0   6    T    M    M  4.3 10  50   M    M   7 18      M  M
 4  85  58  72  -5   0   7 0.00    M    M  5.2 10 150   M    M   0 1      16 150
 5  95  71  83   6   0  18 0.00    M    M 11.3 20 170   M    M   0        25 180
 6  83  65  74  -3   0   9 0.17    M    M 10.2 24  10   M    M   6 38     29  10
 7  74  55  65 -12   0   0 0.00    M    M  8.1 16  40   M    M   0 8      20  40
 8  75  51  63 -14   2   0    T    M    M  1.9  6  10   M    M   2         M  M
 9  81  59  70  -7   0   5 0.00    M    M  2.2  7 170   M    M   2 1       M  M
10  82  63  73  -4   0   8 0.15    M    M  7.8 15 160   M    M   4 1      20 160
11  94  68  81   4   0  16    T    M    M  7.5 12 150   M    M   1 3      22 250
12  96  73  85   8   0  20 0.00    M    M  6.0 10 190   M    M   0         M  M
13  93  68  81   4   0  16 0.01    M    M  4.6 12 200   M    M   1         M  M
14  95  63  79   2   0  14 0.00    M    M  2.6  7 100   M    M   0         M  M
15  86  69  78   1   0  13 0.33    M    M  5.5 13 180   M    M   4 3      20 230
16  91  70  81   4   0  16 0.14    M    M  5.1 12 270   M    M   2         M  M
17  95  67  81   4   0  16 0.00    M    M  6.1 15 180   M    M   0        21 170
18  90  71  81   4   0  16 0.00    M    M  7.5 17  90   M    M   2        27  90
19  87  73  80   3   0  15 0.03    M    M  5.6 12  90   M    M   2        17  60
20  86  63  75  -2   0  10 0.94    M    M  4.4 12  20   M    M   4 3      16 290
21  82  59  71  -6   0   6 0.00    M    M  2.3  6 110   M    M   0 1       M  M
22  83  60  72  -5   0   7 0.00    M    M  3.8  8 160   M    M   2         M  M
23  89  66  78   1   0  13 0.00    M    M  6.2 14 180   M    M   1        17 180
24  98  73  86   9   0  21    T    M    M  6.9 18 320   M    M   1 3      35 320
25  77  70  74  -3   0   9 0.24    M    M  6.3 14 340   M    M   4 13     20 340
26  91  71  81   4   0  16 0.00    M    M  3.0  9 250   M    M   1 1       M  M
27  89  72  81   4   0  16    T    M    M  7.7 14 170   M    M   1        21 170
28  90  70  80   3   0  15    T    M    M 10.2 17 350   M    M   2        23 170
29  85  60  73  -4   0   8 0.00    M    M  2.9 13  10   M    M   0         M  M
30  87  55  71  -6   0   6 0.00    M    M  3.8 10 180   M    M   0         M  M
================================================================================
SM 2608 1965         2 347  2.55    M    172.6          M       56
================================================================================
AV 86.9 65.5                               5.8 FASTST   M    M   2    MAX(MPH)
                                 MISC ---->    24   M               # 35   50
================================================================================
NOTES:
# LAST OF SEVERAL OCCURRENCES

COLUMN 17 PEAK WIND IN M.P.H.

PRELIMINARY LOCAL CLIMATOLOGICAL DATA (WS FORM: F-6) , PAGE 2

                                          STATION:  HEBRON
                                          MONTH:    JULY
                                          YEAR:     2015
                                          LATITUDE:   40  9 N
                                          LONGITUDE:  97 35 W

[TEMPERATURE DATA]      [PRECIPITATION DATA]       SYMBOLS USED IN COLUMN 16

AVERAGE MONTHLY: 76.2   TOTAL FOR MONTH:   2.55    1 = FOG OR MIST
DPTR FM NORMAL:  -0.7   DPTR FM NORMAL:   -1.44    2 = FOG REDUCING VISIBILITY
HIGHEST:    98 ON 24    GRTST 24HR  0.94 ON 20-20      TO 1/4 MILE OR LESS
LOWEST:     51 ON  8                               3 = THUNDER
                        SNOW, ICE PELLETS, HAIL    4 = ICE PELLETS
                        TOTAL MONTH:    M          5 = HAIL
                        GRTST 24HR    M  ON   M    6 = FREEZING RAIN OR DRIZZLE
                        GRTST DEPTH:  M  ON   M    7 = DUSTSTORM OR SANDSTORM:
                                                       VSBY 1/2 MILE OR LESS
                                                   8 = SMOKE OR HAZE
[NO. OF DAYS WITH]      [WEATHER - DAYS WITH]      9 = BLOWING SNOW
                                                   X = TORNADO
MAX 32 OR BELOW:   0    0.01 INCH OR MORE:   9
MAX 90 OR ABOVE:  11    0.10 INCH OR MORE:   7
MIN 32 OR BELOW:   0    0.50 INCH OR MORE:   2
MIN  0 OR BELOW:   0    1.00 INCH OR MORE:   0

[HDD (BASE 65) ]
TOTAL THIS MO.     2    CLEAR  (SCALE 0-3)  23
DPTR FM NORMAL     2    PTCLDY (SCALE 4-7)   7
TOTAL FM JUL 1     2    CLOUDY (SCALE 8-10)  0
DPTR FM NORMAL     2

[CDD (BASE 65) ]
TOTAL THIS MO.   347
DPTR FM NORMAL   -11    [PRESSURE DATA]
TOTAL FM JAN 1   656    HIGHEST SLP M ON M
DPTR FM NORMAL    -4    LOWEST  SLP M ON M

[REMARKS]
