000
CXUS52 KGSP 250817
CF6HKY
PRELIMINARY LOCAL CLIMATOLOGICAL DATA (WS FORM: F-6)

                                          STATION:   HICKORY NC
                                          MONTH:     JUNE
                                          YEAR:      2017
                                          LATITUDE:   35 45 N
                                          LONGITUDE:  81 23 W

  TEMPERATURE IN F:       :PCPN:    SNOW:  WIND      :SUNSHINE: SKY     :PK WND
================================================================================
1   2   3   4   5  6A  6B    7    8   9   10  11  12  13   14  15   16   17  18
                                     12Z  AVG MX 2MIN
DY MAX MIN AVG DEP HDD CDD  WTR  SNW DPTH SPD SPD DIR MIN PSBL S-S WX    SPD DR
================================================================================

 1  83  60  72   1   0   7 0.00    M    M  3.0 12 290   M    M   1 12     15 240
 2  86  63  75   4   0  10 0.00    M    M  3.0  9 280   M    M   3        13 260
 3  87  61  74   3   0   9 0.00    M    M  2.5 10 350   M    M   2        15 350
 4  84  64  74   2   0   9 0.07    M    M  2.4 18 250   M    M   3 13     25 260
 5  82  66  74   2   0   9 0.61    M    M  4.8 14 270   M    M   8 13     18 210
 6  84  64  74   2   0   9    T    M    M  3.4 12  30   M    M   3        15  20
 7  77  61  69  -3   0   4 0.00    M    M  6.4 13  80   M    M   5        18  60
 8  73  57  65  -8   0   0    T    M    M  5.8 13  60   M    M   7        18  60
 9  82  57  70  -3   0   5 0.00    M    M  3.5 10 260   M    M   3 12     15 280
10  85  60  73   0   0   8 0.00    M    M  4.4 14 200   M    M   1        17 220
11  85  61  73  -1   0   8 0.00    M    M  3.7 14 220   M    M   0        19 190
12  86  64  75   1   0  10 0.00    M    M  3.4 10 190   M    M   2        14 190
13  88  68  78   4   0  13 0.07    M    M  1.9 21 300   M    M   4 123    29 300
14  89  66  78   4   0  13 0.01    M    M  1.8 14 240   M    M   4 123    17 240
15  90  67  79   4   0  14 0.16    M    M  2.8 17 290   M    M   2 13     26 290
16  85  68  77   2   0  12 0.65    M    M  3.2 15  10   M    M   6 123    20  20
17  84  68  76   1   0  11 0.09    M    M  3.0 16 270   M    M   6 18     19 280
18  86  68  77   2   0  12 0.01    M    M  6.2 25 230   M    M   5 123    34 240
19  85  69  77   2   0  12 0.02    M    M  7.6 20 210   M    M   8 13     28 230
20  81  66  74  -2   0   9 0.00    M    M  1.7  8 190   M    M   2        10 190
21  82  68  75  -1   0  10    T    M    M  5.8 14 230   M    M   7        18 220
22  78  69  74  -2   0   9 0.11    M    M  2.8 10 200   M    M   4 1      13 190
23  87  71  79   3   0  14 1.02    M    M 13.0 23 230   M    M   4 1      33 220
24  83  69  76   0   0  11 1.56    M    M  4.1 15 240   M    M   3 13     20 250
================================================================================
SM 2012 1555         0 228  4.38    M    100.2          M       93
================================================================================
AV 83.8 64.8                               4.2 FASTST   M    M   4    MAX(MPH)
                                 MISC ---->  # 25 230               # 34  240
================================================================================
NOTES:
# LAST OF SEVERAL OCCURRENCES

COLUMN 17 PEAK WIND IN M.P.H.

PRELIMINARY LOCAL CLIMATOLOGICAL DATA (WS FORM: F-6) , PAGE 2

                                          STATION:  HICKORY NC
                                          MONTH:    JUNE
                                          YEAR:     2017
                                          LATITUDE:   35 45 N
                                          LONGITUDE:  81 23 W

[TEMPERATURE DATA]      [PRECIPITATION DATA]       SYMBOLS USED IN COLUMN 16

AVERAGE MONTHLY: 74.3   TOTAL FOR MONTH:   4.38    1 = FOG OR MIST
DPTR FM NORMAL:   0.5   DPTR FM NORMAL:    1.03    2 = FOG REDUCING VISIBILITY
HIGHEST:    90 ON 15    GRTST 24HR  1.58 ON 23-24      TO 1/4 MILE OR LESS
LOWEST:     57 ON  9, 8                            3 = THUNDER
                        SNOW, ICE PELLETS, HAIL    4 = ICE PELLETS
                        TOTAL MONTH:    M          5 = HAIL
                        GRTST 24HR    M  ON   M    6 = FREEZING RAIN OR DRIZZLE
                        GRTST DEPTH:  M  ON   M    7 = DUSTSTORM OR SANDSTORM:
                                                       VSBY 1/2 MILE OR LESS
                                                   8 = SMOKE OR HAZE
[NO. OF DAYS WITH]      [WEATHER - DAYS WITH]      9 = BLOWING SNOW
                                                   X = TORNADO
MAX 32 OR BELOW:   0    0.01 INCH OR MORE:  12
MAX 90 OR ABOVE:   1    0.10 INCH OR MORE:   6
MIN 32 OR BELOW:   0    0.50 INCH OR MORE:   4
MIN  0 OR BELOW:   0    1.00 INCH OR MORE:   2

[HDD (BASE 65) ]
TOTAL THIS MO.     0    CLEAR  (SCALE 0-3)  11
DPTR FM NORMAL    -4    PTCLDY (SCALE 4-7)  13
TOTAL FM JUL 1  2715    CLOUDY (SCALE 8-10)  0
DPTR FM NORMAL  -903

[CDD (BASE 65) ]
TOTAL THIS MO.   228
DPTR FM NORMAL    13    [PRESSURE DATA]
TOTAL FM JAN 1   427    HIGHEST SLP M ON M
DPTR FM NORMAL    78    LOWEST  SLP 29.71 ON M

[REMARKS]
