000
CXUS53 KGLD 250800
CF6HLC
PRELIMINARY LOCAL CLIMATOLOGICAL DATA (WS FORM: F-6)

                                          STATION:   HILL CITY KS
                                          MONTH:     FEBRUARY
                                          YEAR:      2018
                                          LATITUDE:   39 22 N
                                          LONGITUDE:  99 50 W

  TEMPERATURE IN F:       :PCPN:    SNOW:  WIND      :SUNSHINE: SKY     :PK WND
================================================================================
1   2   3   4   5  6A  6B    7    8   9   10  11  12  13   14  15   16   17  18
                                     12Z  AVG MX 2MIN
DY MAX MIN AVG DEP HDD CDD  WTR  SNW DPTH SPD SPD DIR MIN PSBL S-S WX    SPD DR
================================================================================

 1  38  20  29  -1  36   0    T    M    M  8.7 18  60   M    M   9 1      26 350
 2  55  18  37   7  28   0 0.00    M    M 12.1 26 220   M    M   4        37 220
 3  64  30  47  17  18   0 0.00    M    M 11.4 25 350   M    M   3        36 320
 4  39   8  24  -7  41   0    T    M    M 13.6 31 360   M    M   9 12     38 360
 5  35   8  22  -9  43   0 0.00  0.0    M 13.7 35 360   M    M   2        43 360
 6  17   2  10 -21  55   0 0.06    M    M  6.1 13  50   M    M   8 128    15  20
 7  31   2  17 -14  48   0 0.00    M    M  6.2 18 350   M    M   2        24 340
 8  59  15  37   6  28   0 0.00    M    M  4.6 13  90   M    M   0        18 180
 9  30  10  20 -11  45   0    T    M    M 19.4 29  20   M    M   8 18     37  30
10  15   7  11 -21  54   0    M    M    M  9.5 18  10   M    M  10 18     23 360
11  34   4  19 -13  46   0 0.00    M    M  5.6 14 310   M    M   1        20 290
12  37  12  25  -7  40   0 0.00    M    0 13.0 25 130   M    M   2        35 130
13  53  25  39   7  26   0 0.00    M    M  7.9 18 210   M    M   0        24 220
14  61  24  43  11  22   0 0.00    M    M  3.2 10 280   M    M   0        14 270
15  53  28  41   8  24   0 0.00    M    M 10.9 30  10   M    M   1        37  10
16  40  12  26  -7  39   0 0.00    M    M 10.2 26 360   M    M   3        35 350
17  55  19  37   4  28   0 0.00    M    M  9.6 23 330   M    M   0        30 330
18  72  31  52  18  13   0 0.00  0.0    0 14.6 32 360   M    M   0        45 360
19  31  16  24 -10  41   0    T    M    M 17.0 32 350   M    M  10 1      41 360
20  27  10  19 -15  46   0    T    M    M 15.6 26 350   M    M   5 1      33 360
21  29   2  16 -18  49   0    T    M    M  5.5 12  90   M    M   5        16  90
22  27  20  24 -11  41   0    T    M    M  4.5 14 140   M    M  10 1      17  80
23  36  18  27  -8  38   0 0.00    M    M  6.3 16  70   M    M   7 12     22  80
24  45  18  32  -3  33   0 0.00    M    M  8.8 26 300   M    M   6 12     37 310
================================================================================
SM  983  359       882   0  0.06     0.0 238.0          M      105
================================================================================
AV 41.0 15.0                               9.9 FASTST   M    M   4    MAX(MPH)
                                 MISC ---->  # 35 360               # 45  360
================================================================================
NOTES:
# LAST OF SEVERAL OCCURRENCES

COLUMN 17 PEAK WIND IN M.P.H.

PRELIMINARY LOCAL CLIMATOLOGICAL DATA (WS FORM: F-6) , PAGE 2

                                          STATION:  HILL CITY KS
                                          MONTH:    FEBRUARY
                                          YEAR:     2018
                                          LATITUDE:   39 22 N
                                          LONGITUDE:  99 50 W

[TEMPERATURE DATA]      [PRECIPITATION DATA]       SYMBOLS USED IN COLUMN 16

AVERAGE MONTHLY: 28.0   TOTAL FOR MONTH:   0.06    1 = FOG OR MIST
DPTR FM NORMAL:  -4.4   DPTR FM NORMAL:   -0.38    2 = FOG REDUCING VISIBILITY
HIGHEST:    72 ON 18    GRTST 24HR  0.06 ON  6- 6      TO 1/4 MILE OR LESS
LOWEST:      2 ON 21, 7                            3 = THUNDER
                        SNOW, ICE PELLETS, HAIL    4 = ICE PELLETS
                        TOTAL MONTH:   0.0 INCH    5 = HAIL
                        GRTST 24HR     0.0         6 = FREEZING RAIN OR DRIZZLE
                        GRTST DEPTH:   0           7 = DUSTSTORM OR SANDSTORM:
                                                       VSBY 1/2 MILE OR LESS
                                                   8 = SMOKE OR HAZE
[NO. OF DAYS WITH]      [WEATHER - DAYS WITH]      9 = BLOWING SNOW
                                                   X = TORNADO
MAX 32 OR BELOW:   8    0.01 INCH OR MORE:   1
MAX 90 OR ABOVE:   0    0.10 INCH OR MORE:   0
MIN 32 OR BELOW:  24    0.50 INCH OR MORE:   0
MIN  0 OR BELOW:   0    1.00 INCH OR MORE:   0

[HDD (BASE 65) ]
TOTAL THIS MO.   882    CLEAR  (SCALE 0-3)  12
DPTR FM NORMAL    98    PTCLDY (SCALE 4-7)   7
TOTAL FM JUL 1  3982    CLOUDY (SCALE 8-10)  5
DPTR FM NORMAL  -153

[CDD (BASE 65) ]
TOTAL THIS MO.     0
DPTR FM NORMAL     0    [PRESSURE DATA]
TOTAL FM JAN 1     0    HIGHEST SLP M ON M
DPTR FM NORMAL     0    LOWEST  SLP 29.35 ON 18

[REMARKS]
