000
CXUS53 KGLD 170800
CF6HLC
PRELIMINARY LOCAL CLIMATOLOGICAL DATA (WS FORM: F-6)

                                          STATION:   HILL CITY KS
                                          MONTH:     OCTOBER
                                          YEAR:      2017
                                          LATITUDE:   39 22 N
                                          LONGITUDE:  99 50 W

  TEMPERATURE IN F:       :PCPN:    SNOW:  WIND      :SUNSHINE: SKY     :PK WND
================================================================================
1   2   3   4   5  6A  6B    7    8   9   10  11  12  13   14  15   16   17  18
                                     12Z  AVG MX 2MIN
DY MAX MIN AVG DEP HDD CDD  WTR  SNW DPTH SPD SPD DIR MIN PSBL S-S WX    SPD DR
================================================================================

 1  83  59  71  11   0   6 0.34    M    M 18.2 41 150   M    M   4 13     54 150
 2  75  55  65   5   0   0 3.85    M    M  7.9 26  20   M    M   8 123    34 180
 3  69  55  62   2   3   0 0.62    M    M 11.2 23 280   M    M   8 13     27 280
 4  61  55  58  -1   7   0 0.12    M    M 10.2 21 110   M    M  10 13     25 110
 5  81  57  69  10   0   4    T    M    M  6.0 18  10   M    M  10 128    23  10
 6  76  54  65   7   0   0 0.34    M    M  9.9 32 340   M    M  10 123    46 350
 7  77  47  62   4   3   0 0.00    M    M  8.8 17 280   M    M   0        26 300
 8  76  46  61   4   4   0 0.00    M    M 10.4 31  30   M    M   0        43  40
 9  55  38  47 -10  18   0 0.02    M    M 23.2 37  20   M    M   9 1      49  20
10  60  36  48  -8  17   0    T    M    M  8.7 22 340   M    M   4 18     28 350
11  72  32  52  -4  13   0 0.00    M    M 10.5 23 160   M    M   0 1      34 150
12  83  46  65   9   0   0 0.00    M    M  6.8 18 360   M    M   0        26 360
13  70  52  61   6   4   0 0.00    M    M 11.4 25  20   M    M   7        34 360
14  70  45  58   3   7   0 0.00    M    M 11.3 33 330   M    M   7 12     50 340
15  67  33  50  -4  15   0 0.00    M    M  6.2 15 310   M    M   0        21 300
16  78  32  55   1  10   0 0.00    M    M  9.5 24 220   M    M   0        36 220
================================================================================
SM 1153  742       101  10  5.29    M    170.2          M       77
================================================================================
AV 72.1 46.4                              10.6 FASTST   M    M   5    MAX(MPH)
                                 MISC ---->  # 41 150               # 54  150
================================================================================
NOTES:
# LAST OF SEVERAL OCCURRENCES

COLUMN 17 PEAK WIND IN M.P.H.

PRELIMINARY LOCAL CLIMATOLOGICAL DATA (WS FORM: F-6) , PAGE 2

                                          STATION:  HILL CITY KS
                                          MONTH:    OCTOBER
                                          YEAR:     2017
                                          LATITUDE:   39 22 N
                                          LONGITUDE:  99 50 W

[TEMPERATURE DATA]      [PRECIPITATION DATA]       SYMBOLS USED IN COLUMN 16

AVERAGE MONTHLY: 59.2   TOTAL FOR MONTH:   5.29    1 = FOG OR MIST
DPTR FM NORMAL:   2.1   DPTR FM NORMAL:    4.43    2 = FOG REDUCING VISIBILITY
HIGHEST:    83 ON 12, 1 GRTST 24HR  3.85 ON  2- 2      TO 1/4 MILE OR LESS
LOWEST:     32 ON 16,11                            3 = THUNDER
                        SNOW, ICE PELLETS, HAIL    4 = ICE PELLETS
                        TOTAL MONTH:    M          5 = HAIL
                        GRTST 24HR    M  ON   M    6 = FREEZING RAIN OR DRIZZLE
                        GRTST DEPTH:  M  ON   M    7 = DUSTSTORM OR SANDSTORM:
                                                       VSBY 1/2 MILE OR LESS
                                                   8 = SMOKE OR HAZE
[NO. OF DAYS WITH]      [WEATHER - DAYS WITH]      9 = BLOWING SNOW
                                                   X = TORNADO
MAX 32 OR BELOW:   0    0.01 INCH OR MORE:   6
MAX 90 OR ABOVE:   0    0.10 INCH OR MORE:   5
MIN 32 OR BELOW:   2    0.50 INCH OR MORE:   2
MIN  0 OR BELOW:   0    1.00 INCH OR MORE:   1

[HDD (BASE 65) ]
TOTAL THIS MO.   101    CLEAR  (SCALE 0-3)   6
DPTR FM NORMAL   -40    PTCLDY (SCALE 4-7)   5
TOTAL FM JUL 1   144    CLOUDY (SCALE 8-10)  5
DPTR FM NORMAL   -74

[CDD (BASE 65) ]
TOTAL THIS MO.    10
DPTR FM NORMAL    -5    [PRESSURE DATA]
TOTAL FM JAN 1  1508    HIGHEST SLP M ON M
DPTR FM NORMAL   211    LOWEST  SLP 29.47 ON  1

[REMARKS]
