000
CXUS51 KPBZ 250804
CF6HLG
PRELIMINARY LOCAL CLIMATOLOGICAL DATA (WS FORM: F-6)

                                          STATION:   WHEELING
                                          MONTH:     APRIL
                                          YEAR:      2017
                                          LATITUDE:   40 10 N
                                          LONGITUDE:  80 39 W

  TEMPERATURE IN F:       :PCPN:    SNOW:  WIND      :SUNSHINE: SKY     :PK WND
================================================================================
1   2   3   4   5  6A  6B    7    8   9   10  11  12  13   14  15   16   17  18
                                     12Z  AVG MX 2MIN
DY MAX MIN AVG DEP HDD CDD  WTR  SNW DPTH SPD SPD DIR MIN PSBL S-S WX    SPD DR
================================================================================

 1  43  35  39  -7  26   0 0.03    M    0  8.9 20 310   M    M   9 1      24 280
 2  58  30  44  -3  21   0 0.00    M    M  5.7 14 120   M    M   0 1      17 120
 3  70  45  58  11   7   0 0.02    M    M  8.5 20 190   M    M   5        26 150
 4  63  50  57  10   8   0 0.07    M    M 15.6 32 260   M    M   9 18     45 250
 5  70  41  56   8   9   0 0.11    M    M 10.8 28 270   M    M   1 1      36 280
 6  56  33  45  -3  20   0 0.45    M    0 13.8 30 270   M    M  10 1      38 250
 7  42  32  37 -11  28   0 0.03    M    0 13.9 26 300   M    M   8 18     36 290
 8  59  27  43  -6  22   0 0.00  0.0    0  5.3 16 280   M    M   0 18     19 290
 9  74  40  57   8   8   0 0.00  0.0    0  8.3 17 210   M    M   0        22 210
10  80  59  70  20   0   5 0.00  0.0    0 12.5 26 220   M    M   0        37 220
11  68  55  62  12   3   0 0.20  0.0    0  9.0 26 270   M    M   6 13     37 270
12  65  47  56   6   9   0 0.00  0.0    0  7.8 15 290   M    M   2        30 240
13  60  42  51   0  14   0 0.00  0.0    0  8.0 15  70   M    M   2        18  70
14  73  46  60   9   5   0 0.00  0.0    0  5.5 10 100   M    M   6        14 140
15  79  53  66  15   0   1 0.00  0.0    0  7.8 24 250   M    M   3        33 240
16  74  62  68  16   0   3 0.26  0.0    0 13.2 26 220   M    M   5 13     36 210
17  68  53  61   9   4   0 0.27    M    M  7.6 16  50   M    M   3 1      19  50
18  71  42  57   5   8   0 0.00  0.0    0  7.5 16 100   M    M   0        19  70
19  73  58  66  13   0   1 0.25    M    M 10.7 24 340   M    M   7 13     30 340
20  78  58  68  15   0   3 0.44  0.0    0  9.1 23 230   M    M   4 13     40 240
21  68  49  59   6   6   0 0.01    M    0 10.5 20 290   M    M   6 18     25 260
22  53  42  48  -6  17   0 0.07    M    0  8.9 16  10   M    M   5        20  10
23  66  37  52  -2  13   0 0.00  0.0    0  9.3 17  60   M    M   0        21  30
24  59  47  53  -1  12   0    T    M    0 12.1 22 100   M    M   6        26  90
================================================================================
SM 1570 1083       240  13  2.21     0.0 230.3          M       97
================================================================================
AV 65.4 45.1                               9.6 FASTST   M    M   4    MAX(MPH)
                                 MISC ---->  # 32 260               # 45  250
================================================================================
NOTES:
# LAST OF SEVERAL OCCURRENCES

COLUMN 17 PEAK WIND IN M.P.H.

PRELIMINARY LOCAL CLIMATOLOGICAL DATA (WS FORM: F-6) , PAGE 2

                                          STATION:  WHEELING
                                          MONTH:    APRIL
                                          YEAR:     2017
                                          LATITUDE:   40 10 N
                                          LONGITUDE:  80 39 W

[TEMPERATURE DATA]      [PRECIPITATION DATA]       SYMBOLS USED IN COLUMN 16

AVERAGE MONTHLY: 55.3   TOTAL FOR MONTH:   2.21    1 = FOG OR MIST
DPTR FM NORMAL:   4.9   DPTR FM NORMAL:   -0.15    2 = FOG REDUCING VISIBILITY
HIGHEST:    80 ON 10    GRTST 24HR  1.14 ON 31- 1      TO 1/4 MILE OR LESS
LOWEST:     27 ON  8                               3 = THUNDER
                        SNOW, ICE PELLETS, HAIL    4 = ICE PELLETS
                        TOTAL MONTH:   0.0 INCH    5 = HAIL
                        GRTST 24HR     0.0         6 = FREEZING RAIN OR DRIZZLE
                        GRTST DEPTH:   0           7 = DUSTSTORM OR SANDSTORM:
                                                       VSBY 1/2 MILE OR LESS
                                                   8 = SMOKE OR HAZE
[NO. OF DAYS WITH]      [WEATHER - DAYS WITH]      9 = BLOWING SNOW
                                                   X = TORNADO
MAX 32 OR BELOW:   0    0.01 INCH OR MORE:  13
MAX 90 OR ABOVE:   0    0.10 INCH OR MORE:   7
MIN 32 OR BELOW:   3    0.50 INCH OR MORE:   0
MIN  0 OR BELOW:   0    1.00 INCH OR MORE:   0

[HDD (BASE 65) ]
TOTAL THIS MO.   240    CLEAR  (SCALE 0-3)  11
DPTR FM NORMAL  -118    PTCLDY (SCALE 4-7)  10
TOTAL FM JUL 1  4345    CLOUDY (SCALE 8-10)  3
DPTR FM NORMAL  -953

[CDD (BASE 65) ]
TOTAL THIS MO.    13
DPTR FM NORMAL    13    [PRESSURE DATA]
TOTAL FM JAN 1    18    HIGHEST SLP M ON M
DPTR FM NORMAL    17    LOWEST  SLP 29.28 ON  6

[REMARKS]
