968
CXUS55 KFSD 301216
CF6HON
PRELIMINARY LOCAL CLIMATOLOGICAL DATA (WS FORM: F-6)

                                          STATION:   HURON
                                          MONTH:     APRIL
                                          YEAR:      2017
                                          LATITUDE:   44 22 N
                                          LONGITUDE:  98 13 W

  TEMPERATURE IN F:       :PCPN:    SNOW:  WIND      :SUNSHINE: SKY     :PK WND
================================================================================
1   2   3   4   5  6A  6B    7    8   9   10  11  12  13   14  15   16   17  18
                                     12Z  AVG MX 2MIN
DY MAX MIN AVG DEP HDD CDD  WTR  SNW DPTH SPD SPD DIR MIN PSBL S-S WX    SPD DR
================================================================================

 1  63  34  49   9  16   0 0.00  0.0    0  6.8 18 190   M    M   0        25 190
 2  67  39  53  13  12   0 0.00  0.0    0  9.5 17 170   M    M   4        22 170
 3  53  43  48   7  17   0 0.09  0.0    0 10.8 23  20   M    M   M 1      30  20
 4  65  32  49   8  16   0 0.00  0.0    0  9.2 23 340   M    M   M        29 340
 5  53  29  41  -1  24   0 0.09  0.0    0  9.4 26 340   M    M   3 1      32 340
 6  56  23  40  -2  25   0 0.00  0.0    0  6.1 14  40   M    M   0        20  10
 7  71  35  53  10  12   0 0.00  0.0    0 18.7 36 170   M    M   0        46 170
 8  79  48  64  21   1   0 0.00  0.0    0 11.5 23 300   M    M   0        27 290
 9  55  36  46   2  19   0 0.52  0.0    0  9.3 21 320   M    M   9 1      30 330
10  46  25  36  -8  29   0    T    T    0 14.8 41  40   M    M   6        52  30
11  60  21  41  -3  24   0 0.00  0.0    0  6.7 17 180   M    M   0        21 170
12  60  33  47   2  18   0 0.00  0.0    0  7.3 21  60   M    M   5 12     26  50
13  64  31  48   3  17   0 0.00  0.0    0 10.5 22 110   M    M   6 12     29 110
14  68  49  59  13   6   0 0.00  0.0    0 12.7 26 160   M    M   6 12     36 160
15  63  39  51   5  14   0 0.11  0.0    0  9.0 30 110   M    M   7 123    34 110
16  69  32  51   4  14   0    T  0.0    0 11.3 25 310   M    M   3        32 320
17  63  30  47   0  18   0    T  0.0    0 11.7 24 150   M    M   2 3      33 150
18  63  41  52   4  13   0 0.08  0.0    0 14.7 26 270   M    M   5 13     37 240
19  49  41  45  -3  20   0 0.29  0.0    0  9.2 21  70   M    M   8 1      26  70
20  53  37  45  -4  20   0    T  0.0    0  8.6 17 320   M    M   9 1      22 320
21  65  30  48  -1  17   0 0.00  0.0    0  3.4 14  30   M    M   4 12     16  50
22  69  32  51   2  14   0 0.00  0.0    0  6.4 15 250   M    M   0 1      20  30
23  74  35  55   5  10   0 0.00  0.0    0 11.6 26 210   M    M   0        34 220
24  64  39  52   2  13   0 0.00  0.0    0 15.1 24 280   M    M   3        31 190
25  39  32  36 -15  29   0    T  0.0    0 18.2 25  10   M    M  10 1      33 350
26  39  30  35 -16  30   0    T    T    0 18.0 28 350   M    M  10 1      33 350
27  50  30  40 -12  25   0 0.00  0.0    0 10.7 22 360   M    M   6        25 360
28  56  23  40 -12  25   0 0.00  0.0    0 10.6 26  50   M    M   0        32  50
29  58  22  40 -12  25   0 0.00  0.0    0  7.6 21  60   M    M   0        25  60
================================================================================
SM 1734  971       523   0  1.18    T    309.4          M      106
================================================================================
AV 59.8 33.5                              10.7 FASTST   M    M   4    MAX(MPH)
                                 MISC ---->  # 41  40               # 52   30
================================================================================
NOTES:
# LAST OF SEVERAL OCCURRENCES

COLUMN 17 PEAK WIND IN M.P.H.

PRELIMINARY LOCAL CLIMATOLOGICAL DATA (WS FORM: F-6) , PAGE 2

                                          STATION:  HURON
                                          MONTH:    APRIL
                                          YEAR:     2017
                                          LATITUDE:   44 22 N
                                          LONGITUDE:  98 13 W

[TEMPERATURE DATA]      [PRECIPITATION DATA]       SYMBOLS USED IN COLUMN 16

AVERAGE MONTHLY: 46.6   TOTAL FOR MONTH:   1.18    1 = FOG OR MIST
DPTR FM NORMAL:   0.4   DPTR FM NORMAL:   -1.04    2 = FOG REDUCING VISIBILITY
HIGHEST:    79 ON  8    GRTST 24HR  0.52 ON  9- 9      TO 1/4 MILE OR LESS
LOWEST:     21 ON 11                               3 = THUNDER
                        SNOW, ICE PELLETS, HAIL    4 = ICE PELLETS
                        TOTAL MONTH:    T          5 = HAIL
                        GRTST 24HR    T  ON 26-26  6 = FREEZING RAIN OR DRIZZLE
                        GRTST DEPTH:   0           7 = DUSTSTORM OR SANDSTORM:
                                                       VSBY 1/2 MILE OR LESS
                                                   8 = SMOKE OR HAZE
[NO. OF DAYS WITH]      [WEATHER - DAYS WITH]      9 = BLOWING SNOW
                                                   X = TORNADO
MAX 32 OR BELOW:   0    0.01 INCH OR MORE:   6
MAX 90 OR ABOVE:   0    0.10 INCH OR MORE:   3
MIN 32 OR BELOW:  15    0.50 INCH OR MORE:   1
MIN  0 OR BELOW:   0    1.00 INCH OR MORE:   0

[HDD (BASE 65) ]
TOTAL THIS MO.   523    CLEAR  (SCALE 0-3)  13
DPTR FM NORMAL   -23    PTCLDY (SCALE 4-7)  10
TOTAL FM JUL 1  6619    CLOUDY (SCALE 8-10)  4
DPTR FM NORMAL  -746

[CDD (BASE 65) ]
TOTAL THIS MO.     0
DPTR FM NORMAL     0    [PRESSURE DATA]
TOTAL FM JAN 1     0    HIGHEST SLP M ON M
DPTR FM NORMAL     0    LOWEST  SLP 29.47 ON  8

[REMARKS]
