000
CXUS55 KSEW 270930
CF6HQM
PRELIMINARY LOCAL CLIMATOLOGICAL DATA (WS FORM: F-6)

                                          STATION:   HOQUIAM WA AIRPORT
                                          MONTH:     JUNE
                                          YEAR:      2017
                                          LATITUDE:   46 58 N
                                          LONGITUDE: 123 56 W

  TEMPERATURE IN F:       :PCPN:    SNOW:  WIND      :SUNSHINE: SKY     :PK WND
================================================================================
1   2   3   4   5  6A  6B    7    8   9   10  11  12  13   14  15   16   17  18
                                     12Z  AVG MX 2MIN
DY MAX MIN AVG DEP HDD CDD  WTR  SNW DPTH SPD SPD DIR MIN PSBL S-S WX    SPD DR
================================================================================

 1  60  53  57   2   8   0 0.05  0.0    0  8.5 15 230   M    M  10 1      18 220
 2  62  54  58   3   7   0 0.11  0.0    0  7.3 13 260   M    M   7 1      16 160
 3  62  51  57   2   8   0    T  0.0    0  8.9 17 260   M    M   7 1      21 270
 4  61  48  55  -1  10   0 0.00  0.0    0 11.0 20 240   M    M   1        25 260
 5  67  43  55  -1  10   0 0.00  0.0    0  6.9 18 270   M    M   0 1      23 310
 6  73  46  60   4   5   0 0.00  0.0    0  7.0 21 230   M    M   0 1      23 230
 7  63  51  57   1   8   0 0.03  0.0    0  7.1 20 220   M    M   3 1      23 220
 8  60  49  55  -1  10   0 0.33  0.0    0 11.7 20 230   M    M   8 1      25 230
 9  59  49  54  -2  11   0 0.24  0.0    0  9.1 22 210   M    M   8 1      24 200
10  62  46  54  -2  11   0    T  0.0    0  7.8 18 270   M    M   3 1      22 270
11  62  52  57   1   8   0 0.00  0.0    0  8.0 17 250   M    M   6        20 250
12  59  52  56   0   9   0 0.03  0.0    0 11.3 21 270   M    M   9 1      26 270
13  60  51  56  -1   9   0 0.11  0.0    0  8.2 16 220   M    M   8 1      20 230
14  61  52  57   0   8   0    T  0.0    0  7.3 16 220   M    M  10 1      19 220
15  59  52  56  -1   9   0 0.98  0.0    0 15.1 31 160   M    M  10 1      39 160
16  62  52  57   0   8   0 0.04  0.0    0  8.2 16 220   M    M   5 1      21 250
17  60  49  55  -2  10   0 0.04  0.0    0  4.4 10 150   M    M   8 1      13 160
18  63  55  59   2   6   0 0.01  0.0    0  4.7 10 260   M    M  10 1      13 270
19  71  57  64   7   1   0 0.00  0.0    0  9.2 21 230   M    M   4 1      23 240
20  64  52  58   1   7   0 0.02  0.0    0 11.9 24 270   M    M   6 1      32 270
21  63  50  57  -1   8   0 0.00  0.0    0 10.5 22 270   M    M   1        29 270
22  70  46  58   0   7   0 0.00  0.0    0  6.4 18 270   M    M   0 1      23 270
23  82  49  66   8   0   1 0.00  0.0    0  5.4 16 240   M    M   0 1      18 230
24  91  53  72  14   0   7 0.00  0.0    0  5.5 13  80   M    M   0        16  50
25  82  58  70  12   0   5 0.00  0.0    0 12.8 22 230   M    M   3 1      25 230
26  62  56  59   1   6   0 0.00  0.0    0 12.2 21 260   M    M   9 1      25 270
================================================================================
SM 1700 1326       184  13  1.99     0.0 226.4          M      136
================================================================================
AV 65.4 51.0                               8.7 FASTST   M    M   5    MAX(MPH)
                                 MISC ---->  # 31 160               # 39  160
================================================================================
NOTES:
# LAST OF SEVERAL OCCURRENCES

COLUMN 17 PEAK WIND IN M.P.H.

PRELIMINARY LOCAL CLIMATOLOGICAL DATA (WS FORM: F-6) , PAGE 2

                                          STATION:  HOQUIAM WA AIRPORT
                                          MONTH:    JUNE
                                          YEAR:     2017
                                          LATITUDE:   46 58 N
                                          LONGITUDE: 123 56 W

[TEMPERATURE DATA]      [PRECIPITATION DATA]       SYMBOLS USED IN COLUMN 16

AVERAGE MONTHLY: 58.2   TOTAL FOR MONTH:   1.99    1 = FOG OR MIST
DPTR FM NORMAL:   1.5   DPTR FM NORMAL:   -0.04    2 = FOG REDUCING VISIBILITY
HIGHEST:    91 ON 24    GRTST 24HR  0.98 ON 15-15      TO 1/4 MILE OR LESS
LOWEST:     43 ON  5                               3 = THUNDER
                        SNOW, ICE PELLETS, HAIL    4 = ICE PELLETS
                        TOTAL MONTH:   0.0 INCH    5 = HAIL
                        GRTST 24HR     0.0         6 = FREEZING RAIN OR DRIZZLE
                        GRTST DEPTH:   0           7 = DUSTSTORM OR SANDSTORM:
                                                       VSBY 1/2 MILE OR LESS
                                                   8 = SMOKE OR HAZE
[NO. OF DAYS WITH]      [WEATHER - DAYS WITH]      9 = BLOWING SNOW
                                                   X = TORNADO
MAX 32 OR BELOW:   0    0.01 INCH OR MORE:  12
MAX 90 OR ABOVE:   1    0.10 INCH OR MORE:   5
MIN 32 OR BELOW:   0    0.50 INCH OR MORE:   1
MIN  0 OR BELOW:   0    1.00 INCH OR MORE:   0

[HDD (BASE 65) ]
TOTAL THIS MO.   184    CLEAR  (SCALE 0-3)   8
DPTR FM NORMAL   -33    PTCLDY (SCALE 4-7)  12
TOTAL FM JUL 1  5056    CLOUDY (SCALE 8-10)  6
DPTR FM NORMAL  -105

[CDD (BASE 65) ]
TOTAL THIS MO.    13
DPTR FM NORMAL    13    [PRESSURE DATA]
TOTAL FM JAN 1    13    HIGHEST SLP M ON M
DPTR FM NORMAL    12    LOWEST  SLP 29.57 ON  8

[REMARKS]
