000
CXUS55 KSEW 230930
CF6HQM
PRELIMINARY LOCAL CLIMATOLOGICAL DATA (WS FORM: F-6)

                                          STATION:   HOQUIAM WA AIRPORT
                                          MONTH:     MAY
                                          YEAR:      2015
                                          LATITUDE:   46 58 N
                                          LONGITUDE: 123 56 W

  TEMPERATURE IN F:       :PCPN:    SNOW:  WIND      :SUNSHINE: SKY     :PK WND
================================================================================
1   2   3   4   5  6A  6B    7    8   9   10  11  12  13   14  15   16   17  18
                                     12Z  AVG MX 2MIN
DY MAX MIN AVG DEP HDD CDD  WTR  SNW DPTH SPD SPD DIR MIN PSBL S-S WX    SPD DR
================================================================================

 1  60  45  53   2  12   0 0.00  0.0    0 10.2 23 260   M    M   2 1      29 280
 2  60  41  51   0  14   0 0.00  0.0    0  5.8 18 270   M    M   1        22 260
 3  62  39  51   0  14   0 0.00  0.0    0  6.5 15 260   M    M   0 1      19 240
 4  57  50  54   3  11   0 0.03  0.0    0 10.1 22 200   M    M   9 1      26 200
 5  58  44  51   0  14   0 0.18  0.0    0  9.2 22 220   M    M   5 1      30 220
 6  59  39  49  -3  16   0    T  0.0    0  7.1 23 260   M    M   6 12     28 260
 7  61  39  50  -2  15   0 0.00  0.0    0  6.0 18 230   M    M   3 1      21 230
 8  72  44  58   6   7   0 0.00  0.0    0  7.3 15 270   M    M   2 12     17 270
 9  67  50  59   7   6   0 0.00  0.0    0  7.2 16 240   M    M   5 12     19 240
10  58  52  55   3  10   0    T  0.0    0  9.7 18 270   M    M   9 1      23 280
11  57  51  54   2  11   0 0.01  0.0    0  7.8 14 240   M    M  10 1      18 250
12  57  51  54   1  11   0 0.01  0.0    0  5.9 12 240   M    M  10 1      14 240
13  55  51  53   0  12   0 0.04  0.0    0  7.0 13 270   M    M  10 1      16 270
14  61  50  56   3   9   0 0.01  0.0    0  6.6 16 260   M    M   8 1      22 250
15  56  51  54   1  11   0    T  0.0    0  8.4 14 270   M    M  10 1      17 250
16  59  52  56   3   9   0    T  0.0    0  9.0 16 240   M    M   9 1      19 230
17  62  50  56   3   9   0 0.00  0.0    0  6.9 17 240   M    M   7 1      21 240
18  61  48  55   2  10   0 0.00  0.0    0  8.2 20 240   M    M   7 12     23 230
19  56  52  54   0  11   0 0.00  0.0    0  8.5 14 250   M    M  10 1      16 240
20  59  51  55   1  10   0 0.00  0.0    0  5.6 16 230   M    M   9 1      18 230
21  57  50  54   0  11   0 0.00  0.0    0  7.3 15 260   M    M  10 1      18 260
22  55  52  54   0  11   0    T  0.0    0  9.8 14 210   M    M  10 13     16 230
================================================================================
SM 1309 1052       244   0  0.28     0.0 170.1          M      152
================================================================================
AV 59.5 47.8                               7.7 FASTST   M    M   7    MAX(MPH)
                                 MISC ---->  # 23 260               # 30  220
================================================================================
NOTES:
# LAST OF SEVERAL OCCURRENCES

COLUMN 17 PEAK WIND IN M.P.H.

PRELIMINARY LOCAL CLIMATOLOGICAL DATA (WS FORM: F-6) , PAGE 2

                                          STATION:  HOQUIAM WA AIRPORT
                                          MONTH:    MAY
                                          YEAR:     2015
                                          LATITUDE:   46 58 N
                                          LONGITUDE: 123 56 W

[TEMPERATURE DATA]      [PRECIPITATION DATA]       SYMBOLS USED IN COLUMN 16

AVERAGE MONTHLY: 53.7   TOTAL FOR MONTH:   0.28    1 = FOG OR MIST
DPTR FM NORMAL:   1.2   DPTR FM NORMAL:   -2.14    2 = FOG REDUCING VISIBILITY
HIGHEST:    72 ON  8    GRTST 24HR  0.21 ON  4- 5      TO 1/4 MILE OR LESS
LOWEST:     39 ON  7, 6                            3 = THUNDER
                        SNOW, ICE PELLETS, HAIL    4 = ICE PELLETS
                        TOTAL MONTH:   0.0 INCH    5 = HAIL
                        GRTST 24HR     0.0         6 = FREEZING RAIN OR DRIZZLE
                        GRTST DEPTH:   0           7 = DUSTSTORM OR SANDSTORM:
                                                       VSBY 1/2 MILE OR LESS
                                                   8 = SMOKE OR HAZE
[NO. OF DAYS WITH]      [WEATHER - DAYS WITH]      9 = BLOWING SNOW
                                                   X = TORNADO
MAX 32 OR BELOW:   0    0.01 INCH OR MORE:   6
MAX 90 OR ABOVE:   0    0.10 INCH OR MORE:   1
MIN 32 OR BELOW:   0    0.50 INCH OR MORE:   0
MIN  0 OR BELOW:   0    1.00 INCH OR MORE:   0

[HDD (BASE 65) ]
TOTAL THIS MO.   244    CLEAR  (SCALE 0-3)   5
DPTR FM NORMAL   -32    PTCLDY (SCALE 4-7)   6
TOTAL FM JUL 1  3815    CLOUDY (SCALE 8-10) 11
DPTR FM NORMAL -1032

[CDD (BASE 65) ]
TOTAL THIS MO.     0
DPTR FM NORMAL     0    [PRESSURE DATA]
TOTAL FM JAN 1     0    HIGHEST SLP M ON M
DPTR FM NORMAL     0    LOWEST  SLP 29.83 ON 12

[REMARKS]
