000
CXUS54 KBRO 250900
CF6HRL
PRELIMINARY LOCAL CLIMATOLOGICAL DATA (WS FORM: F-6)

                                          STATION:   HARLINGEN
                                          MONTH:     JANUARY
                                          YEAR:      2015
                                          LATITUDE:   26 13 N
                                          LONGITUDE:  97 40 W

  TEMPERATURE IN F:       :PCPN:    SNOW:  WIND      :SUNSHINE: SKY     :PK WND
================================================================================
1   2   3   4   5  6A  6B    7    8   9   10  11  12  13   14  15   16   17  18
                                     12Z  AVG MX 2MIN
DY MAX MIN AVG DEP HDD CDD  WTR  SNW DPTH SPD SPD DIR MIN PSBL S-S WX    SPD DR
================================================================================

 1  45  42  44 -15  21   0 0.11    M    0 13.1 21 310   M    M  10 1      25 320
 2  50  44  47 -12  18   0 0.12    M    0  8.4 14 330   M    M  10 1      16 320
 3  54  45  50  -9  15   0 0.01    M    0  6.7 15 310   M    M   8 1      18 310
 4  60  44  52  -7  13   0 0.00  0.0    0  9.4 23 360   M    M   3 1      29  10
 5  58  42  50  -9  15   0 0.00  0.0    0  9.2 15 330   M    M   1 18     20 360
 6  68  44  56  -3   9   0 0.00  0.0    0  4.0  9  50   M    M   0 1      12  70
 7  69  50  60   1   5   0 0.00  0.0    0 12.3 28 350   M    M  10 1      35 350
 8  50  39  45 -15  20   0 0.00  0.0    0 14.2 28 350   M    M  10 8      35 350
 9  49  41  45 -15  20   0 0.32    M    0 14.4 26 350   M    M  10 1      32 350
10  41  37  39 -21  26   0 1.20    M    0 18.9 29 340   M    M  10 1      35 340
11  58  40  49 -11  16   0 0.01    M    0  6.9 17 320   M    M   6 1      22 310
12  66  41  54  -6  11   0 0.02    M    0  8.5 23  10   M    M   4 12     28  10
13  49  45  47 -13  18   0 0.04    M    0 13.6 24 360   M    M  10 1      30  10
14  47  45  46 -14  19   0 0.06    M    0 14.5 20 330   M    M  10 18     23 340
15  56  44  50 -10  15   0 0.01  0.0    0 12.2 21 330   M    M   7 1      24 350
16  65  41  53  -7  12   0 0.00  0.0    0  2.9  9  90   M    M   0        12  20
17  72  42  57  -3   8   0 0.00  0.0    0  4.5 14 180   M    M   0 1      18 170
18  72  53  63   3   2   0 0.00  0.0    0  5.6 13 340   M    M   1 1      16 360
19  70  48  59  -1   6   0    T  0.0    0  3.8 12 140   M    M   3 12     15 160
20  83  54  69   9   0   4 0.00  0.0    0  4.1 14 140   M    M   3 12     16 140
21  77  63  70  10   0   5    T  0.0    0 11.4 21 120   M    M  10 12     25 140
22  73  51  62   2   3   0 0.01  0.0    0 15.8 29 330   M    M   9 13     36 330
23  61  40  51 -10  14   0 0.00  0.0    0 19.0 32 330   M    M   6 8      38 350
24  65  38  52  -9  13   0 0.00  0.0    0  7.5 13 270   M    M   0        16 290
================================================================================
SM 1458 1073       299   9  1.91     0.0 240.9          M      141
================================================================================
AV 60.8 44.7                              10.0 FASTST   M    M   6    MAX(MPH)
                                 MISC ---->  # 32 330               # 38  350
================================================================================
NOTES:
# LAST OF SEVERAL OCCURRENCES

COLUMN 17 PEAK WIND IN M.P.H.

PRELIMINARY LOCAL CLIMATOLOGICAL DATA (WS FORM: F-6) , PAGE 2

                                          STATION:  HARLINGEN
                                          MONTH:    JANUARY
                                          YEAR:     2015
                                          LATITUDE:   26 13 N
                                          LONGITUDE:  97 40 W

[TEMPERATURE DATA]      [PRECIPITATION DATA]       SYMBOLS USED IN COLUMN 16

AVERAGE MONTHLY: 52.7   TOTAL FOR MONTH:   1.91    1 = FOG OR MIST
DPTR FM NORMAL:  -7.1   DPTR FM NORMAL:    1.16    2 = FOG REDUCING VISIBILITY
HIGHEST:    83 ON 20    GRTST 24HR  1.47 ON  9-10      TO 1/4 MILE OR LESS
LOWEST:     37 ON 10                               3 = THUNDER
                        SNOW, ICE PELLETS, HAIL    4 = ICE PELLETS
                        TOTAL MONTH:   0.0 INCH    5 = HAIL
                        GRTST 24HR     0.0         6 = FREEZING RAIN OR DRIZZLE
                        GRTST DEPTH:   0           7 = DUSTSTORM OR SANDSTORM:
                                                       VSBY 1/2 MILE OR LESS
                                                   8 = SMOKE OR HAZE
[NO. OF DAYS WITH]      [WEATHER - DAYS WITH]      9 = BLOWING SNOW
                                                   X = TORNADO
MAX 32 OR BELOW:   0    0.01 INCH OR MORE:  11
MAX 90 OR ABOVE:   0    0.10 INCH OR MORE:   4
MIN 32 OR BELOW:   0    0.50 INCH OR MORE:   1
MIN  0 OR BELOW:   0    1.00 INCH OR MORE:   1

[HDD (BASE 65) ]
TOTAL THIS MO.   299    CLEAR  (SCALE 0-3)   8
DPTR FM NORMAL   139    PTCLDY (SCALE 4-7)   6
TOTAL FM JUL 1   522    CLOUDY (SCALE 8-10) 10
DPTR FM NORMAL   114

[CDD (BASE 65) ]
TOTAL THIS MO.     9
DPTR FM NORMAL   -35    [PRESSURE DATA]
TOTAL FM JAN 1     9    HIGHEST SLP M ON M
DPTR FM NORMAL   -35    LOWEST  SLP 29.81 ON 22

[REMARKS]
