000
CXUS54 KLZK 281430
CF6HRO
PRELIMINARY LOCAL CLIMATOLOGICAL DATA (WS FORM: F-6)

                                          STATION:   Harrison
                                          MONTH:     FEBRUARY
                                          YEAR:      2015
                                          LATITUDE:   36 15 N
                                          LONGITUDE:  93  9 W

  TEMPERATURE IN F:       :PCPN:    SNOW:  WIND      :SUNSHINE: SKY     :PK WND
================================================================================
1   2   3   4   5  6A  6B    7    8   9   10  11  12  13   14  15   16   17  18
                                     12Z  AVG MX 2MIN
DY MAX MIN AVG DEP HDD CDD  WTR  SNW DPTH SPD SPD DIR MIN PSBL S-S WX    SPD DR
================================================================================

 1  49  20  35  -3  30   0 0.20  0.0    0 14.0 24 310   M    M  10 1      35 300
 2  33  16  25 -13  40   0    T    T    0  7.6 23 310   M    M   5 1      32 310
 3  56  18  37  -1  28   0 0.00  0.0    0  6.2 17 240   M    M   0        22 230
 4  53  24  39   1  26   0 0.02  0.2    0  6.9 18 340   M    M   6 16     25 330
 5  34  12  23 -15  42   0    T    T    0  5.8 13 350   M    M   1 1      18 360
 6  59  25  42   3  23   0 0.00  0.0    0  7.5 16 170   M    M   1        21 230
 7  75  36  56  17   9   0 0.00  0.0    0  9.9 21 170   M    M   0        33 260
 8  72  46  59  20   6   0 0.00  0.0    0  7.6 16 300   M    M   0        23 260
 9  53  32  43   4  22   0 0.00  0.0    0  8.3 17 340   M    M   4 18     23 320
10  53  29  41   2  24   0 0.00  0.0    0  8.5 16 140   M    M   3        20 150
11  56  28  42   2  23   0 0.00  0.0    0  8.6 17 310   M    M   0        23 320
12  36  23  30 -10  35   0 0.00  0.0    0  8.0 20 330   M    M   0        25 310
13  53  24  39  -1  26   0 0.00  0.0    0  8.2 16 160   M    M   3        19 160
14  66  27  47   7  18   0 0.00  0.0    0  9.5 22 310   M    M   0        34 300
15  33  18  26 -14  39   0 0.24    T    0 12.5 20 130   M    M   5 16     26 110
16  25  15  20 -21  45   0 0.53  5.0    5  7.9 14 310   M    M   8 16     19 340
17  38  13  26 -15  39   0 0.01  0.5    5  8.1 23 300   M    M   4 1      34 310
18  26  12  19 -22  46   0 0.00  0.0    3 12.3 22 300   M    M   0        30 310
19  25   7  16 -25  49   0 0.00  0.0    2  6.8 14 130   M    M   6        18 140
20  32  21  27 -15  38   0 0.04    T    2 12.6 20 130   M    M  10 1236   25 130
21  39  30  35  -7  30   0 0.46  0.0    1  5.6 15  10   M    M  10 1236   20 330
22  33  21  27 -15  38   0 0.00  0.0    0  7.8 16  10   M    M  10 1      22 340
23  25  16  21 -21  44   0 0.00  0.0    0  6.7 16  20   M    M  10        22  10
24  41  21  31 -12  34   0 0.00  0.0    0  5.9 15 250   M    M   5        20 260
25  45  22  34  -9  31   0 0.00  0.0    0  2.3 12 160   M    M   0        14 150
26  35  15  25 -18  40   0    T    T    0 12.0 22 310   M    M   5 8      30 320
27  20   8  14 -30  51   0 0.02  0.8    0  5.9 12  50   M    M   5 1      15  40
================================================================================
SM 1165  579       876   0  1.52     6.5 223.0          M      111
================================================================================
AV 43.1 21.4                               8.3 FASTST   M    M   4    MAX(MPH)
                                 MISC ---->  # 24 310               # 35  300
================================================================================
NOTES:
# LAST OF SEVERAL OCCURRENCES

COLUMN 17 PEAK WIND IN M.P.H.

PRELIMINARY LOCAL CLIMATOLOGICAL DATA (WS FORM: F-6) , PAGE 2

                                          STATION:  Harrison
                                          MONTH:    FEBRUARY
                                          YEAR:     2015
                                          LATITUDE:   36 15 N
                                          LONGITUDE:  93  9 W

[TEMPERATURE DATA]      [PRECIPITATION DATA]       SYMBOLS USED IN COLUMN 16

AVERAGE MONTHLY: 32.3   TOTAL FOR MONTH:   1.52    1 = FOG OR MIST
DPTR FM NORMAL:  -8.1   DPTR FM NORMAL:   -1.02    2 = FOG REDUCING VISIBILITY
HIGHEST:    75 ON  7    GRTST 24HR  0.77 ON 15-16      TO 1/4 MILE OR LESS
LOWEST:      7 ON 19                               3 = THUNDER
                        SNOW, ICE PELLETS, HAIL    4 = ICE PELLETS
                        TOTAL MONTH:   6.5 INCHES  5 = HAIL
                        GRTST 24HR   5.0 ON 16-16  6 = FREEZING RAIN OR DRIZZLE
                        GRTST DEPTH:   5 ON 17,16  7 = DUSTSTORM OR SANDSTORM:
                                                       VSBY 1/2 MILE OR LESS
                                                   8 = SMOKE OR HAZE
[NO. OF DAYS WITH]      [WEATHER - DAYS WITH]      9 = BLOWING SNOW
                                                   X = TORNADO
MAX 32 OR BELOW:   6    0.01 INCH OR MORE:   8
MAX 90 OR ABOVE:   0    0.10 INCH OR MORE:   4
MIN 32 OR BELOW:  25    0.50 INCH OR MORE:   1
MIN  0 OR BELOW:   0    1.00 INCH OR MORE:   0

[HDD (BASE 65) ]
TOTAL THIS MO.   876    CLEAR  (SCALE 0-3)  11
DPTR FM NORMAL   211    PTCLDY (SCALE 4-7)  11
TOTAL FM JUL 1  3352    CLOUDY (SCALE 8-10)  5
DPTR FM NORMAL   201

[CDD (BASE 65) ]
TOTAL THIS MO.     0
DPTR FM NORMAL     0    [PRESSURE DATA]
TOTAL FM JAN 1     0    HIGHEST SLP M ON M
DPTR FM NORMAL     0    LOWEST  SLP 29.74 ON 21

[REMARKS]
ALL SNOWFALL DATA IS FROM THE HARRISON COOPERATIVE OBSERVER SITE
