000
CXUS54 KLZK 191430
CF6HRO
PRELIMINARY LOCAL CLIMATOLOGICAL DATA (WS FORM: F-6)

                                          STATION:   Harrison
                                          MONTH:     DECEMBER
                                          YEAR:      2014
                                          LATITUDE:   36 15 N
                                          LONGITUDE:  93  9 W

  TEMPERATURE IN F:       :PCPN:    SNOW:  WIND      :SUNSHINE: SKY     :PK WND
================================================================================
1   2   3   4   5  6A  6B    7    8   9   10  11  12  13   14  15   16   17  18
                                     12Z  AVG MX 2MIN
DY MAX MIN AVG DEP HDD CDD  WTR  SNW DPTH SPD SPD DIR MIN PSBL S-S WX    SPD DR
================================================================================

 1  39  25  32 -10  33   0 0.02    T    0  7.2 14  50   M    M  10 16     19  40
 2  37  25  31 -11  34   0 0.00  0.0    0  3.0 10 170   M    M   8 1      16  40
 3  41  37  39  -2  26   0 0.01  0.0    0  4.8 13 120   M    M  10 1      16 140
 4  47  38  43   2  22   0 0.10  0.0    0  6.6 14 130   M    M  10 12     16 140
 5  62  46  54  14  11   0 0.65  0.0    0  7.1 18 320   M    M  10 12     26 310
 6  48  39  44   4  21   0 0.00  0.0    0  6.8 15 310   M    M  10 1      21 320
 7  46  36  41   1  24   0 0.00  0.0    0  6.1 12 130   M    M   6 1      14 120
 8  56  36  46   6  19   0 0.00  0.0    0  7.1 15 290   M    M   5 1      21 310
 9  45  27  36  -3  29   0 0.00  0.0    0  6.7 13  20   M    M   1        19 350
10  42  26  34  -5  31   0    T  0.0    0  7.8 14 140   M    M   5 1      16 150
11  46  34  40   1  25   0 0.02  0.0    0  6.0 12 130   M    M  10 1      13 140
12  51  39  45   7  20   0 0.00  0.0    0  7.2 16 160   M    M  10 12     19 160
13  63  44  54  16  11   0 0.00  0.0    0  9.3 16 180   M    M   8 12     20 180
14  66  46  56  18   9   0 0.30  0.0    0  9.5 28 160   M    M   6 128    37 160
15  61  39  50  12  15   0 0.34  0.0    0 12.6 21 300   M    M   6 1      33 310
16  39  28  34  -4  31   0 0.00  0.0    0 11.1 22 310   M    M   9        34 300
17  36  24  30  -7  35   0 0.52    T    0  3.8 15 140   M    M   5 14     18 140
18  40  32  36  -1  29   0    T  0.0    0  5.7 13 130   M    M  10 1      17 130
================================================================================
SM  865  621       425   0  1.96    T    128.4          M      139
================================================================================
AV 48.1 34.5                               7.1 FASTST   M    M   8    MAX(MPH)
                                 MISC ---->  # 28 160               # 37  160
================================================================================
NOTES:
# LAST OF SEVERAL OCCURRENCES

COLUMN 17 PEAK WIND IN M.P.H.

PRELIMINARY LOCAL CLIMATOLOGICAL DATA (WS FORM: F-6) , PAGE 2

                                          STATION:  Harrison
                                          MONTH:    DECEMBER
                                          YEAR:     2014
                                          LATITUDE:   36 15 N
                                          LONGITUDE:  93  9 W

[TEMPERATURE DATA]      [PRECIPITATION DATA]       SYMBOLS USED IN COLUMN 16

AVERAGE MONTHLY: 41.3   TOTAL FOR MONTH:   1.96    1 = FOG OR MIST
DPTR FM NORMAL:   2.0   DPTR FM NORMAL:    0.00    2 = FOG REDUCING VISIBILITY
HIGHEST:    66 ON 14    GRTST 24HR  0.65 ON  5- 5      TO 1/4 MILE OR LESS
LOWEST:     24 ON 17                               3 = THUNDER
                        SNOW, ICE PELLETS, HAIL    4 = ICE PELLETS
                        TOTAL MONTH:    T          5 = HAIL
                        GRTST 24HR    T  ON 17-17  6 = FREEZING RAIN OR DRIZZLE
                        GRTST DEPTH:   0           7 = DUSTSTORM OR SANDSTORM:
                                                       VSBY 1/2 MILE OR LESS
                                                   8 = SMOKE OR HAZE
[NO. OF DAYS WITH]      [WEATHER - DAYS WITH]      9 = BLOWING SNOW
                                                   X = TORNADO
MAX 32 OR BELOW:   0    0.01 INCH OR MORE:   8
MAX 90 OR ABOVE:   0    0.10 INCH OR MORE:   5
MIN 32 OR BELOW:   7    0.50 INCH OR MORE:   2
MIN  0 OR BELOW:   0    1.00 INCH OR MORE:   0

[HDD (BASE 65) ]
TOTAL THIS MO.   425    CLEAR  (SCALE 0-3)   1
DPTR FM NORMAL   -37    PTCLDY (SCALE 4-7)   6
TOTAL FM JUL 1  1279    CLOUDY (SCALE 8-10) 11
DPTR FM NORMAL    53

[CDD (BASE 65) ]
TOTAL THIS MO.     0
DPTR FM NORMAL     0    [PRESSURE DATA]
TOTAL FM JAN 1  1354    HIGHEST SLP M ON M
DPTR FM NORMAL   -62    LOWEST  SLP 29.67 ON 15

[REMARKS]
ALL SNOWFALL DATA IS FROM THE HARRISON COOPERATIVE OBSERVER SITE
