000
CXUS56 KTFX 301205
CF6HVR
PRELIMINARY LOCAL CLIMATOLOGICAL DATA (WS FORM: F-6)

                                          STATION:   HAVRE MT
                                          MONTH:     AUGUST
                                          YEAR:      2016
                                          LATITUDE:   48 32 N
                                          LONGITUDE: 109 46 W

  TEMPERATURE IN F:       :PCPN:    SNOW:  WIND      :SUNSHINE: SKY     :PK WND
================================================================================
1   2   3   4   5  6A  6B    7    8   9   10  11  12  13   14  15   16   17  18
                                     12Z  AVG MX 2MIN
DY MAX MIN AVG DEP HDD CDD  WTR  SNW DPTH SPD SPD DIR MIN PSBL S-S WX    SPD DR
================================================================================

 1  84  51  68  -3   0   3 0.00  0.0    0  8.6 21 320   M    M   1        25 240
 2  93  53  73   2   0   8 0.00  0.0    0 12.2 22 110   M    M   0        27 100
 3  76  58  67  -4   0   2    T  0.0    0 19.7 39 290   M    M   4        51 290
 4  82  49  66  -5   0   1 0.00  0.0    0  7.2 16 230   M    M   1        19 230
 5  89  53  71   0   0   6 0.00  0.0    0 12.2 24  80   M    M   0        28  80
 6  77  61  69  -2   0   4 0.02  0.0    0 13.4 25  80   M    M   4        32  90
 7  88  56  72   1   0   7 0.00  0.0    0  6.8 32 220   M    M   1 3      38 220
 8  87  55  71   1   0   6    T  0.0    0 12.2 26 280   M    M   0        32 290
 9  83  59  71   1   0   6 0.65  0.0    0 12.5 49 220   M    M   4 13     57 220
10  72  54  63  -7   2   0 0.14  0.0    0 14.3 25 270   M    M   6 13     31 260
11  81  54  68  -2   0   3    T  0.0    0 11.3 18 230   M    M   6 3      23 210
12  80  58  69  -1   0   4 0.03  0.0    0  6.0 17 340   M    M   5        23 340
13  84  50  67  -2   0   2 0.00  0.0    0  6.3 16 160   M    M   0        19 160
14  89  53  71   2   0   6 0.04  0.0    0  7.6 28 310   M    M   1 3      35 310
15  89  55  72   3   0   7 0.00  0.0    0  4.3 13 340   M    M   0        16 350
16  93  55  74   6   0   9 0.00  0.0    0  6.1 17  70   M    M   2        21  70
17  90  53  72   4   0   7 0.00  0.0    0  9.8 25  40   M    M   1        31  40
18  72  51  62  -6   3   0 0.11  0.0    0  8.0 23 360   M    M   9 3      30 340
19  70  47  59  -9   6   0 0.00  0.0    0  7.3 13 250   M    M   2        17 250
20  84  44  64  -3   1   0 0.00  0.0    0  4.8 18 230   M    M   0        22 240
21  93  47  70   3   0   5 0.00  0.0    0  9.4 22 220   M    M   0        27 280
22  86  51  69   3   0   4 0.00  0.0    0 16.1 29 310   M    M   3 8      36 320
23  69  47  58  -8   7   0 0.01  0.0    0 18.6 37 300   M    M   6        45 280
24  65  44  55 -11  10   0 0.02  0.0    0 10.6 23 340   M    M   8        28 340
25  73  39  56  -9   9   0    T  0.0    0  6.4 15 360   M    M   3        21 250
26  73  49  61  -4   4   0 0.00  0.0    0  6.2 12  90   M    M   5        15 210
27  87  45  66   2   0   1 0.00  0.0    0  9.2 26 220   M    M   3        32 220
28  77  53  65   1   0   0 0.00  0.0    0  8.5 17 320   M    M   3        22 330
29  86  51  69   5   0   4 0.00  0.0    0  9.0 20  80   M    M   1        22  80
================================================================================
SM 2372 1495        42  95  1.02     0.0 284.6          M       79
================================================================================
AV 81.8 51.6                               9.8 FASTST   M    M   3    MAX(MPH)
                                 MISC ---->  # 49 220               # 57  220
================================================================================
NOTES:
# LAST OF SEVERAL OCCURRENCES

COLUMN 17 PEAK WIND IN M.P.H.

PRELIMINARY LOCAL CLIMATOLOGICAL DATA (WS FORM: F-6) , PAGE 2

                                          STATION:  HAVRE MT
                                          MONTH:    AUGUST
                                          YEAR:     2016
                                          LATITUDE:   48 32 N
                                          LONGITUDE: 109 46 W

[TEMPERATURE DATA]      [PRECIPITATION DATA]       SYMBOLS USED IN COLUMN 16

AVERAGE MONTHLY: 66.7   TOTAL FOR MONTH:   1.02    1 = FOG OR MIST
DPTR FM NORMAL:  -1.6   DPTR FM NORMAL:   -0.02    2 = FOG REDUCING VISIBILITY
HIGHEST:    93 ON 21,16 GRTST 24HR  0.76 ON  9-10      TO 1/4 MILE OR LESS
LOWEST:     39 ON 25                               3 = THUNDER
                        SNOW, ICE PELLETS, HAIL    4 = ICE PELLETS
                        TOTAL MONTH:   0.0 INCH    5 = HAIL
                        GRTST 24HR     0.0         6 = FREEZING RAIN OR DRIZZLE
                        GRTST DEPTH:   0           7 = DUSTSTORM OR SANDSTORM:
                                                       VSBY 1/2 MILE OR LESS
                                                   8 = SMOKE OR HAZE
[NO. OF DAYS WITH]      [WEATHER - DAYS WITH]      9 = BLOWING SNOW
                                                   X = TORNADO
MAX 32 OR BELOW:   0    0.01 INCH OR MORE:   8
MAX 90 OR ABOVE:   4    0.10 INCH OR MORE:   3
MIN 32 OR BELOW:   0    0.50 INCH OR MORE:   1
MIN  0 OR BELOW:   0    1.00 INCH OR MORE:   0

[HDD (BASE 65) ]
TOTAL THIS MO.    42    CLEAR  (SCALE 0-3)  18
DPTR FM NORMAL    -4    PTCLDY (SCALE 4-7)  10
TOTAL FM JUL 1    61    CLOUDY (SCALE 8-10)  1
DPTR FM NORMAL   -15

[CDD (BASE 65) ]
TOTAL THIS MO.    95
DPTR FM NORMAL   -48    [PRESSURE DATA]
TOTAL FM JAN 1   301    HIGHEST SLP M ON M
DPTR FM NORMAL   -63    LOWEST  SLP 29.61 ON  9

[REMARKS]
