000
CXUS53 KICT 310800
CF6ICT
PRELIMINARY LOCAL CLIMATOLOGICAL DATA (WS FORM: F-6)

                                          STATION:   WICHITA MID CONTINENT KS
                                          MONTH:     AUGUST
                                          YEAR:      2014
                                          LATITUDE:   37 39 N
                                          LONGITUDE:  97 25 W

  TEMPERATURE IN F:       :PCPN:    SNOW:  WIND      :SUNSHINE: SKY     :PK WND
================================================================================
1   2   3   4   5  6A  6B    7    8   9   10  11  12  13   14  15   16   17  18
                                     12Z  AVG MX 2MIN
DY MAX MIN AVG DEP HDD CDD  WTR  SNW DPTH SPD SPD DIR MIN PSBL S-S WX    SPD DR
================================================================================

 1  93  61  77  -4   0  12 0.00  0.0    0  7.4 14 190   M    M   4 18     19 220
 2  90  65  78  -3   0  13 0.00  0.0    0  7.1 15 150   M    M   3 1      20 170
 3  92  65  79  -2   0  14 0.00  0.0    0  8.1 17 180   M    M   2 18     23 170
 4  94  66  80  -1   0  15 0.00  0.0    0  9.2 17 220   M    M   4 18     23 210
 5  95  67  81   0   0  16 0.00  0.0    0 11.1 21 160   M    M   6 18     28 150
 6  97  68  83   2   0  18 0.09  0.0    0 13.9 30 350   M    M   6 138    35 350
 7  90  69  80  -1   0  15 0.80  0.0    0  7.7 23 190   M    M   5 13     28 190
 8  90  70  80  -1   0  15 0.34  0.0    0  6.3 31 300   M    M   7 13     37 300
 9  91  71  81   0   0  16 0.00  0.0    0  8.0 16 150   M    M   5 3      19 150
10  86  68  77  -4   0  12 0.53  0.0    0  7.9 32 320   M    M   6 13     40 320
11  86  67  77  -4   0  12 0.00  0.0    0 10.7 22 340   M    M   4        29 350
12  85  59  72  -9   0   7 0.00  0.0    0  5.8 14  20   M    M   2        18  10
13  86  63  75  -6   0  10 0.00  0.0    0  8.1 13 150   M    M   2        17 170
14  91  66  79  -2   0  14 0.00  0.0    0 12.7 21 160   M    M   6        25 160
15  94  71  83   3   0  18 0.04  0.0    0 12.1 25 200   M    M   8 8      29 200
16  96  70  83   3   0  18 0.00  0.0    0  7.5 15 340   M    M   4        21 340
17  95  70  83   3   0  18    T  0.0    0  6.7 32  10   M    M   2 38     42 360
18  93  67  80   0   0  15 0.31  0.0    0  7.8 22  20   M    M   7 13     28  20
19  96  74  85   5   0  20 0.00  0.0    0 10.8 21 320   M    M   5        25 250
20  96  72  84   4   0  19 0.00  0.0    0 16.2 28 170   M    M   3        35 170
21  99  75  87   7   0  22 0.00  0.0    0 18.1 28 180   M    M   2        35 190
22 102  76  89   9   0  24 0.00  0.0    0 14.1 24 190   M    M   4        30 190
23 102  71  87   8   0  22 0.00  0.0    0 14.7 29 200   M    M   3        37 210
24 103  75  89  10   0  24 0.00  0.0    0 15.3 25 170   M    M   4        30 170
25 101  72  87   8   0  22 0.00  0.0    0 10.5 21 150   0    0   0        27 150
26  97  72  85   6   0  20 0.01  0.0    0  8.3 26 330   M    M   6 3      33 320
27  92  70  81   3   0  16 0.00  0.0    0  7.1 18 130   M    M   7        23 140
28  81  68  75  -3   0  10 0.12  0.0    0  9.6 21 220   M    M   8 138    27 220
29  87  68  78   0   0  13 0.14  0.0    0  7.4 21 220   M    M   7 3      26 200
30  94  64  79   1   0  14 0.00  0.0    0  5.0 14 160   M    M   2 18     16 150
================================================================================
SM 2794 2060         0 484  2.38     0.0 295.2            0    134
================================================================================
AV 93.1 68.7                               9.8 FASTST    0   0   4    MAX(MPH)
                                 MISC ---->  # 32 320               # 42  360
================================================================================
NOTES:
# LAST OF SEVERAL OCCURRENCES

COLUMN 17 PEAK WIND IN M.P.H.

PRELIMINARY LOCAL CLIMATOLOGICAL DATA (WS FORM: F-6) , PAGE 2

                                          STATION:  WICHITA MID CONTINENT KS
                                          MONTH:    AUGUST
                                          YEAR:     2014
                                          LATITUDE:   37 39 N
                                          LONGITUDE:  97 25 W

[TEMPERATURE DATA]      [PRECIPITATION DATA]       SYMBOLS USED IN COLUMN 16

AVERAGE MONTHLY: 80.9   TOTAL FOR MONTH:   2.38    1 = FOG OR MIST
DPTR FM NORMAL:   0.8   DPTR FM NORMAL:   -1.20    2 = FOG REDUCING VISIBILITY
HIGHEST:   103 ON 24    GRTST 24HR  0.89 ON  6- 7      TO 1/4 MILE OR LESS
LOWEST:     59 ON 12                               3 = THUNDER
                        SNOW, ICE PELLETS, HAIL    4 = ICE PELLETS
                        TOTAL MONTH:   0.0 INCH    5 = HAIL
                        GRTST 24HR     0.0         6 = FREEZING RAIN OR DRIZZLE
                        GRTST DEPTH:   0           7 = DUSTSTORM OR SANDSTORM:
                                                       VSBY 1/2 MILE OR LESS
                                                   8 = SMOKE OR HAZE
[NO. OF DAYS WITH]      [WEATHER - DAYS WITH]      9 = BLOWING SNOW
                                                   X = TORNADO
MAX 32 OR BELOW:   0    0.01 INCH OR MORE:   9
MAX 90 OR ABOVE:  24    0.10 INCH OR MORE:   6
MIN 32 OR BELOW:   0    0.50 INCH OR MORE:   2
MIN  0 OR BELOW:   0    1.00 INCH OR MORE:   0

[HDD (BASE 65) ]
TOTAL THIS MO.     0    CLEAR  (SCALE 0-3)  10
DPTR FM NORMAL     0    PTCLDY (SCALE 4-7)  19
TOTAL FM JUL 1     1    CLOUDY (SCALE 8-10)  1
DPTR FM NORMAL     1

[CDD (BASE 65) ]
TOTAL THIS MO.   484
DPTR FM NORMAL    31    [PRESSURE DATA]
TOTAL FM JAN 1  1476    HIGHEST SLP  0.00 ON 25
DPTR FM NORMAL    61    LOWEST  SLP 28.49 ON 30

[REMARKS]
