000
CXUS55 KPIH 231200
CF6IDA

PRELIMINARY LOCAL CLIMATOLOGICAL DATA (WS FORM: F-6)

                                          STATION:   IDAHO FALLS ID
                                          MONTH:     APRIL
                                          YEAR:      2017
                                          LATITUDE:   43 31 N
                                          LONGITUDE: 112  4 W

  TEMPERATURE IN F:       :PCPN:    SNOW:  WIND      :SUNSHINE: SKY     :PK WND
================================================================================
1   2   3   4   5  6A  6B    7    8   9   10  11  12  13   14  15   16   17  18
                                     12Z  AVG MX 2MIN
DY MAX MIN AVG DEP HDD CDD  WTR  SNW DPTH SPD SPD DIR MIN PSBL S-S WX    SPD DR
================================================================================

 1  57  29  43   2  22   0 0.00    M    M 10.3 17 210   M    M   1        22 210
 2  51  33  42   0  23   0    M    M    M 12.7 26 200   M    M   8 1      35 200
 3  44  28  36  -6  29   0    M    M    M  6.3 23 360   M    M   5 1      27 360
 4  47  24  36  -6  29   0 0.00    M    M  6.0 15 230   M    M   2        23 210
 5  56  26  41  -1  24   0 0.00    M    M  5.6 16 190   M    M   5        23 210
 6  68  33  51   9  14   0 0.00    M    M  8.9 26 210   M    M   3        36 200
 7  62  38  50   7  15   0    M    M    M 15.2 38 280   M    M   7 1      48 280
 8  52  34  43   0  22   0    M    M    M 14.3 30 240   M    M   8 1358   41 230
 9  46  30  38  -5  27   0    M    M    M 13.4 24 270   M    M   6 1      34 210
10  50  26  38  -5  27   0 0.00    M    M 10.8 28 210   M    M   4        37 220
11  56  28  42  -2  23   0 0.00    M    M  6.7 21 200   M    M   5        29 170
12  68  32  50   6  15   0 0.00    M    M  7.3 22 210   M    M   4        25 200
13  69  38  54  10  11   0    M    M    M 16.3 36 210   M    M   3        42 220
14  49  33  41  -3  24   0    M    M    M 18.8 31 250   M    M   6 1      41 250
15  50  25  38  -6  27   0 0.00    M    M 11.5 21 210   M    M   1        28 210
16  63  25  44  -1  21   0 0.00    M    M  3.7 12 180   M    M   1        19 170
17  60  44  52   7  13   0    M    M    M 17.1 36 220   M    M   6 7      49 220
18  55  44  50   5  15   0    M    M    M  9.8 22 200   M    M   9 1      26 200
19  57  35  46   0  19   0    T    M    M  9.9 21 210   M    M   6 1      26 210
20  48  31  40  -6  25   0 0.23    M    M  9.2 21 320   M    M   6 1      26 340
21  53  33  43  -3  22   0    T    M    M  8.0 17 280   M    M   8        26 290
22  61  28  45  -1  20   0 0.00    M    M  6.8 20 210   M    M   1        23 220
================================================================================
SM 1222  697       467   0  0.23    M    228.6          M      105
================================================================================
AV 55.6 31.7                              10.4 FASTST   M    M   5    MAX(MPH)
                                 MISC ---->  # 38 280               # 49  220
================================================================================
NOTES:
# LAST OF SEVERAL OCCURRENCES
PRECIPITATION SUSPECT DURING FREEZING/FROZEN EVENTS

COLUMN 17 PEAK WIND IN M.P.H.

PRELIMINARY LOCAL CLIMATOLOGICAL DATA (WS FORM: F-6) , PAGE 2

                                          STATION:  IDAHO FALLS ID
                                          MONTH:    APRIL
                                          YEAR:     2017
                                          LATITUDE:   43 31 N
                                          LONGITUDE: 112  4 W

[TEMPERATURE DATA]      [PRECIPITATION DATA]       SYMBOLS USED IN COLUMN 16

AVERAGE MONTHLY: 43.6   TOTAL FOR MONTH:   0.23    1 = FOG OR MIST
DPTR FM NORMAL:  -0.1   DPTR FM NORMAL:   -0.53    2 = FOG REDUCING VISIBILITY
HIGHEST:    69 ON 13    GRTST 24HR  0.23 ON 20-20      TO 1/4 MILE OR LESS
LOWEST:     24 ON  4                               3 = THUNDER
                        SNOW, ICE PELLETS, HAIL    4 = ICE PELLETS
                        TOTAL MONTH:    M          5 = HAIL
                        GRTST 24HR    M  ON   M    6 = FREEZING RAIN OR DRIZZLE
                        GRTST DEPTH:  M  ON   M    7 = DUSTSTORM OR SANDSTORM:
                                                       VSBY 1/2 MILE OR LESS
                                                   8 = SMOKE OR HAZE
[NO. OF DAYS WITH]      [WEATHER - DAYS WITH]      9 = BLOWING SNOW
                                                   X = TORNADO
MAX 32 OR BELOW:   0    0.01 INCH OR MORE:   1
MAX 90 OR ABOVE:   0    0.10 INCH OR MORE:   1
MIN 32 OR BELOW:  12    0.50 INCH OR MORE:   0
MIN  0 OR BELOW:   0    1.00 INCH OR MORE:   0

[HDD (BASE 65) ]
TOTAL THIS MO.   467    CLEAR  (SCALE 0-3)   6
DPTR FM NORMAL    -3    PTCLDY (SCALE 4-7)  14
TOTAL FM JUL 1  6998    CLOUDY (SCALE 8-10)  2
DPTR FM NORMAL  -176

[CDD (BASE 65) ]
TOTAL THIS MO.     0
DPTR FM NORMAL     0    [PRESSURE DATA]
TOTAL FM JAN 1     0    HIGHEST SLP M ON M
DPTR FM NORMAL     0    LOWEST  SLP 29.59 ON 13

[REMARKS]
