000
CXUS51 KPHI 200800
CF6ILG
PRELIMINARY LOCAL CLIMATOLOGICAL DATA (WS FORM: F-6)

                                          STATION:   WILMINGTON DE
                                          MONTH:     APRIL
                                          YEAR:      2014
                                          LATITUDE:   39 40 N
                                          LONGITUDE:  75 36 W

  TEMPERATURE IN F:       :PCPN:    SNOW:  WIND      :SUNSHINE: SKY     :PK WND
================================================================================
1   2   3   4   5  6A  6B    7    8   9   10  11  12  13   14  15   16   17  18
                                     12Z  AVG MX 2MIN
DY MAX MIN AVG DEP HDD CDD  WTR  SNW DPTH SPD SPD DIR MIN PSBL S-S WX    SPD DR
================================================================================

 1  59  35  47  -1  18   0 0.00  0.0    0  7.8 15 160   M    M   0        18 180
 2  59  41  50   1  15   0    T  0.0    0  4.4 15  20   M    M   3        17  20
 3  65  46  56   7   9   0 0.07  0.0    0  7.1 16  30   M    M  10        19  40
 4  52  46  49   0  16   0 0.06  0.0    0 11.3 21 110   M    M  10 1      27 110
 5  57  39  48  -2  17   0 0.00  0.0    0 14.1 30 300   M    M   4 18     37 310
 6  60  32  46  -4  19   0 0.00  0.0    0  6.1 14 330   M    M   0        17 300
 7  53  38  46  -4  19   0 0.54  0.0    0  8.5 21  90   M    M   7 12     29 100
 8  66  45  56   5   9   0 0.14  0.0    0 12.2 28 280   M    M   3 1      36 290
 9  65  34  50  -1  15   0 0.00  0.0    0 10.0 25 320   M    M   1        30 330
10  64  36  50  -2  15   0 0.00  0.0    0 10.4 22 160   M    M   0        26 150
11  79  49  64  12   1   0    T  0.0    0  8.5 20 330   M    M   2        25 320
12  72  50  61   9   4   0 0.00  0.0    0  8.0 21 170   M    M   2 18     24 170
13  83  52  68  16   0   3 0.00  0.0    0 11.6 24 200   M    M   1 1      32 210
14  78  60  69  16   0   4 0.00  0.0    0 16.6 29 200   M    M   2        37 210
15  71  37  54   1  11   0 0.94  0.0    0 15.6 33 300   M    M   9 1      50 240
16  50  31  41 -13  24   0 0.00  0.0    0 14.5 32 330   M    M   1        46 330
17  54  34  44 -10  21   0 0.00  0.0    0  9.9 17 100   M    M   1        24  80
18  54  39  47  -7  18   0 0.00  0.0    0  6.6 14 180   M    M   4        17 190
19  69  40  55   1  10   0 0.00  0.0    0  5.3 17  10   M    M   0        21  20
================================================================================
SM 1210  784       241   7  1.75     0.0 188.5          M       60
================================================================================
AV 63.7 41.3                               9.9 FASTST   M    M   3    MAX(MPH)
                                 MISC ---->  # 33 300               # 50  240
================================================================================
NOTES:
# LAST OF SEVERAL OCCURRENCES

COLUMN 17 PEAK WIND IN M.P.H.

PRELIMINARY LOCAL CLIMATOLOGICAL DATA (WS FORM: F-6) , PAGE 2

                                          STATION:  WILMINGTON DE
                                          MONTH:    APRIL
                                          YEAR:     2014
                                          LATITUDE:   39 40 N
                                          LONGITUDE:  75 36 W

[TEMPERATURE DATA]      [PRECIPITATION DATA]       SYMBOLS USED IN COLUMN 16

AVERAGE MONTHLY: 52.5   TOTAL FOR MONTH:   1.75    1 = FOG OR MIST
DPTR FM NORMAL:   1.1   DPTR FM NORMAL:   -0.52    2 = FOG REDUCING VISIBILITY
HIGHEST:    83 ON 13    GRTST 24HR  0.94 ON 15-15      TO 1/4 MILE OR LESS
LOWEST:     31 ON 16                               3 = THUNDER
                        SNOW, ICE PELLETS, HAIL    4 = ICE PELLETS
                        TOTAL MONTH:   0.0 INCH    5 = HAIL
                        GRTST 24HR     0.0         6 = FREEZING RAIN OR DRIZZLE
                        GRTST DEPTH:   0           7 = DUSTSTORM OR SANDSTORM:
                                                       VSBY 1/2 MILE OR LESS
                                                   8 = SMOKE OR HAZE
[NO. OF DAYS WITH]      [WEATHER - DAYS WITH]      9 = BLOWING SNOW
                                                   X = TORNADO
MAX 32 OR BELOW:   0    0.01 INCH OR MORE:   5
MAX 90 OR ABOVE:   0    0.10 INCH OR MORE:   3
MIN 32 OR BELOW:   2    0.50 INCH OR MORE:   2
MIN  0 OR BELOW:   0    1.00 INCH OR MORE:   0

[HDD (BASE 65) ]
TOTAL THIS MO.   241    CLEAR  (SCALE 0-3)  12
DPTR FM NORMAL   -21    PTCLDY (SCALE 4-7)   4
TOTAL FM JUL 1  4916    CLOUDY (SCALE 8-10)  3
DPTR FM NORMAL   348

[CDD (BASE 65) ]
TOTAL THIS MO.     7
DPTR FM NORMAL     7    [PRESSURE DATA]
TOTAL FM JAN 1     7    HIGHEST SLP M ON M
DPTR FM NORMAL     6    LOWEST  SLP 29.46 ON  8

[REMARKS]
