000
CXUS52 KILM 231000
CF6ILM
PRELIMINARY LOCAL CLIMATOLOGICAL DATA (WS FORM: F-6)

                                          STATION:   WILMINGTON NORTH CAROLINA
                                          MONTH:     OCTOBER
                                          YEAR:      2017
                                          LATITUDE:   34 16 N
                                          LONGITUDE:  77 55 W

  TEMPERATURE IN F:       :PCPN:    SNOW:  WIND      :SUNSHINE: SKY     :PK WND
================================================================================
1   2   3   4   5  6A  6B    7    8   9   10  11  12  13   14  15   16   17  18
                                     12Z  AVG MX 2MIN
DY MAX MIN AVG DEP HDD CDD  WTR  SNW DPTH SPD SPD DIR MIN PSBL S-S WX    SPD DR
================================================================================

 1  76  54  65  -5   0   0 0.00  0.0    0 10.1 22  30   M    M   2        27  30
 2  79  59  69  -1   0   4 0.00  0.0    0  9.6 16 100   M    M   3 8      24 100
 3  80  58  69   0   0   4 0.00  0.0    0  8.9 16  60   M    M   2        20  70
 4  79  60  70   1   0   5 0.01  0.0    0  6.6 16  20   M    M   4        21  20
 5  82  60  71   2   0   6 0.00  0.0    0  6.0 15  70   M    M   2        21 100
 6  84  62  73   5   0   8 0.00  0.0    0  5.3 14 110   M    M   2 1      19 110
 7  84  71  78  10   0  13 0.04  0.0    0  8.9 20 160   M    M   8 1      29 170
 8  86  76  81  13   0  16 0.00  0.0    0  9.5 22 170   M    M   5        27 170
 9  87  77  82  15   0  17 0.05  0.0    0  8.7 18 190   M    M   5 18     25 210
10  83  75  79  12   0  14 1.44  0.0    0  4.3 16 210   M    M   7 13     23 210
11  86  72  79  12   0  14 0.03  0.0    0  5.6 15 250   M    M   3 1      18 250
12  89  71  80  14   0  15    T  0.0    0  5.2 17  40   M    M   5 1      20  40
13  80  66  73   7   0   8 0.00  0.0    0 10.0 20  20   M    M   5        26  30
14  75  65  70   4   0   5 0.00  0.0    0  4.6 10 310   M    M  10 1      15 360
15  84  68  76  11   0  11 0.00  0.0    0  2.7  9 210   M    M   5 18     13 250
16  86  59  73   8   0   8 0.26  0.0    0 11.2 25 320   M    M   6 13     32  10
17  63  48  56  -9   9   0 0.00  0.0    0 10.0 20  20   M    M   1        27  40
18  75  47  61  -3   4   0 0.00  0.0    0  7.2 15  10   M    M   0        21  40
19  80  56  68   4   0   3 0.00  0.0    0  5.2 12  50   M    M   1        16  30
20  82  52  67   3   0   2 0.00  0.0    0  1.4  9 160   M    M   0 1      14 300
21  78  51  65   1   0   0 0.00  0.0    0  2.5 10  50   M    M   0 1      13  50
22  80  58  69   6   0   4 0.00  0.0    0  5.0 13 130   M    M   2 1      16 100
================================================================================
SM 1778 1365        13 157  1.83     0.0 148.5          M       78
================================================================================
AV 80.8 62.1                               6.7 FASTST   M    M   4    MAX(MPH)
                                 MISC ---->  # 25 320               # 32   10
================================================================================
NOTES:
# LAST OF SEVERAL OCCURRENCES

COLUMN 17 PEAK WIND IN M.P.H.

PRELIMINARY LOCAL CLIMATOLOGICAL DATA (WS FORM: F-6) , PAGE 2

                                          STATION:  WILMINGTON NORTH CAROLINA
                                          MONTH:    OCTOBER
                                          YEAR:     2017
                                          LATITUDE:   34 16 N
                                          LONGITUDE:  77 55 W

[TEMPERATURE DATA]      [PRECIPITATION DATA]       SYMBOLS USED IN COLUMN 16

AVERAGE MONTHLY: 71.4   TOTAL FOR MONTH:   1.83    1 = FOG OR MIST
DPTR FM NORMAL:   4.9   DPTR FM NORMAL:   -1.24    2 = FOG REDUCING VISIBILITY
HIGHEST:    89 ON 12    GRTST 24HR  1.44 ON 10-10      TO 1/4 MILE OR LESS
LOWEST:     47 ON 18                               3 = THUNDER
                        SNOW, ICE PELLETS, HAIL    4 = ICE PELLETS
                        TOTAL MONTH:   0.0 INCH    5 = HAIL
                        GRTST 24HR     0.0         6 = FREEZING RAIN OR DRIZZLE
                        GRTST DEPTH:   0           7 = DUSTSTORM OR SANDSTORM:
                                                       VSBY 1/2 MILE OR LESS
                                                   8 = SMOKE OR HAZE
[NO. OF DAYS WITH]      [WEATHER - DAYS WITH]      9 = BLOWING SNOW
                                                   X = TORNADO
MAX 32 OR BELOW:   0    0.01 INCH OR MORE:   6
MAX 90 OR ABOVE:   0    0.10 INCH OR MORE:   2
MIN 32 OR BELOW:   0    0.50 INCH OR MORE:   1
MIN  0 OR BELOW:   0    1.00 INCH OR MORE:   1

[HDD (BASE 65) ]
TOTAL THIS MO.    13    CLEAR  (SCALE 0-3)  12
DPTR FM NORMAL   -36    PTCLDY (SCALE 4-7)   9
TOTAL FM JUL 1    13    CLOUDY (SCALE 8-10)  1
DPTR FM NORMAL   -41

[CDD (BASE 65) ]
TOTAL THIS MO.   157
DPTR FM NORMAL    76    [PRESSURE DATA]
TOTAL FM JAN 1  2316    HIGHEST SLP M ON M
DPTR FM NORMAL   318    LOWEST  SLP 29.92 ON 16

[REMARKS]
