000
CXUS55 KLBF 011200
CF6IML
PRELIMINARY LOCAL CLIMATOLOGICAL DATA (WS FORM: F-6)

                                          STATION:   IMPERIAL NE
                                          MONTH:     JANUARY
                                          YEAR:      2015
                                          LATITUDE:   40 31 N
                                          LONGITUDE: 101 37 W

  TEMPERATURE IN F:       :PCPN:    SNOW:  WIND      :SUNSHINE: SKY     :PK WND
================================================================================
1   2   3   4   5  6A  6B    7    8   9   10  11  12  13   14  15   16   17  18
                                     12Z  AVG MX 2MIN
DY MAX MIN AVG DEP HDD CDD  WTR  SNW DPTH SPD SPD DIR MIN PSBL S-S WX    SPD DR
================================================================================

 1  25   0  13 -15  52   0 0.00    M    M  8.1 15 320   M    M   3        17 320
 2  30   4  17 -11  48   0 0.00    M    M  5.1 10 300   M    M   2        15 180
 3  32   2  17 -11  48   0 0.01    M    M 18.9 39 360   M    M   5 1289   46 360
 4  13  -7   3 -25  62   0 0.00    M    M  6.8 16 320   M    M   2        20 320
 5  33  -3  15 -13  50   0 0.00    M    M  8.1 17 360   M    M   1        20  10
 6  40  12  26  -2  39   0 0.00    M    M 11.0 37  30   M    M   4        42  30
 7  16   9  13 -15  52   0    T    M    M 13.0 23  10   M    M   5        26 360
 8  45  15  30   2  35   0    T    M    M 16.2 41  10   M    M   4        51  10
 9  24   4  14 -14  51   0 0.00    M    M  8.6 18 330   M    M   1        25 340
10  45  12  29   1  36   0 0.00    M    M  6.0 15 360   M    M   0        18 180
11  41  12  27  -1  38   0 0.00    M    M  9.0 24  10   M    M   4        29  10
12  21  17  19  -9  46   0    T    M    M  9.9 17 170   M    M  10        22 170
13  28  17  23  -5  42   0 0.00    M    M 10.0 20 170   M    M   7        24 170
14  38  14  26  -2  39   0 0.00    M    M  7.9 14 290   M    M   0 18     18 290
15  50  25  38  10  27   0 0.00    M    M 12.0 21 310   M    M   0        26 310
16  59  23  41  13  24   0 0.00    M    M  5.8 21 310   M    M   0        27 300
17  49  29  39  11  26   0 0.00    M    M 16.6 35 320   M    M   0        43 320
18  58  29  44  16  21   0 0.00    M    M  9.5 23 320   M    M   1        30 320
19  53  34  44  16  21   0 0.00    M    M 11.8 22 360   M    M   1        28 330
20  46  28  37   9  28   0 0.00    M    M 11.8 22 320   M    M   4        26 320
21  39  22  31   3  34   0 0.00    M    M  8.4 22 330   M    M   5        26 330
22  43  13  28  -1  37   0 0.00    M    M  6.8 16 250   M    M   0        23 240
23  50  16  33   4  32   0 0.00    M    M 14.4 26 350   M    M   2        33 350
24  52  27  40  11  25   0    T    M    M 15.9 43 310   M    M   3        56 300
25  55  32  44  15  21   0 0.00    M    M 15.7 28 330   M    M   2        36 300
26  68  38  53  24  12   0 0.00    M    M 13.3 26 330   M    M   0        31 330
27  77  28  53  24  12   0 0.00    M    M  5.0 16 270   M    M   0        20 270
28  64  32  48  19  17   0 0.00    M    M 18.3 36 330   M    M   0        48 300
29  46  22  34   5  31   0 0.00    M    M  8.6 25 350   M    M   0        30 360
30  53  25  39  10  26   0 0.00    M    M 11.7 25 200   M    M   2 8      33 200
31  36  20  28  -1  37   0 0.12    M    M  9.7 28  10   M    M  10 12     34 360
================================================================================
SM 1329  551      1069   0  0.13    M    333.9          M       78
================================================================================
AV 42.9 17.8                              10.8 FASTST   M    M   3    MAX(MPH)
                                 MISC ---->  # 43 310               # 56  300
================================================================================
NOTES:
# LAST OF SEVERAL OCCURRENCES

COLUMN 17 PEAK WIND IN M.P.H.

PRELIMINARY LOCAL CLIMATOLOGICAL DATA (WS FORM: F-6) , PAGE 2

                                          STATION:  IMPERIAL NE
                                          MONTH:    JANUARY
                                          YEAR:     2015
                                          LATITUDE:   40 31 N
                                          LONGITUDE: 101 37 W

[TEMPERATURE DATA]      [PRECIPITATION DATA]       SYMBOLS USED IN COLUMN 16

AVERAGE MONTHLY: 30.3   TOTAL FOR MONTH:   0.13    1 = FOG OR MIST
DPTR FM NORMAL:   2.0   DPTR FM NORMAL:   -0.17    2 = FOG REDUCING VISIBILITY
HIGHEST:    77 ON 27    GRTST 24HR  0.12 ON 31-31      TO 1/4 MILE OR LESS
LOWEST:     -7 ON  4                               3 = THUNDER
                        SNOW, ICE PELLETS, HAIL    4 = ICE PELLETS
                        TOTAL MONTH:    M          5 = HAIL
                        GRTST 24HR    M  ON   M    6 = FREEZING RAIN OR DRIZZLE
                        GRTST DEPTH:  M  ON   M    7 = DUSTSTORM OR SANDSTORM:
                                                       VSBY 1/2 MILE OR LESS
                                                   8 = SMOKE OR HAZE
[NO. OF DAYS WITH]      [WEATHER - DAYS WITH]      9 = BLOWING SNOW
                                                   X = TORNADO
MAX 32 OR BELOW:   8    0.01 INCH OR MORE:   2
MAX 90 OR ABOVE:   0    0.10 INCH OR MORE:   1
MIN 32 OR BELOW:  29    0.50 INCH OR MORE:   0
MIN  0 OR BELOW:   3    1.00 INCH OR MORE:   0

[HDD (BASE 65) ]
TOTAL THIS MO.  1069    CLEAR  (SCALE 0-3)  21
DPTR FM NORMAL   -69    PTCLDY (SCALE 4-7)   8
TOTAL FM JUL 1  3524    CLOUDY (SCALE 8-10)  2
DPTR FM NORMAL  -129

[CDD (BASE 65) ]
TOTAL THIS MO.     0
DPTR FM NORMAL     0    [PRESSURE DATA]
TOTAL FM JAN 1     0    HIGHEST SLP 31.16 ON  7
DPTR FM NORMAL     0    LOWEST  SLP 29.81 ON 17

[REMARKS]
#FINAL-01-15#
